000
CXUS53 KTOP 011421
CLMCNK


CLIMATE REPORT
NATIONAL WEATHER SERVICE TOPEKA KS
916 AM CDT THU JUN 1 2017

...................................

...THE CONCORDIA KS CLIMATE SUMMARY FOR THE MONTH OF MAY 2017...

CLIMATE NORMAL PERIOD 1981 TO 2010
CLIMATE RECORD PERIOD 1885 TO 2017

WEATHER         OBSERVED          NORMAL  DEPART  LAST YEAR`S
                 VALUE   DATE(S)  VALUE   FROM    VALUE
                                          NORMAL
.............................................................
TEMPERATURE (F)
RECORD
 HIGH             102   05/30/1998
                        05/29/1913
 LOW               24   05/01/1909
HIGHEST            86   05/14        80       6       85
LOWEST             34   05/01        47     -13       39
AVG. MAXIMUM     73.7              74.2    -0.5     73.0
AVG. MINIMUM     50.4              52.0    -1.6     50.9
MEAN             62.0              63.1    -1.1     62.0
DAYS MAX >= 90      0               1.2    -1.2        0
DAYS MAX <= 32      0               0.0     0.0        0
DAYS MIN <= 32      0               0.1    -0.1        0
DAYS MIN <= 0       0               0.0     0.0        0

PRECIPITATION (INCHES)
RECORD
 MAXIMUM        13.15   1903
 MINIMUM         0.26   1966
TOTALS           8.00              4.16    3.84     8.26
DAILY AVG.       0.26              0.13    0.13     0.27
DAYS >= .01        15              12.0     3.0       17
DAYS >= .10        11               6.9     4.1        9
DAYS >= .50         5               2.8     2.2        5
DAYS >= 1.00        3               1.2     1.8        4
GREATEST
 24 HR. TOTAL    2.02   05/16 TO 05/16              2.09

SNOWFALL (INCHES)
RECORDS
 TOTAL            0.3   1961
TOTALS              T                 T     0.0      0.0
SINCE 7/1         4.3              20.2   -15.9     13.6
SNOWDEPTH AVG.      0                                  0
DAYS >= 1.0         0               0.0     0.0        0
GREATEST
 SNOW DEPTH         0   MM                             0
 24 HR TOTAL        T   05/01 TO 05/01               0.0

DEGREE_DAYS
HEATING TOTAL     146               131      15      139
 SINCE 7/1       4564              5395    -831     4364
COOLING TOTAL      59                72     -13       49
 SINCE 1/1         78                89     -11       60
..............................................................

WIND (MPH)
AVERAGE WIND SPEED              10.3
HIGHEST WIND SPEED/DIRECTION    39/020    DATE  05/11
HIGHEST GUST SPEED/DIRECTION    49/030    DATE  05/11

SKY COVER
POSSIBLE SUNSHINE (PERCENT)   MM
AVERAGE SKY COVER           0.30
NUMBER OF DAYS FAIR           19
NUMBER OF DAYS PC              9
NUMBER OF DAYS CLOUDY          3

AVERAGE RH (PERCENT)     71

WEATHER CONDITIONS. NUMBER OF DAYS WITH
THUNDERSTORM              9     MIXED PRECIP               0
HEAVY RAIN                7     RAIN                       8
LIGHT RAIN               15     FREEZING RAIN              0
LT FREEZING RAIN          0     HEAVY SNOW                 0
SNOW                      0     LIGHT SNOW                 1
FOG                      13     FOG W/VIS <= 1/4 MILE      0
HAZE                      0

-  INDICATES NEGATIVE NUMBERS.
R  INDICATES RECORD WAS SET OR TIED.
MM INDICATES DATA IS MISSING.
T  INDICATES TRACE AMOUNT.

$$
