000
CXUS51 KGYX 031613
CLMCON

PWMCLMCON 000
TTAA00 KGYX 012003


CLIMATE REPORT
NATIONAL WEATHER SERVICE GRAY ME
1113 AM EST TUE MAR 3 2015

...................................

...THE CONCORD NH CLIMATE SUMMARY FOR THE MONTH OF FEBRUARY 2015...

CLIMATE NORMAL PERIOD 1981 TO 2010
CLIMATE RECORD PERIOD 1868 TO 2015

WEATHER         OBSERVED          NORMAL  DEPART  LAST YEAR`S
                 VALUE   DATE(S)  VALUE   FROM    VALUE  DATE(S)
                                          NORMAL
................................................................
TEMPERATURE (F)
RECORD
 HIGH              68   02/27/1880
                        02/12/1872
 LOW              -37   02/16/1943
HIGHEST            38   02/22        54     -16       48  02/22
LOWEST            -21   02/24        -8     -13      -13  02/12
AVG. MAXIMUM     24.2              34.9   -10.7     31.0
AVG. MINIMUM     -0.0              13.8   -13.8      7.8
MEAN             12.1              24.3   -12.2     19.4
DAYS MAX >= 90      0               0.0     0.0        0
DAYS MAX <= 32     25              10.2    14.8       17
DAYS MIN <= 32     28              26.7     1.3       28
DAYS MIN <= 0      14               3.6    10.4       10

PRECIPITATION (INCHES)
RECORD
 MAXIMUM         8.96   2008
 MINIMUM         0.03   1987
TOTALS           2.79              2.62    0.17     4.11
DAILY AVG.       0.10              0.09    0.01     0.15
DAYS >= .01        13               9.5     3.5       12
DAYS >= .10         7               5.5     1.5        7
DAYS >= .50         1               1.8    -0.8        5
DAYS >= 1.00        0               0.5    -0.5        0
GREATEST
 24 HR. TOTAL    0.71   02/02

SNOWFALL (INCHES)
RECORDS
 TOTAL           59.0   1893
TOTALS           42.5              12.3    30.2     35.3
SINCE 7/1        84.2              47.5    36.7     69.8
SNOWDEPTH AVG.     22
DAYS >= TRACE      17               6.5    10.5       16
DAYS >= 1.0         9               3.1     5.9        7
GREATEST
 SNOW DEPTH        29   02/16
                        02/15
 24 HR TOTAL     10.8   02/14 TO 02/15

DEGREE_DAYS
HEATING TOTAL    1473              1138     335     1272
 SINCE 7/1       5454              5260     194     5469
COOLING TOTAL       0                 0       0        0
 SINCE 1/1          0                 0       0        0
.................................................................

WIND (MPH)
AVERAGE WIND SPEED              6.9
HIGHEST WIND SPEED/DIRECTION    32/310    DATE  02/16
HIGHEST GUST SPEED/DIRECTION    47/320    DATE  02/15

SKY COVER
AVERAGE SKY COVER           0.50

AVERAGE RH (PERCENT)     62

WEATHER CONDITIONS. NUMBER OF DAYS WITH
THUNDERSTORM              0     HEAVY RAIN                 0
RAIN                      0     LIGHT RAIN                 0
FREEZING RAIN             0     LT FREEZING RAIN           0
HEAVY SNOW                3     SNOW                       8
LIGHT SNOW               16     FOG                       15
FOG W/VIS <= 1/4 MILE     2     HAZE                      16

-  INDICATES NEGATIVE NUMBERS.
R  INDICATES RECORD WAS SET OR TIED.
MM INDICATES DATA IS MISSING.
T  INDICATES TRACE AMOUNT.

&&

THE COLD AND SNOWY WEATHER THAT BEGAN AT THE END OF JANUARY
CONTINUED RIGHT THROUGH FEBRUARY. IN FACT... FROM JANUARY 24 THROUGH
FEBRUARY 25 CONCORD NEVER WENT MORE THAN 2 DAYS WITHOUT SNOWFALL.
THE CONSISTENT COLD AND SNOWY WEATHER WAS EXCEPTIONAL. CONCORD
FINISHED AS THE SECOND COLDEST FEBRUARY ON RECORD. THE ONLY ABOVE
NORMAL DAY IN THE MONTH WAS FEBRUARY 22 WHEN THE TEMPERATURE SOARED
TO 38 DEGREES, THE HIGHEST OF THE MONTH AND ONE OF ONLY 3 DAYS THIS
MONTH TO RISE ABOVE FREEZING.

THE AVERAGE TEMPERATURE WAS 12.1 DEGREES. THIS WAS 12.2 DEGREES
BELOW NORMAL AND RANKED AS THE SECOND COLDEST ON RECORD, MISSING OUT
ON THE TOP SPOT AS COLDEST FEBRUARY BY ONLY 0.1 DEGREES. THE COLDEST
FEBRUARY ON RECORD WAS 1934 WITH AN AVERAGE TEMPERATURE OF 34.0
DEGREES. THE WARMEST WAS 1877 WITH AN AVERAGE OF 32.3 DEGREES. THE
FOLLOWING TABLE LISTS THE TOP COLDEST FEBRUARY AVERAGE TEMPERATURES
ON RECORD AT CONCORD.

COLDEST FEBRUARY AVERAGE TEMPERATURE (SINCE 1868)
RANK  TEMP  YEAR
1     12.0  1934
2     12.1  2015 <===
3     13.5  1978
4     14.6  1875
5     15.1  1979
6     15.2  1904
7     15.4  1907
8     15.6  1914
9     15.7  1993
10    15.9  1885

THERE WERE 25 DAYS IN FEBRUARY THAT DID NOT RISE ABOVE THE FREEZING
MARK. THIS SET A NEW RECORD FOR THE MOST SUCH DAYS IN THE MONTH OF
FEBRUARY. THE FOLLOWING TABLE LISTS THE FEBRUARYS WITH THE MOST DAYS
THAT DID NOT RISE ABOVE FREEZING.

DAYS WITH MAX 32 OR COLDER (SINCE 1868)
RANK  DAYS  YEAR
1     25    2015 <===
2     24    1901
3     22    1978
      22    1924
5     21    1994
      21    1936
      21    1923


THE WARMEST TEMPERATURE OF THE MONTH WAS ONLY 38 DEGREES ON FEBRUARY
22. THIS WAS THE SECOND COLDEST MONTHLY MAXIMUM TEMPERATURE ON
RECORD. THE FOLLOWING TABLE LISTS THE COLDEST MONTHLY MAXIMUM
TEMPERATURES.

FEBRUARY MAXIMUM TEMPERATURE (SINCE 1868)
RANK  TEMP  YEAR
1     37    1978
2     38    2015 <===
3     39    1986
      39    1923
5     41    1926
      41    1905
      41    1901

NOT ONLY WERE DAILY HIGH TEMPERATURES VERY COLD THIS MONTH, BUT
DAILY LOW TEMPERATURES WERE COLD AS WELL. THERE WERE 23 NIGHTS WHICH
FELL INTO THE SINGLE DIGITS, SECOND MOST ON RECORD. THERE WERE ALSO
13 DAYS THAT FELL TO ZERO DEGREES OR COLDER, 6TH MOST ON RECORD. THE
FOLLOWING TABLE LISTS THE FEBRUARYS WITH THE MOST DAYS WITH A LOW
TEMPERATURE IN THE SINGLE DIGITS AND A LOW TEMPERATURE OF ZERO
DEGREES OR COLDER.

FEBRUARY MINIMUM TEMPERATURES (SINCE 1868)
      DAYS < 10        DAYS <= 0
RANK  DAYS  YEAR       DAYS  YEAR
1     24    1934       15    1978
2     23    2015 <===  15    1875
3     22    1978       14    1948
4     21    1936       14    1934
5     21    1904       14    1904
6     20    1980       13    2015 <===
7     20    1948       13    1959

A TOTAL OF 2.79 INCHES OF PRECIPITATION FELL IN FEBRUARY WHICH WAS
0.17 ABOVE NORMAL. THE MOST PRECIPITATION FELL ON FEBRUARY 8 AND 9
WHEN 0.92 INCHES WAS RECORDED DURING A SNOWSTORM. THE WETTEST
FEBRUARY ON RECORD WAS 2008 WHEN 8.96 INCHES OF PRECIPITATION WAS
RECORDED. THE DRIEST WAS 1987 WITH ONLY 0.03 INCHES.

SNOWFALL FOR THE MONTH TOTALED 42.5 INCHES WHICH WAS 30.2 INCHES
ABOVE NORMAL AND THE 4TH SNOWIEST ON RECORD. THIS ALSO MARKED THE
THIRD STRAIGHT YEAR THAT FEBRUARY WAS 20 OR MORE INCHES ABOVE
NORMAL. THERE WERE 9 DAYS IN FEBRUARY THAT RECORDED AT LEAST 1 INCH
OF SNOWFALL. THIS WAS THE MOST SINCE 1920 WHEN 10 DAYS HAD 1 INCH OR
MORE. THE SNOWIEST FEBRUARY ON RECORD WAS 1893 WHEN 59.0 INCHES
FELL. THE LEAST SNOWY WAS 1877 WHEN ONLY TRACES OF SNOW WERE
OBSERVED. THE FOLLOWING TABLE LISTS THE SNOWIEST FEBRUARYS ON RECORD
AT CONCORD.

MOST SNOW IN FEBRUARY (SINCE 1868)
RANK  SNOW  YEAR
1     59.0  1893
2     49.8  1969
3     43.6  2013
4     42.5  2015 <===
5     36.0  1882
6     35.3  2014
7     35.0  1920
8     33.8  2008
9     32.6  1967
10    32.0  1929
      32.0  1876

THE FOLLOWING DAILY RECORDS WERE SET OR TIED IN FEBRUARY 2015...
DATE  RECORD                              PREVIOUS
21    -17  - COLDEST LOW TEMPERATURE      -13 IN 1993
24    -21  - COLDEST LOW TEMPERATURE      -17 IN 1894

$$

KIMBLE
