000
CXUS52 KILM 051528
CLMCRE


CLIMATE REPORT
NATIONAL WEATHER SERVICE WILMINGTON NC
1127 AM EDT FRI SEP 5 2014

...................................

...THE NORTH MYRTLE BEACH SC CLIMATE SUMMARY FOR THE MONTH OF AUGUST 2014...

CLIMATE NORMAL PERIOD 1981 TO 2010
CLIMATE RECORD PERIOD 1949 TO 2014

WEATHER         OBSERVED          NORMAL  DEPART  LAST YEAR`S
                 VALUE   DATE(S)  VALUE   FROM    VALUE  DATE(S)
                                          NORMAL
................................................................
TEMPERATURE (F)
RECORD
 HIGH             104   08/05/1954
 LOW               54   08/25/1952
HIGHEST            92   08/22                         92  08/12
LOWEST             64   08/25                         63  08/15
                        08/15
AVG. MAXIMUM     86.1              86.1     0.0     85.1
AVG. MINIMUM     71.8              71.7     0.1     71.3
MEAN             79.0              78.9     0.1     78.2
DAYS MAX >= 90      5               3.3     1.7        6
DAYS MAX <= 32      0               0.0     0.0        0
DAYS MIN <= 32      0               0.0     0.0        0
DAYS MIN <= 0       0               0.0     0.0        0

PRECIPITATION (INCHES)
TOTALS           6.60              7.41   -0.81     4.19
DAILY AVG.       0.21              0.24   -0.03     0.14
DAYS >= .01        14                                  9
DAYS >= .10         9                                  7
DAYS >= .50         5                                  3
DAYS >= 1.00        3                                  1
GREATEST
 24 HR. TOTAL    2.48   08/01 TO 08/02

DEGREE_DAYS
HEATING TOTAL       0                 0       0        0
COOLING TOTAL     440               431       9      415
......................................................

WIND (MPH)
AVERAGE WIND SPEED              6.6
RESULTANT WIND SPEED/DIRECTION   2/165
HIGHEST WIND SPEED/DIRECTION    32/200    DATE  08/18
HIGHEST GUST SPEED/DIRECTION    42/200    DATE  08/18

SKY COVER
POSSIBLE SUNSHINE (PERCENT)    0
AVERAGE SKY COVER           0.30
NUMBER OF DAYS FAIR           24
NUMBER OF DAYS PC              5
NUMBER OF DAYS CLOUDY          2

AVERAGE RH (PERCENT)     72

WEATHER CONDITIONS. NUMBER OF DAYS WITH
THUNDERSTORM             11     MIXED PRECIP               0
HEAVY RAIN                7     RAIN                      10
LIGHT RAIN               16     FREEZING RAIN              0
LT FREEZING RAIN          0     HAIL                       0
HEAVY SNOW                0     SNOW                       0
LIGHT SNOW                0     SLEET                      0
FOG                      20     FOG W/VIS <= 1/4 MILE      0
HAZE                      9

-  INDICATES NEGATIVE NUMBERS.
R  INDICATES RECORD WAS SET OR TIED.
MM INDICATES DATA IS MISSING.
T  INDICATES TRACE AMOUNT.

$$
