000
CXUS54 KCRP 011612
CLMCRP

CLIMATE REPORT
NATIONAL WEATHER SERVICE CORPUS CHRISTI TX
1106 AM CDT FRI MAY 1 2015

...................................

...THE CORPUS CHRISTI CLIMATE SUMMARY FOR THE MONTH OF APRIL 2015...

CLIMATE NORMAL PERIOD 1981 TO 2010
CLIMATE RECORD PERIOD 1887 TO 2015

WEATHER         OBSERVED          NORMAL  DEPART  LAST YEAR`S
                 VALUE   DATE(S)  VALUE   FROM    VALUE  DATE(S)
                                          NORMAL
................................................................
TEMPERATURE (F)
RECORD
 HIGH             103   04/27/2014
                        04/28/2014
                        02/05/2000
 LOW               33   04/03/1987
                        04/14/1980
HIGHEST            90   04/27        82       8      103  04/28
                                                          04/27
LOWEST             54   04/30        63      -9       44  04/16
                        04/29
AVG. MAXIMUM     80.5              81.7    -1.2     84.2
AVG. MINIMUM     67.7              63.0     4.7     63.3
MEAN             74.1              72.4     1.7     73.8
DAYS MAX >= 90      1               2.1    -1.1        5
DAYS MAX <= 32      0               0.0     0.0        0
DAYS MIN <= 32      0               0.0     0.0        0
DAYS MIN <= 0       0               0.0     0.0        0

PRECIPITATION (INCHES)
RECORD
 MAXIMUM         9.21   2004
 MINIMUM            T   1984
                        1983
                        1887
TOTALS           6.36              1.84    4.52     0.50
DAILY AVG.       0.21              0.06    0.15     0.02
DAYS >= .01        14               5.3     8.7        9
DAYS >= .10         9               2.3     6.7        2
DAYS >= .50         4               0.9     3.1        0
DAYS >= 1.00        2               0.5     1.5        0
GREATEST
 24 HR. TOTAL    2.48   04/17 TO 04/18              0.14

SNOWFALL (INCHES)
RECORDS
 TOTAL            0.0   MM
 24 HR TOTAL      0.0   MM
TOTALS            0.0               0.0     0.0      0.0
SINCE 7/1         0.0               0.2    -0.2        T
SNOWDEPTH AVG.      0                MM      MM        0
DAYS >= 1.0         0               0.0     0.0        0
GREATEST
 SNOW DEPTH         0   MM                             0
 24 HR TOTAL      0.0   MM                           0.0

DEGREE_DAYS
HEATING TOTAL       0                17     -17       14
 SINCE 7/1       1053               898     155     1145
COOLING TOTAL     281               237      44      285
 SINCE 1/1        384               428     -44      446
.................................................................

WIND (MPH)
AVERAGE WIND SPEED              12.4
HIGHEST WIND SPEED/DIRECTION    49/150    DATE  04/24
HIGHEST GUST SPEED/DIRECTION    61/150    DATE  04/24

SKY COVER
AVERAGE SKY COVER           0.80

AVERAGE RH (PERCENT)     80

WEATHER CONDITIONS. NUMBER OF DAYS WITH
THUNDERSTORM              0     MIXED PRECIP               0
HEAVY RAIN                5     RAIN                       8
LIGHT RAIN               18     FREEZING RAIN              0
LT FREEZING RAIN          0     HAIL                       0
HEAVY SNOW                0     SNOW                       0
LIGHT SNOW                0     SLEET                      0
FOG                      26     FOG W/VIS <= 1/4 MILE      1
HAZE                      6

-  INDICATES NEGATIVE NUMBERS.
R  INDICATES RECORD WAS SET OR TIED.
MM INDICATES DATA IS MISSING.
T  INDICATES TRACE AMOUNT.

$$
