000
CXUS51 KRLX 011506
CLMCRW


CLIMATE REPORT
NATIONAL WEATHER SERVICE CHARLESTON WV
1100 AM EDT SAT JUL 1 2017

...................................

...THE CHARLESTON WV CLIMATE SUMMARY FOR THE MONTH OF JUNE 2017...

CLIMATE NORMAL PERIOD 1981 TO 2010
CLIMATE RECORD PERIOD 1901 TO 2017

WEATHER         OBSERVED          NORMAL  DEPART  LAST YEAR`S
                 VALUE   DATE(S)  VALUE   FROM    VALUE  DATE(S)
                                          NORMAL
................................................................
TEMPERATURE (F)
RECORD
 HIGH             105   06/20/1931
 LOW               33   06/11/1972
HIGHEST            90   06/18        MM      MM       91  06/16
                        06/17                             06/11
                                                          06/01
LOWEST             50   06/28        MM      MM       49  06/09
                        06/03
AVG. MAXIMUM     82.4              82.2     0.2     84.1
AVG. MINIMUM     59.7              61.6    -1.9     62.2
MEAN             71.1              71.9    -0.8     73.2
DAYS MAX >= 90      2               2.6    -0.6        4
DAYS MAX <= 32      0               0.0     0.0        0
DAYS MIN <= 32      0               0.0     0.0        0
DAYS MIN <= 0       0               0.0     0.0        0

PRECIPITATION (INCHES)
RECORD
 MAXIMUM        10.56   1998
 MINIMUM         0.70   1966
TOTALS           8.33              4.29    4.04     4.76
DAILY AVG.       0.28              0.14    0.14     0.16
DAYS >= .01         8              12.7    -4.7       11
DAYS >= .10         7               8.1    -1.1        5
DAYS >= .50         5               3.0     2.0        4
DAYS >= 1.00        3               0.9     2.1        1
GREATEST
 24 HR. TOTAL    2.45   06/16 TO 06/16           06/23 TO 06/23
                                                          06/30 TO 06/30
                                                          06/30 TO 06/30

SNOWFALL (INCHES)
RECORDS
 TOTAL             MM   MM
TOTALS            0.0               0.0     0.0      0.0
SINCE 7/1         7.5              36.4   -28.9     33.5
SNOWDEPTH AVG.      0                MM      MM        0
DAYS >= 1.0         0               0.0     0.0        0
GREATEST
 SNOW DEPTH         0   MM                             0  MM
 24 HR TOTAL      0.0   06/30 TO 06/30           06/30 TO 06/30
                                                          06/30 TO 06/30
                                                          06/30 TO 06/30

DEGREE_DAYS
HEATING TOTAL       5                13      -8        3
 SINCE 7/1       3533              4478    -945     3719
COOLING TOTAL     196               220     -24      255
 SINCE 1/1        341               330      11      385
.................................................

WIND (MPH)
AVERAGE WIND SPEED              4.2
HIGHEST WIND SPEED/DIRECTION    28/290    DATE  06/15
HIGHEST GUST SPEED/DIRECTION    47/270    DATE  06/15

SKY COVER
POSSIBLE SUNSHINE (PERCENT)   MM
AVERAGE SKY COVER           0.50
NUMBER OF DAYS FAIR            9
NUMBER OF DAYS PC             19
NUMBER OF DAYS CLOUDY          2

AVERAGE RH (PERCENT)     70

WEATHER CONDITIONS. NUMBER OF DAYS WITH
THUNDERSTORM              0     MIXED PRECIP               0
HEAVY RAIN                6     RAIN                       5
LIGHT RAIN               10     FREEZING RAIN              0
LT FREEZING RAIN          0     HAIL                       1
HEAVY SNOW                0     SNOW                       0
LIGHT SNOW                0     SLEET                      0
FOG                      20     FOG W/VIS <= 1/4 MILE      1
HAZE                      3

-  INDICATES NEGATIVE NUMBERS.
R  INDICATES RECORD WAS SET OR TIED.
MM INDICATES DATA IS MISSING.
T  INDICATES TRACE AMOUNT.

$$
