000
CXUS51 KILN 011240
CLMCVG


CLIMATE REPORT
NATIONAL WEATHER SERVICE WILMINGTON OH
738 AM EST THU DEC 1 2016

...................................

...THE CINCINNATI CLIMATE SUMMARY FOR THE MONTH OF NOVEMBER 2016...

CLIMATE NORMAL PERIOD 1981 TO 2010
CLIMATE RECORD PERIOD 1869 TO 2016

WEATHER         OBSERVED          NORMAL  DEPART  LAST YEAR`S
                 VALUE   DATE(S)  VALUE   FROM    VALUE  DATE(S)
                                          NORMAL
................................................................
TEMPERATURE (F)
RECORD
 HIGH              82   11/01/2016
 LOW                0   11/25/1950
HIGHEST            82R  11/01        53      29       77  11/04
LOWEST             24   11/22        35     -11       20  11/23
                        11/13                             11/22
AVG. MAXIMUM     58.7              54.0     4.7     58.7
AVG. MINIMUM     37.0              36.2     0.8     39.4
MEAN             47.9              45.1     2.8     49.1
DAYS MAX >= 90      0               0.0     0.0        0
DAYS MAX <= 32      0               0.5    -0.5        0
DAYS MIN <= 32     11              11.0     0.0        6
DAYS MIN <= 0       0               0.0     0.0        0

PRECIPITATION (INCHES)
TOTALS           1.51              3.43   -1.92     4.25
DAILY AVG.       0.05              0.11   -0.06     0.14
DAYS >= .01         7              10.6    -3.6       13
DAYS >= .10         4               6.7    -2.7        5
DAYS >= .50         1               2.5    -1.5        3
DAYS >= 1.00        0               0.7    -0.7        2
GREATEST
 24 HR. TOTAL    0.90   11/28 TO 11/28           11/06 TO 11/06
                                                          11/05 TO 11/06
                                                          11/06 TO 11/06
 STORM TOTAL       MM                                 MM
 (MM/DD(HH))            MM                    11/06(00) TO 11/06(00)
                                                 11/06(00) TO 11/06(00)6
                                                 11/06(00) TO 11/06(00)6

SNOWFALL (INCHES)
TOTALS              T               0.4    -0.4      0.0
SINCE 7/1           T               0.8    -0.8      0.0
DAYS >= TRACE       1               0.8     0.2        0
DAYS >= 1.0         0               0.1    -0.1        0
GREATEST
 24 HR TOTAL        T   11/19 TO 11/19           11/30 TO 11/30
                                                          11/06 TO 11/06
                                                          11/06 TO 11/06
 STORM TOTAL       MM                                 MM
 (MM/DD(HH))            MM                    11/30(00) TO 11/30(00)
                                                 11/06(00) TO 11/06(00)6
                                                 11/06(00) TO 11/06(00)6

DEGREE_DAYS
HEATING TOTAL     513               598     -85      472
 SINCE 7/1        682               960    -278      745
COOLING TOTAL       6                 0       6        1
 SINCE 1/1       1477              1121     356     1157
.......................................................

WIND (MPH)
AVERAGE WIND SPEED              7.4
RESULTANT WIND SPEED/DIRECTION   3/229
HIGHEST WIND SPEED/DIRECTION    31/290    DATE  11/19
HIGHEST GUST SPEED/DIRECTION    41/130    DATE  11/28

SKY COVER
AVERAGE SKY COVER           0.50

AVERAGE RH (PERCENT)     70

WEATHER CONDITIONS. NUMBER OF DAYS WITH
THUNDERSTORM              0     MIXED PRECIP               0
HEAVY RAIN                0     RAIN                       3
LIGHT RAIN                9     FREEZING RAIN              0
LT FREEZING RAIN          0     HAIL                       0
HEAVY SNOW                0     SNOW                       0
LIGHT SNOW                1     SLEET                      0
FOG                      16     FOG W/VIS <= 1/4 MILE      1
HAZE                      7

-  INDICATES NEGATIVE NUMBERS.
R  INDICATES RECORD WAS SET OR TIED.
MM INDICATES DATA IS MISSING.
T  INDICATES TRACE AMOUNT.

$$
