000
CXUS51 KILN 010837
CLMCVG


CLIMATE REPORT
NATIONAL WEATHER SERVICE WILMINGTON OH
308 AM EST SUN FEB 1 2015

...................................

...THE CINCINNATI CLIMATE SUMMARY FOR THE MONTH OF JANUARY 2015...

CLIMATE NORMAL PERIOD 1981 TO 2010
CLIMATE RECORD PERIOD 1869 TO 2015

WEATHER         OBSERVED          NORMAL  DEPART  LAST YEAR`S
                 VALUE   DATE(S)  VALUE   FROM    VALUE  DATE(S)
                                          NORMAL
................................................................
TEMPERATURE (F)
RECORD
 HIGH              77   01/24/1943
 LOW              -25   01/18/1977
HIGHEST            62   01/03        38      24       53  01/11
LOWEST             -2   01/08        22     -24       -8  01/22
AVG. MAXIMUM     38.6              38.7    -0.1     34.3
AVG. MINIMUM     21.7              23.0    -1.3     13.1
MEAN             30.2              30.8    -0.6     23.7
DAYS MAX >= 90      0               0.0     0.0        0
DAYS MAX <= 32     10               9.1     0.9       13
DAYS MIN <= 32     26              23.9     2.1       25
DAYS MIN <= 0       1               1.5    -0.5        7

PRECIPITATION (INCHES)
TOTALS           2.35              3.00   -0.65     2.80
DAILY AVG.       0.08              0.10   -0.02     0.09
DAYS >= .01        11              12.4    -1.4       16
DAYS >= .10         6               6.0     0.0        7
DAYS >= .50         1               2.0    -1.0        2
DAYS >= 1.00        0               0.5    -0.5        0
GREATEST
 24 HR. TOTAL    1.05   01/03 TO 01/04            1(00)1

SNOWFALL (INCHES)
TOTALS            1.2               6.5    -5.3     20.4
SINCE 7/1         6.4              12.1    -5.7     33.2
DAYS >= TRACE      13               6.5     6.5       17
DAYS >= 1.0         0               2.0    -2.0        5
GREATEST
 24 HR TOTAL      0.4   01/07 TO 01/07
                        01/26 TO 01/26

DEGREE_DAYS
HEATING TOTAL    1075              1053      22     1272
 SINCE 7/1       3055              2972      83     3223
COOLING TOTAL       0                 0       0        0
 SINCE 1/1          0                 0       0        0
..................................................

WIND (MPH)
AVERAGE WIND SPEED              8.7
RESULTANT WIND SPEED/DIRECTION   4/255
HIGHEST WIND SPEED/DIRECTION    31/270    DATE  01/04
HIGHEST GUST SPEED/DIRECTION    41/270    DATE  01/04

SKY COVER
AVERAGE SKY COVER           0.70

AVERAGE RH (PERCENT)     65

WEATHER CONDITIONS. NUMBER OF DAYS WITH
THUNDERSTORM              0     MIXED PRECIP               0
HEAVY RAIN                2     RAIN                       4
LIGHT RAIN               10     FREEZING RAIN              0
LT FREEZING RAIN          0     HAIL                       0
HEAVY SNOW                0     SNOW                       0
LIGHT SNOW               12     SLEET                      0
FOG                      13     FOG W/VIS <= 1/4 MILE      1
HAZE                     18

-  INDICATES NEGATIVE NUMBERS.
R  INDICATES RECORD WAS SET OR TIED.
MM INDICATES DATA IS MISSING.
T  INDICATES TRACE AMOUNT.

$$
