000
CXUS56 KSGX 011730
CLMCZZ


CLIMATE REPORT
NATIONAL WEATHER SERVICE SAN DIEGO, CA
1030 AM PDT SAT JUL 1 2017

...................................

...THE CAMPO ASOS CA CLIMATE SUMMARY FOR THE MONTH OF JUNE 2017...

CLIMATE NORMAL PERIOD 1981 TO 2010
CLIMATE RECORD PERIOD 1948 TO 2017

WEATHER         OBSERVED          NORMAL  DEPART  LAST YEAR`S
                 VALUE   DATE(S)  VALUE   FROM    VALUE  DATE(S)
                                          NORMAL
................................................................
TEMPERATURE (F)
RECORD
 HIGH             108   06/20/2016
 LOW               13   06/21/2010
HIGHEST           106   06/25        87      19      108  06/20
                        06/20
LOWEST             34   06/13        45     -11       39  06/16
AVG. MAXIMUM     89.7              87.3     2.4     91.5
AVG. MINIMUM     48.7              45.1     3.6     50.9
MEAN             69.2              66.2     3.0     71.2
DAYS MAX >= 90     15              13.0     2.0       18
DAYS MAX <= 32      0               0.0     0.0        0
DAYS MAX >= 100     5                                  6
DAYS MIN <= 32      0               0.1    -0.1        0
DAYS MIN <= 0       0               0.0     0.0        0

PRECIPITATION (INCHES)
RECORD
 MAXIMUM         0.67   2015
 MINIMUM         0.00   2016
                        2014
                        2013
TOTALS           0.00R             0.11   -0.11     0.00
DAILY AVG.       0.00              0.00    0.00     0.00
DAYS >= .01         0               0.7    -0.7        0
DAYS >= .10         0               0.3    -0.3        0
DAYS >= .50         0               0.0     0.0        0
DAYS >= 1.00        0               0.0     0.0        0
DAYS >= 1.50        0                                  0
DAYS >= 2.00        0                                  0
GREATEST
 24 HR. TOTAL    0.00   06/30 TO 06/30           06/30 TO 06/30
                                                          06/30 TO 06/30
                                                          06/30 TO 06/30
 STORM TOTAL       MM                                 MM
 (MM/DD(HH))            MM                    06/30(00) TO 06/30(00)
                                                 06/30(00) TO 06/30(00)0
                                                 06/30(00) TO 06/30(00)0

DEGREE_DAYS
HEATING TOTAL      37                56     -19       27
 SINCE 7/1       2704              2983    -279     2795
COOLING TOTAL     171                92      79      221
 SINCE 1/1        198               122      76      224

FREEZE DATES
RECORD
 EARLIEST     08/25/1978
 LATEST       06/23/1991
EARLIEST      11/01             10/16
LATEST        04/15             05/19
.................................................

WIND (MPH)
AVERAGE WIND SPEED              8.1
RESULTANT WIND SPEED/DIRECTION   3/231
HIGHEST WIND SPEED/DIRECTION    23/260    DATE  06/27
HIGHEST GUST SPEED/DIRECTION    31/220    DATE  06/28

AVERAGE RH (PERCENT)     52


-  INDICATES NEGATIVE NUMBERS.
R  INDICATES RECORD WAS SET OR TIED.
MM INDICATES DATA IS MISSING.
T  INDICATES TRACE AMOUNT.

$$
