000
CXUS52 KMLB 011308
CLMDAB


CLIMATE REPORT
NATIONAL WEATHER SERVICE MELBOURNE FL
828 AM EDT THU JUN 1 2017

...................................

...THE DAYTONA BEACH CLIMATE SUMMARY FOR THE MONTH OF MAY 2017...

CLIMATE NORMAL PERIOD 1981 TO 2010
CLIMATE RECORD PERIOD 1923 TO 2017

WEATHER         OBSERVED          NORMAL  DEPART  LAST YEAR`S
                 VALUE   DATE(S)  VALUE   FROM    VALUE
                                          NORMAL
.............................................................
TEMPERATURE (F)
MONTHLY RECORD
 HOTTEST         79.0   1995
 COLDEST         69.7   1940
DAILY RECORD
 HIGH             100   05/26/1953
 LOW               40   05/05/1940
MAY 2017
HIGHEST            94   05/28                         93
LOWEST             51   05/07                         51
AVG. MAXIMUM     86.7              84.7     2.0     85.8
AVG. MINIMUM     65.6              65.4     0.2     65.5
MEAN             76.1              75.0     1.1     75.7
DAYS MAX >= 90     10               5.1     4.9        5
DAYS MAX <= 32      0               0.0     0.0        0
DAYS MIN <= 32      0               0.0     0.0        0
DAYS MIN <= 0       0               0.0     0.0        0

PRECIPITATION (INCHES)
MONTHLY RECORD
 MAXIMUM        22.33   2009
 MINIMUM         0.08   1965
DAILY RECORD
 MAXIMUM         6.37   05/20/2009
MAY 2017
TOTALS           1.93              3.13   -1.20     5.70
DAYS >= .01         7               6.8     0.2        6
DAYS >= .10         3               4.3    -1.3        6
DAYS >= .50         3               1.8     1.2        3
DAYS >= 1.00        0               0.8    -0.8        2
GREATEST
 24 HR. TOTAL    0.73   05/02 TO 05/02

SNOWFALL (INCHES)
TOTALS            0.0               0.0     0.0      0.0
SINCE 7/1         0.0               0.0     0.0      0.0
DAYS >= TRACE       0                                  0

DEGREE_DAYS
HEATING TOTAL       0                 2      -2        0
 SINCE 7/1        401               809    -408      508
COOLING TOTAL     351               314      37      340
 SINCE 1/1        817               601     216      774
..............................................................

WIND (MPH)
AVERAGE WIND SPEED              7.4
HIGHEST WIND SPEED/DIRECTION    30/250    DATE  05/24
HIGHEST GUST SPEED/DIRECTION    39/260    DATE  05/24

SKY COVER
POSSIBLE SUNSHINE (PERCENT)   MM
AVERAGE SKY COVER           0.40
NUMBER OF DAYS FAIR           12
NUMBER OF DAYS PC             14
NUMBER OF DAYS CLOUDY          5

AVERAGE RH (PERCENT)     72

WEATHER CONDITIONS. NUMBER OF DAYS WITH
THUNDERSTORM              9     MIXED PRECIP               0
HEAVY RAIN                4     RAIN                       4
LIGHT RAIN               10     LT FREEZING RAIN           0
HAIL                      0     LIGHT SNOW                 0
SLEET                     0     FOG                       13
FOG W/VIS <= 1/4 MILE     1     HAZE                       5

-  INDICATES NEGATIVE NUMBERS.
R  INDICATES RECORD WAS SET OR TIED.
MM INDICATES DATA IS MISSING.
T  INDICATES TRACE AMOUNT.

$$

RODRIGUEZ
