000
CXUS55 KBOU 011515
CLMDEN

CLIMATE REPORT
NATIONAL WEATHER SERVICE DENVER/BOULDER CO
656 AM MDT TUE AUG 1 2017

...................................

...THE DENVER CO CLIMATE SUMMARY FOR THE MONTH OF JULY 2017...

CLIMATE NORMAL PERIOD 1981 TO 2010
CLIMATE RECORD PERIOD 1872 TO 2017

WEATHER         OBSERVED          NORMAL  DEPART  LAST YEAR`S
                 VALUE   DATE(S)  VALUE   FROM    VALUE  DATE(S)
                                          NORMAL
................................................................
TEMPERATURE (F)
RECORD
 HIGH             105   07/20/2005
 LOW               42   07/04/1903
                        07/31/1873
HIGHEST           100   07/19        99      -5      102  07/10
                        07/06
LOWEST             51   07/01        51       9       51  07/12
AVG. MAXIMUM     91.5              89.4     2.1     92.0
AVG. MINIMUM     61.3              58.9     2.4     60.5
MEAN             76.4              74.2     2.2     76.2
DAYS MAX >= 90     20              16.0     4.0       22
DAYS MAX <= 32      0               0.0     0.0        0
DAYS MIN <= 32      0               0.0     0.0        0
DAYS MIN <= 0       0               0.0     0.0        0

PRECIPITATION (INCHES)
RECORD
 MAXIMUM         6.41   1965
 MINIMUM         0.01   1901
TOTALS           0.47              2.16   -1.69     1.07
DAILY AVG.       0.02              0.07   -0.05     0.03
DAYS >= .01         6               8.3    -2.3        6
DAYS >= .10         3               4.3    -1.3        4
DAYS >= .50         0               1.4    -1.4        1
DAYS >= 1.00        0               0.7    -0.7        0
GREATEST
 24 HR. TOTAL    0.15   07/21 TO 07/21           07/01 TO 07/01
                                                          06/30 TO 07/01
                                                          07/01 TO 07/01

SNOWFALL (INCHES)
RECORDS TOTAL      0.0
 TOTALS            0.0 2017         0.0

DEGREE_DAYS
HEATING TOTAL       0                 6      -6        0
 SINCE 7/1          0                 6      -6        0
COOLING TOTAL     360               289      71      356
 SINCE 1/1        533               444      89      544

FREEZE DATES
RECORD
 EARLIEST     09/08/1962
 LATEST       06/08/2007
EARLIEST                        10/07
LATEST                          05/05
..................................................

WIND (MPH)
AVERAGE WIND SPEED              9.6
RESULTANT WIND SPEED/DIRECTION   3/204
HIGHEST WIND SPEED/DIRECTION    45/120    DATE  07/15
HIGHEST GUST SPEED/DIRECTION    53/120    DATE  07/15

SKY COVER
POSSIBLE SUNSHINE (PERCENT)   MM
AVERAGE SKY COVER           0.50
NUMBER OF DAYS FAIR            6
NUMBER OF DAYS PC             21
NUMBER OF DAYS CLOUDY          4

AVERAGE RH (PERCENT)     45

WEATHER CONDITIONS. NUMBER OF DAYS WITH
THUNDERSTORM              9     MIXED PRECIP               0
HEAVY RAIN                0     RAIN                       3
LIGHT RAIN                9     FREEZING RAIN              0
LT FREEZING RAIN          0     HAIL                       0
HEAVY SNOW                0     SNOW                       0
LIGHT SNOW                0     SLEET                      0
FOG                       3     FOG W/VIS <= 1/4 MILE      1
HAZE                      3

-  INDICATES NEGATIVE NUMBERS.
R  INDICATES RECORD WAS SET OR TIED.
MM INDICATES DATA IS MISSING.
T  INDICATES TRACE AMOUNT.

...JULY 2017...WARMER AND DRIER THAN NORMAL...

UPPER LEVEL HIGH PRESSURE DOMINATED THE ROCKY MOUNTAIN REGION THROUGH
MUCH OF THE MONTH RESULTING IN HOT AND DRY WEATHER ACROSS THE DENVER
METRO AREA. THERE WERE PERIODS OF MONSOONAL MOISTURE DURING THE MONTH
WHICH BROUGHT SHOWERS AND THUNDERSTORMS TO THE REGION. HOWEVER...THE
MAJORITY OF THE PRECIPITATION MANAGED TO AVOID DENVER WITH MOST OF THE
STORMS TRACKING ACROSS THE PALMER DIVIDE AND SOUTHEASTERN COLORADO.

TEMPERATURES:

THE AVERAGE TEMPERATURE AT DENVER INTERNATIONAL AIRPORT FOR THE MONTH
WAS 76.4 DEGREES F, WHICH IS 2.2 DEGREES ABOVE NORMAL. THE WARMEST JULY
ON RECORD OCCURRED IN 2012 WITH AN AVERAGE MONTHLY TEMPERATURE OF 78.9
DEGREES F. THE COLDEST JULY ON RECORD WAS 67.3 DEGREES WAY BACK IN
1895. ON THE 6TH AND THE 19TH...THE TEMPERATURE CLIMBED TO 100 DEGREES
F WHICH IS THE HIGHEST TEMPERATURE RECORDED DURING THE MONTH. THE
COLDEST TEMPERATURE OF 51 DEGREES F OCCURRED ON THE MORNING OF THE 1ST.

ELEVEN WARMEST JULY`S IN DENVER WEATHER HISTORY SINCE 1872:

78.9 2012
77.8 1934
77.7 2005
77.6 2008
77.3 1936
77.1 1939
76.9 2003...1966
76.7 2001...2000...1954

TEN COLDEST JULY`S IN DENVER WEATHER HISTORY SINCE 1872:

67.3 1895
68.2 1906
68.7 1915...1904
68.9 1950...1905...1891
69.0 1875
69.1 1967...1872

PRECIPITATION:

PRECIPITATION FOR THE MONTH OF JULY AT DENVER INTERNATIONAL AIRPORT WAS
0.47 INCHES, WHICH IS 1.69 INCHES BELOW THE NORMAL OF 2.16 INCHES.
THERE WERE 6 DAYS WITH MEASURABLE PRECIPITATION DURING THE MONTH. 0.15
INCHES OF PRECIPITATION FELL ON THE 21ST, WHICH IS THE GREATEST DAILY
AMOUNT FOR THE MONTH.

TEN WETTEST JULY`S IN DENVER WEATHER HISTORY SINCE 1872:

6.41 INCHES 1965
5.92 INCHES 1998
5.60 INCHES 1997
5.24 INCHES 1919
4.76 INCHES 2001
4.28 INCHES 1895
4.17 INCHES 1956...1909...1875
4.11 INCHES 1991

TEN DRIEST JULY`S IN DENVER WEATHER HISTORY SINCE 1872:

0.01 INCHES 1901
0.08 INCHES 1939
0.24 INCHES 2008
0.27 INCHES 2005
0.31 INCHES 1917
0.32 INCHES 1934
0.33 INCHES 1924...1877
0.34 INCHES 1891
0.41 INCHES 1888

THERE WERE 9 DAYS IN WHICH THUNDER WAS OBSERVED AT DENVER INTERNATIONAL
AIRPORT AND 1 DAY WITH DENSE FOG WITH A VISIBILITY AT OR BELOW 1/4 MILE
DURING THE MONTH. THE PEAK WIND GUST OF 53 MPH FROM THE SOUTHEAST
OCCURRED ON THE 15TH.

$$
