000
CXUS54 KFWD 010901
CLMDFW


CLIMATE REPORT
NATIONAL WEATHER SERVICE FORT WORTH TX
400 AM CDT THU JUN 1 2017

...................................

...THE DALLAS FORT WORTH CLIMATE SUMMARY FOR THE MONTH OF MAY 2017...

CLIMATE NORMAL PERIOD 1981 TO 2010
CLIMATE RECORD PERIOD 1898 TO 2017

WEATHER         OBSERVED          NORMAL  DEPART  LAST YEAR`S
                 VALUE   DATE(S)  VALUE   FROM    VALUE  DATE(S)
                                          NORMAL
................................................................
TEMPERATURE (F)
RECORD
 HIGH             107   05/28/1927
 LOW               34   05/01/1903
HIGHEST            96   05/26        94       2       93  05/10
LOWEST             49   05/01        50      -1       48  05/03
AVG. MAXIMUM     86.4              83.6     2.8     81.5
AVG. MINIMUM     64.5              64.2     0.3     63.5
MEAN             75.4              73.9     1.5     72.5
DAYS MAX >= 90      9               5.3     3.7        2
DAYS MAX <= 32      0               0.0     0.0        0
DAYS MAX >= 100     0                                  0
DAYS MIN <= 32      0               0.0     0.0        0
DAYS MIN <= 0       0               0.0     0.0        0
DAYS MIN >= 80      1                                  0

PRECIPITATION (INCHES)
RECORD
 MAXIMUM        16.96   2015
 MINIMUM         0.22   1911
TOTALS           0.70              4.90   -4.20     6.25
DAILY AVG.       0.02              0.16   -0.14     0.20
DAYS >= .01         8               9.1    -1.1       17
DAYS >= .10         3               6.2    -3.2       14
DAYS >= .50         0               3.5    -3.5        6
DAYS >= 1.00        0               1.7    -1.7        1
GREATEST
 24 HR. TOTAL    0.26   05/21 TO 05/22              1.16

DEGREE_DAYS
HEATING TOTAL       0                 8      -8       12
 SINCE 7/1       1305              2284    -979     1592
COOLING TOTAL     331               284      47      251
 SINCE 1/1        682               422     260      423
.................................................................

WIND (MPH)
AVERAGE WIND SPEED              12.1
HIGHEST WIND SPEED/DIRECTION    40/220    DATE  05/19
HIGHEST GUST SPEED/DIRECTION    51/220    DATE  05/19

SKY COVER
POSSIBLE SUNSHINE (PERCENT)   MM
AVERAGE SKY COVER           0.50
NUMBER OF DAYS FAIR            9
NUMBER OF DAYS PC             14
NUMBER OF DAYS CLOUDY          8

AVERAGE RH (PERCENT)     60

WEATHER CONDITIONS. NUMBER OF DAYS WITH
THUNDERSTORM              9     MIXED PRECIP               0
HEAVY RAIN                0     RAIN                       6
LIGHT RAIN               11     FREEZING RAIN              0
LT FREEZING RAIN          0     HAIL                       0
HEAVY SNOW                0     SNOW                       0
LIGHT SNOW                0     SLEET                      0
FOG                       5     FOG W/VIS <= 1/4 MILE      0
HAZE                      2

-  INDICATES NEGATIVE NUMBERS.
R  INDICATES RECORD WAS SET OR TIED.
MM INDICATES DATA IS MISSING.
T  INDICATES TRACE AMOUNT.

$$
