000
CXUS54 KFWD 010840
CLMDFW

CLIMATE REPORT
NATIONAL WEATHER SERVICE FORT WORTH TX
340 AM CDT SAT APR 1 2017

...................................

...THE DALLAS FORT WORTH CLIMATE SUMMARY FOR THE MONTH OF MARCH 2017...

CLIMATE NORMAL PERIOD 1981 TO 2010
CLIMATE RECORD PERIOD 1898 TO 2017

WEATHER         OBSERVED          NORMAL  DEPART  LAST YEAR`S
                 VALUE   DATE(S)  VALUE   FROM    VALUE  DATE(S)
                                          NORMAL
................................................................
TEMPERATURE (F)
RECORD
 HIGH             100   03/21/1916
                        03/09/1911
 LOW               10   03/03/1943
HIGHEST            92   03/20        85       7       89  03/14
LOWEST             37   03/14        28       9       34  03/21
AVG. MAXIMUM     76.8              68.2     8.6     71.5
AVG. MINIMUM     54.6              47.0     7.6     50.9
MEAN             65.7              57.6     8.1     61.2
DAYS MAX >= 90      1               0.2     0.8        0
DAYS MAX <= 32      0               0.1    -0.1        0
DAYS MAX >= 100     0                                  0
DAYS MIN <= 32      0               1.8    -1.8        0
DAYS MIN <= 0       0               0.0     0.0        0
DAYS MIN >= 80      0                                  0

PRECIPITATION (INCHES)
RECORD
 MAXIMUM         7.39   2002
 MINIMUM         0.02   1925
TOTALS           1.06              3.49   -2.43     2.67
DAILY AVG.       0.03              0.11   -0.08     0.09
DAYS >= .01         5               7.8    -2.8        8
DAYS >= .10         3               5.1    -2.1        6
DAYS >= .50         1               2.5    -1.5        2
DAYS >= 1.00        0               0.9    -0.9        0
GREATEST
 24 HR. TOTAL    0.55   03/29 TO 03/29              1.32

SNOWFALL (INCHES)
RECORDS
 TOTAL            6.1   1942
 24 HR TOTAL      6.0   03/13/1924 TO 03/13/1924
TOTALS            0.0               0.2    -0.2      0.0
SINCE 7/1         0.1               1.6    -1.5        T
SNOWDEPTH AVG.      0                MM      MM        0
DAYS >= TRACE       0                                  0
DAYS >= 1.0         0               0.1    -0.1        0
GREATEST
 SNOW DEPTH         0   MM                             0  MM
 24 HR TOTAL      0.0   MM                           0.0

DEGREE_DAYS
HEATING TOTAL      93               261    -168      142
 SINCE 7/1       1281              2193    -912     1553
COOLING TOTAL     123                32      91       30
 SINCE 1/1        191                39     152       41
.................................................................

WIND (MPH)
AVERAGE WIND SPEED              12.6
HIGHEST WIND SPEED/DIRECTION    37/170    DATE  03/23
HIGHEST GUST SPEED/DIRECTION    47/170    DATE  03/23

SKY COVER
POSSIBLE SUNSHINE (PERCENT)   MM
AVERAGE SKY COVER           0.50
NUMBER OF DAYS FAIR            9
NUMBER OF DAYS PC             14
NUMBER OF DAYS CLOUDY          8

AVERAGE RH (PERCENT)     62

WEATHER CONDITIONS. NUMBER OF DAYS WITH
THUNDERSTORM              4     MIXED PRECIP               0
HEAVY RAIN                2     RAIN                       2
LIGHT RAIN                9     FREEZING RAIN              0
LT FREEZING RAIN          0     HAIL                       0
HEAVY SNOW                0     SNOW                       0
LIGHT SNOW                0     SLEET                      0
FOG                      10     FOG W/VIS <= 1/4 MILE      0
HAZE                      6

-  INDICATES NEGATIVE NUMBERS.
R  INDICATES RECORD WAS SET OR TIED.
MM INDICATES DATA IS MISSING.
T  INDICATES TRACE AMOUNT.

$$
