000
CXUS54 KFWD 010838
CLMDFW


CLIMATE REPORT
NATIONAL WEATHER SERVICE FORT WORTH TX
336 AM CDT TUE SEP 1 2015

...................................

...THE DALLAS FORT WORTH CLIMATE SUMMARY FOR THE MONTH OF AUGUST 2015...

CLIMATE NORMAL PERIOD 1981 TO 2010
CLIMATE RECORD PERIOD 1898 TO 2015

WEATHER         OBSERVED          NORMAL  DEPART  LAST YEAR`S
                 VALUE   DATE(S)  VALUE   FROM    VALUE  DATE(S)
                                          NORMAL
................................................................
TEMPERATURE (F)
RECORD
 HIGH             112   08/11/1936
                        08/18/1909
 LOW               55   08/31/1915
HIGHEST           106   08/10       103       3      104  08/08
                        08/09
LOWEST             65   08/20        67      -2       67  08/02
AVG. MAXIMUM     97.8              96.1     1.7     96.4
AVG. MINIMUM     76.8              75.1     1.7     76.0
MEAN             87.3              85.6     1.7     86.2
DAYS MAX >= 90     30              26.3     3.7       30
DAYS MAX <= 32      0               0.0     0.0        0
DAYS MAX >= 100     9                                  9
DAYS MIN <= 32      0               0.0     0.0        0
DAYS MIN <= 0       0               0.0     0.0        0
DAYS MIN >= 80      7                                  5

PRECIPITATION (INCHES)
RECORD
 MAXIMUM        10.33   1915
 MINIMUM         0.00   2000
TOTALS           0.46              1.91   -1.45     4.34
DAILY AVG.       0.01              0.06   -0.05     0.14
DAYS >= .01         2               4.8    -2.8        5
DAYS >= .10         1               2.9    -1.9        3
DAYS >= .50         0               1.2    -1.2        2
DAYS >= 1.00        0               0.5    -0.5        2
GREATEST
 24 HR. TOTAL    0.46   08/19 TO 08/20              2.85

DEGREE_DAYS
HEATING TOTAL       0                 0       0        0
 SINCE 7/1          0                 0       0        0
COOLING TOTAL     699               638      61      664
 SINCE 1/1       2232              2182      50     2256
.................................................................

WIND (MPH)
AVERAGE WIND SPEED              9.1
HIGHEST WIND SPEED/DIRECTION    28/350    DATE  08/19
HIGHEST GUST SPEED/DIRECTION    32/350    DATE  08/19

SKY COVER
POSSIBLE SUNSHINE (PERCENT)   MM
AVERAGE SKY COVER           0.40
NUMBER OF DAYS FAIR           10
NUMBER OF DAYS PC             19
NUMBER OF DAYS CLOUDY          2

AVERAGE RH (PERCENT)     51

WEATHER CONDITIONS. NUMBER OF DAYS WITH
THUNDERSTORM              2     MIXED PRECIP               0
HEAVY RAIN                1     RAIN                       1
LIGHT RAIN                3     FREEZING RAIN              0
LT FREEZING RAIN          0     HAIL                       0
HEAVY SNOW                0     SNOW                       0
LIGHT SNOW                0     SLEET                      0
FOG                       2     FOG W/VIS <= 1/4 MILE      0
HAZE                      0

-  INDICATES NEGATIVE NUMBERS.
R  INDICATES RECORD WAS SET OR TIED.
MM INDICATES DATA IS MISSING.
T  INDICATES TRACE AMOUNT.

$$
