000
CXUS53 KDVN 012100
CLMDVN


CLIMATE REPORT
NATIONAL WEATHER SERVICE QUAD CITIES IA IL
400 PM CDT TUE JUL 1 2014

...................................

...THE DAVENPORT IA CLIMATE SUMMARY FOR THE MONTH OF JUNE 2014...

CLIMATE NORMAL PERIOD 1981 TO 2010
CLIMATE RECORD PERIOD 9999 TO 9999

WEATHER         OBSERVED          NORMAL  DEPART
                 VALUE   DATE(S)  VALUE   FROM
                                          NORMAL
................................................
TEMPERATURE (F)
HIGHEST            90   06/01        MM      MM
LOWEST             46   06/13        MM      MM
AVG. MAXIMUM     81.4              80.9     0.5
AVG. MINIMUM     62.0              59.6     2.4
MEAN             71.7              70.2     1.5
DAYS MAX >= 90      1
DAYS MAX <= 32      0
DAYS MIN <= 32      0
DAYS MIN <= 0       0

PRECIPITATION (INCHES)
TOTALS           8.23              4.19    4.04
DAILY AVG.       0.27              0.14    0.13
DAYS >= .01        17
DAYS >= .10        12
DAYS >= .50         4
DAYS >= 1.00        2
GREATEST
 24 HR. TOTAL    3.86   06/29 TO 06/30

SNOWFALL (INCHES)
TOTALS            0.0
SINCE 7/1        50.2
SNOWDEPTH AVG.      0
DAYS >= TRACE       0
DAYS >= 1.0         0
GREATEST
 SNOW DEPTH         0   MM
 24 HR TOTAL      0.0   MM

DEGREE_DAYS
HEATING TOTAL       4                24     -20
 SINCE 7/1       7556              6511    1045
COOLING TOTAL     213               182      31
 SINCE 1/1        321               243      78
.................................................

WIND (MPH)
AVERAGE WIND SPEED              10.1
HIGHEST WIND SPEED/DIRECTION    37/340    DATE  06/30
HIGHEST GUST SPEED/DIRECTION    48/330    DATE  06/30

SKY COVER
POSSIBLE SUNSHINE (PERCENT)   MM
AVERAGE SKY COVER           0.30
NUMBER OF DAYS FAIR           16
NUMBER OF DAYS PC             12
NUMBER OF DAYS CLOUDY          2

AVERAGE RH (PERCENT)     72

WEATHER CONDITIONS. NUMBER OF DAYS WITH
THUNDERSTORM             12     HAIL                       0
SLEET                     0     FOG                       21
FOG W/VIS <= 1/4 MILE     1     HAZE                      10

-  INDICATES NEGATIVE NUMBERS.
R  INDICATES RECORD WAS SET OR TIED.
MM INDICATES DATA IS MISSING.
T  INDICATES TRACE AMOUNT.

$$
