000
CXUS53 KGID 011707
CLMEAR

CLIMATE REPORT
NATIONAL WEATHER SERVICE HASTINGS NE
1045 AM CST MON FEB 1 2016

...................................

...THE KEARNEY CLIMATE SUMMARY FOR THE MONTH OF JANUARY 2016...

CLIMATE NORMAL PERIOD 1981 TO 2010
CLIMATE RECORD PERIOD 1894 TO 2016

WEATHER         OBSERVED          NORMAL  DEPART  LAST YEAR`S
                 VALUE   DATE(S)  VALUE   FROM    VALUE  DATE(S)
                                          NORMAL
................................................................
TEMPERATURE (F)
HIGHEST            57   01/29        58      -1       70  01/28
LOWEST             -8   01/10        -9       1       -3  01/04
AVG. MAXIMUM     38.0              36.0     2.0     41.0
AVG. MINIMUM     19.7              13.3     6.4     16.6
MEAN             28.9              24.6     4.3     28.8
DAYS MAX >= 90      0               0.0     0.0        0
DAYS MAX <= 32     10              11.9    -1.9       10
DAYS MIN <= 32     30              30.7    -0.7       31
DAYS MIN <= 0       2               4.7    -2.7        2

PRECIPITATION (INCHES)
TOTALS             MM              0.49      MM       MM
DAILY AVG.         MM              0.02      MM
DAYS >= .01        MM               3.6      MM
DAYS >= .10        MM               1.6      MM
DAYS >= .50        MM               0.1      MM
DAYS >= 1.00       MM               0.0      MM
GREATEST
 24 HR. TOTAL      MM

DEGREE_DAYS
HEATING TOTAL    1112              1251    -139     1114
COOLING TOTAL       0                 0       0        0
.................................................................

WIND (MPH)
AVERAGE WIND SPEED              10.0
HIGHEST WIND SPEED/DIRECTION    25/MM
HIGHEST GUST SPEED/DIRECTION    MM               MM

AVERAGE RH (PERCENT)     72


-  INDICATES NEGATIVE NUMBERS.
R  INDICATES RECORD WAS SET OR TIED.
MM INDICATES DATA IS MISSING.
T  INDICATES TRACE AMOUNT.

&&

THE PRECIPITATION DATA SHOWN ABOVE IS RECORDED BY THE AUTOMATED
WEATHER OBSERVING SYSTEM AT THE KEARNEY AIRPORT. THE
PRECIPITATION IS DEPICTED FOR A CALENDAR DAY FROM MIDNIGHT TO
MIDNIGHT. SNOWFALL IS NOT RECORDED BY THAT SYSTEM.

THE OFFICIAL PRECIPITATION...SNOWFALL...AND SNOW DEPTH
OBSERVATION FOR KEARNEY IS RECORDED DAILY BY THE
COOPERATIVE OBSERVER AT 7 AM.  THAT INFORMATION FOLLOWS...

...KEARNEY 4NE COOPERATIVE OBSERVER REPORT FOR JANUARY 2016...

PRECIPITATION (IN)
MONTH TO DATE..................   0.40
YEAR TO DATE...................   0.40

SNOWFALL (IN)
MONTH TO DATE..................   4.0
SEASONAL TOTAL (SINCE JULY 1ST)  10.2

$$

GUERRERO
