000
CXUS53 KGID 011426
CLMEAR

CLIMATE REPORT
NATIONAL WEATHER SERVICE HASTINGS NE
826 AM CST FRI DEC 1 2017

...................................

...THE KEARNEY CLIMATE SUMMARY FOR THE MONTH OF NOVEMBER 2017...

CLIMATE NORMAL PERIOD 1981 TO 2010
CLIMATE RECORD PERIOD 1894 TO 2017

WEATHER         OBSERVED          NORMAL  DEPART  LAST YEAR`S
                 VALUE   DATE(S)  VALUE   FROM    VALUE  DATE(S)
                                          NORMAL
................................................................
TEMPERATURE (F)
HIGHEST            76   11/27        72       4       77  11/16
                                                          11/04
LOWEST             17   11/29         7      10       21  11/19
                        11/09
AVG. MAXIMUM     53.6              49.2     4.4     57.0
AVG. MINIMUM     28.5              24.9     3.6     33.4
MEAN             41.0              37.0     4.0     45.2
DAYS MAX >= 90      0               0.0     0.0        0
DAYS MAX <= 32      0               3.4    -3.4        0
DAYS MIN <= 32     21              23.9    -2.9       13
DAYS MIN <= 0       0               0.3    -0.3        0

PRECIPITATION (INCHES)
TOTALS           0.24              1.02   -0.78       MM
DAILY AVG.       0.01              0.03   -0.02
DAYS >= .01         2               4.9    -2.9
DAYS >= .10         1               2.6    -1.6
DAYS >= .50         0               0.6    -0.6
DAYS >= 1.00        0               0.1    -0.1
GREATEST
 24 HR. TOTAL    0.15   11/18 TO 11/18

DEGREE_DAYS
HEATING TOTAL     710               839    -129      586
COOLING TOTAL       0                 0       0        0
.................................................................

WIND (MPH)
AVERAGE WIND SPEED              10.7
HIGHEST WIND SPEED/DIRECTION    33/340
HIGHEST GUST SPEED/DIRECTION    MM               MM

AVERAGE RH (PERCENT)     63


-  INDICATES NEGATIVE NUMBERS.
R  INDICATES RECORD WAS SET OR TIED.
MM INDICATES DATA IS MISSING.
T  INDICATES TRACE AMOUNT.

&&

THE PRECIPITATION DATA SHOWN ABOVE IS RECORDED BY THE AUTOMATED
WEATHER OBSERVING SYSTEM AT THE KEARNEY AIRPORT. THE PRECIPITATION
IS DEPICTED FOR A CALENDAR DAY FROM MIDNIGHT TO MIDNIGHT. SNOWFALL
IS NOT RECORDED BY THAT SYSTEM.

THE OFFICIAL PRECIPITATION...SNOWFALL...AND SNOW DEPTH OBSERVATION
FOR KEARNEY IS RECORDED DAILY BY THE COOPERATIVE OBSERVER AT 7 AM.
THAT INFORMATION FOLLOWS...

...KEARNEY 4NE COOPERATIVE OBSERVER REPORT FOR NOVEMBER 2017...

PRECIPITATION (IN)
     MONTH TO DATE.........................  0.34
     YEAR TO DATE.......................... 25.33

SNOWFALL (IN)
     MONTH TO DATE.........................  0.4
     SEASONAL TOTAL (SINCE JULY 1ST).......  0.4

$$
REED
