000
CXUS55 KGJT 011138
CLMEEO


CLIMATE REPORT
NATIONAL WEATHER SERVICE GRAND JUNCTION CO
442 AM MDT FRI JUL 1 2016

...................................

...THE MEEKER CO CLIMATE SUMMARY FOR THE MONTH OF JUNE 2016...

CLIMATE NORMAL PERIOD 1981 TO 2010
CLIMATE RECORD PERIOD 9999 TO 9999

WEATHER         OBSERVED          NORMAL  DEPART  LAST YEAR`S
                 VALUE   DATE(S)  VALUE   FROM    VALUE  DATE(S)
                                          NORMAL
................................................................
TEMPERATURE (F)
HIGHEST            98   06/21        MM      MM       95  06/30
LOWEST             38   06/14        MM      MM       39  06/04
AVG. MAXIMUM     85.7              78.8     6.9     84.2
AVG. MINIMUM     45.9              42.8     3.1     47.1
MEAN             65.8              60.8     5.0     65.7
DAYS MAX >= 90      7               1.6     5.4       12
DAYS MAX <= 32      0               0.0     0.0        0
DAYS MIN <= 32      0               0.7    -0.7        0
DAYS MIN <= 0       0               0.0     0.0        0

PRECIPITATION (INCHES)
TOTALS           0.36              1.24   -0.88     0.90
DAILY AVG.       0.01              0.04   -0.03     0.03
DAYS >= .01         5                MM      MM        6
DAYS >= .10         1                MM      MM        5
DAYS >= .50         0                MM      MM        0
DAYS >= 1.00        0                MM      MM        0
GREATEST
 24 HR. TOTAL    0.21   06/24 TO 06/25              0.35

SNOWFALL (INCHES)
TOTALS             MM                MM      MM       MM
SINCE 7/1          MM                MM      MM       MM
SNOWDEPTH AVG.     MM                MM      MM       MM
DAYS >= 1.0        MM                MM      MM       MM
GREATEST
 SNOW DEPTH        MM                                 MM  MM
 24 HR TOTAL       MM                                 MM

DEGREE_DAYS
HEATING TOTAL      32               144    -112       51
 SINCE 7/1       7506              7977    -471     6899
COOLING TOTAL      64                17      47       79
 SINCE 1/1         64                18      46       79
.................................................................

WIND (MPH)
AVERAGE WIND SPEED              5.9
HIGHEST WIND SPEED/DIRECTION    35/250    DATE  06/29
HIGHEST GUST SPEED/DIRECTION    48/240    DATE  06/29

SKY COVER
POSSIBLE SUNSHINE (PERCENT)   MM
AVERAGE SKY COVER           0.10
NUMBER OF DAYS FAIR           28
NUMBER OF DAYS PC              2
NUMBER OF DAYS CLOUDY          0

AVERAGE RH (PERCENT)     45

WEATHER CONDITIONS. NUMBER OF DAYS WITH
THUNDERSTORM             11     MIXED PRECIP               0
HEAVY RAIN                0     RAIN                       4
LIGHT RAIN               12     FREEZING RAIN              0
LT FREEZING RAIN          0     HAIL                       0
HEAVY SNOW                0     SNOW                       0
LIGHT SNOW                0     SLEET                      0
FOG                       1     FOG W/VIS <= 1/4 MILE      0
HAZE                      0

-  INDICATES NEGATIVE NUMBERS.
R  INDICATES RECORD WAS SET OR TIED.
MM INDICATES DATA IS MISSING.
T  INDICATES TRACE AMOUNT.

$$
