000
CXUS55 KGJT 011047
CLMEEO


CLIMATE REPORT
NATIONAL WEATHER SERVICE GRAND JUNCTION CO
436 AM MDT SAT JUL 1 2017

...................................

...THE MEEKER CO CLIMATE SUMMARY FOR THE MONTH OF JUNE 2017...

CLIMATE NORMAL PERIOD 1981 TO 2010
CLIMATE RECORD PERIOD 9999 TO 9999

WEATHER         OBSERVED          NORMAL  DEPART  LAST YEAR`S
                 VALUE   DATE(S)  VALUE   FROM    VALUE  DATE(S)
                                          NORMAL
................................................................
TEMPERATURE (F)
HIGHEST            96   06/20        MM      MM       98  06/21
LOWEST             31   06/13        MM      MM       38  06/14
AVG. MAXIMUM     84.7              78.8     5.9     85.7
AVG. MINIMUM     44.1              42.8     1.3     45.9
MEAN             64.4              60.8     3.6     65.8
DAYS MAX >= 90      5               1.6     3.4        7
DAYS MAX <= 32      0               0.0     0.0        0
DAYS MIN <= 32      1               0.7     0.3        0
DAYS MIN <= 0       0               0.0     0.0        0

PRECIPITATION (INCHES)
TOTALS           0.78              1.24   -0.46     0.36
DAILY AVG.       0.03              0.04   -0.01     0.01
DAYS >= .01         2                MM      MM        5
DAYS >= .10         2                MM      MM        1
DAYS >= .50         1                MM      MM        0
DAYS >= 1.00        0                MM      MM        0
GREATEST
 24 HR. TOTAL    0.67   06/01 TO 06/01              0.21

SNOWFALL (INCHES)
TOTALS             MM                MM      MM       MM
SINCE 7/1          MM                MM      MM       MM
SNOWDEPTH AVG.     MM                MM      MM       MM
DAYS >= 1.0        MM                MM      MM       MM
GREATEST
 SNOW DEPTH        MM                                 MM  MM
 24 HR TOTAL       MM                                 MM

DEGREE_DAYS
HEATING TOTAL      56               144     -88       32
 SINCE 7/1       6771              7977   -1206     7506
COOLING TOTAL      45                17      28       64
 SINCE 1/1         45                18      27       64
.................................................................

WIND (MPH)
AVERAGE WIND SPEED              7.1
HIGHEST WIND SPEED/DIRECTION    43/220    DATE  06/12
HIGHEST GUST SPEED/DIRECTION    60/220    DATE  06/12

SKY COVER
POSSIBLE SUNSHINE (PERCENT)   MM
AVERAGE SKY COVER           0.10
NUMBER OF DAYS FAIR           30
NUMBER OF DAYS PC              0
NUMBER OF DAYS CLOUDY          0

AVERAGE RH (PERCENT)     41

WEATHER CONDITIONS. NUMBER OF DAYS WITH
THUNDERSTORM              5     MIXED PRECIP               0
HEAVY RAIN                1     RAIN                       1
LIGHT RAIN                3     FREEZING RAIN              0
LT FREEZING RAIN          0     HAIL                       0
HEAVY SNOW                0     SNOW                       0
LIGHT SNOW                0     SLEET                      0
FOG                       1     FOG W/VIS <= 1/4 MILE      0
HAZE                      3

-  INDICATES NEGATIVE NUMBERS.
R  INDICATES RECORD WAS SET OR TIED.
MM INDICATES DATA IS MISSING.
T  INDICATES TRACE AMOUNT.

$$
