000
CXUS56 KEKA 061735
CLMEKA

SFOCLMBHX 000
TTAA00 KEKA 061718


CLIMATE REPORT
NATIONAL WEATHER SERVICE EUREKA CA
917 AM PST SAT JAN 6 2018

...................................

...THE EUREKA CA CLIMATE SUMMARY FOR THE MONTH OF DECEMBER 2017...

CLIMATE NORMAL PERIOD 1981 TO 2010
CLIMATE RECORD PERIOD 1886 TO 2018

WEATHER         OBSERVED          NORMAL  DEPART  LAST YEAR`S
                 VALUE   DATE(S)  VALUE   FROM    VALUE
                                          NORMAL
.............................................................
TEMPERATURE (F)
RECORD
 HIGH              77   12/30/1963
 LOW               21   12/09/1972
HIGHEST            65   12/07                MM
LOWEST             30   12/21                MM
AVG. MAXIMUM     55.7                       0.7
AVG. MINIMUM     38.8                      -1.8
MEAN             47.3                      -0.5

PRECIPITATION (INCHES)
RECORD
 MAXIMUM        23.31   2002
 MINIMUM         0.52   1976
TOTALS           1.94              8.12   -6.18
DAYS >= .01         7              17.5   -10.5       17
DAYS >= .10         4              12.7    -8.7        9
DAYS >= .50         2               5.4    -3.4        5
DAYS >= 1.00        0               2.4    -2.4        4
GREATEST
 24 HR. TOTAL    0.93   12/19 TO 12/20

SNOWFALL (INCHES)
 LIQUID 7/1      0.00                        MM

DEGREE_DAYS
HEATING TOTAL     540               533       7      613
 SINCE 7/1       1800              1955    -155     1847
COOLING TOTAL       0                 0       0        0
 SINCE 1/1         15                 0      15        0
..............................................................

WIND (MPH)
AVERAGE WIND SPEED              2.3
HIGHEST WIND SPEED/DIRECTION    24/360    DATE  12/16
HIGHEST GUST SPEED/DIRECTION    36/MM     DATE  12/19

SKY COVER
POSSIBLE SUNSHINE (PERCENT)   MM
AVERAGE SKY COVER           0.60
NUMBER OF DAYS FAIR           10
NUMBER OF DAYS PC              8
NUMBER OF DAYS CLOUDY         13


WEATHER CONDITIONS. NUMBER OF DAYS WITH
THUNDERSTORM              0     HEAVY RAIN                 1
RAIN                      1     LIGHT RAIN                 9
HAIL                      0     SLEET                      0
FOG                       9     FOG W/VIS <= 1/4 MILE      4
HAZE                      3

-  INDICATES NEGATIVE NUMBERS.
R  INDICATES RECORD WAS SET OR TIED.
MM INDICATES DATA IS MISSING.
T  INDICATES TRACE AMOUNT.

&&

TOTAL RAINFALL...............  1.94 DEPARTURE FROM NORMAL.....- 6.18
TOTAL SINCE JANUARY 1ST...... 49.05 DEPARTURE FROM NORMAL.....+ 8.72
TOTAL SINCE OCT 1ST.......... 10.98 DEPARTURE FROM NORMAL.....- 4.99

HIGHEST SLP......... 30.41 ON  8 LOWEST SLP........29.95 ON 19

...REMARKS...HIGH PRESSURE DOMINATED THE WEST COAST FOR MUCH OF THE
MONTH OF DECEMBER. THIS KEPT EUREKA MUCH DRIER THAN NORMAL FOR THE
MONTH. LESS THAN 25 PERCENT OF THE NORMAL RAINFALL FELL DURING THE
MONTH TO MAKE IT THE EIGHTH DRIEST DECEMBER RECORDED.

THE HIGH PRESSURE ALSO HAD AN IMPACT ON THE TEMPERATURES. SOME DAYS
SAW AFTERNOON HIGH TEMPERATURES ABOVE NORMAL WITH CLEAR SKIES AND
OFFSHORE FLOW. THERE WERE ALSO DAYS WHEN LOW CLOUDS PERSISTED
THROUGH MUCH OF THE DAY AND KEPT TEMPERATURES IN THE 40S. OVERALL
TEMPERATURES ENDED UP CLOSE TO NORMAL. THE DRY CONDITIONS ALLOWED
TEMPERATURE TO DROP BELOW NORMAL AT NIGHT AND OVERNIGHT LOW
TEMPERATURES AVERAGED AROUND 2 DEGREES BELOW NORMAL FOR THE MONTH.
NO RECORDS WERE SET FOR THE MONTH.
$$
