000
CXUS51 KRLX 011803
CLMEKN


CLIMATE REPORT
NATIONAL WEATHER SERVICE CHARLESTON WV
100 PM EST SUN MAR 1 2015

...................................

...THE ELKINS CLIMATE SUMMARY FOR THE MONTH OF FEBRUARY 2015...

CLIMATE NORMAL PERIOD 1981 TO 2010
CLIMATE RECORD PERIOD 1899 TO 2015

WEATHER         OBSERVED          NORMAL  DEPART  LAST YEAR`S
                 VALUE   DATE(S)  VALUE   FROM    VALUE  DATE(S)
                                          NORMAL
................................................................
TEMPERATURE (F)
RECORD
 HIGH              77   02/11/1932
 LOW              -22   02/05/1996
                        02/08/1977
HIGHEST            62   02/08        MM      MM       61  02/21
LOWEST            -15   02/24        MM      MM       -3  02/28
AVG. MAXIMUM     33.0              42.8    -9.8     39.2
AVG. MINIMUM      7.2              21.5   -14.3     17.6
MEAN             20.1              32.2   -12.1     28.4
DAYS MAX >= 90      0               0.0     0.0        0
DAYS MAX <= 32     12               5.6     6.4
DAYS MIN <= 32     28              22.9     5.1       27
DAYS MIN <= 0      11               1.1     9.9        1

PRECIPITATION (INCHES)
RECORD
 MAXIMUM         6.51   1994
 MINIMUM         0.79   1978
TOTALS           2.70              3.10   -0.40     4.11
DAILY AVG.       0.10              0.11   -0.01     0.15
DAYS >= .01        15              15.5    -0.5       19
DAYS >= .10         7               8.2    -1.2       12
DAYS >= .50         2               1.5     0.5        3
DAYS >= 1.00        0               0.4    -0.4        0
GREATEST
 24 HR. TOTAL    0.96   02/21 TO 02/22           02/02 TO 02/03
                                                          02/03 TO 02/03
                                                          02/03 TO 02/03
 STORM TOTAL       MM                                 MM
 (MM/DD(HH))            MM                    02/03(00) TO 02/03(00)
                                                 02/03(00) TO 02/03(00)3
                                                 02/03(00) TO 02/03(00)3

SNOWFALL (INCHES)
RECORDS
 TOTAL           43.8   2010
TOTALS           30.6              18.7    11.9     36.7
SINCE 7/1        56.0              65.5    -9.5     75.9
SNOWDEPTH AVG.      5                 3       2        4
DAYS >= 1.0         9               6.1     2.9        9
GREATEST
 SNOW DEPTH        12   02/27                         14
                        02/22
 24 HR TOTAL      6.0   02/21 TO 02/21           02/03 TO 02/03
                                                          02/03 TO 02/03
                                                          02/03 TO 02/03

DEGREE_DAYS
HEATING TOTAL    1250               920     330     1020
 SINCE 7/1       4631              4321     310     4523
COOLING TOTAL       0                 0       0        0
 SINCE 1/1          0                 0       0        0
....................................................

WIND (MPH)
AVERAGE WIND SPEED              5.6
HIGHEST WIND SPEED/DIRECTION    36/300    DATE  02/14
HIGHEST GUST SPEED/DIRECTION    49/300    DATE  02/14

SKY COVER
POSSIBLE SUNSHINE (PERCENT)   MM
AVERAGE SKY COVER           0.70
NUMBER OF DAYS FAIR            3
NUMBER OF DAYS PC             12
NUMBER OF DAYS CLOUDY         13

AVERAGE RH (PERCENT)     73

WEATHER CONDITIONS. NUMBER OF DAYS WITH
THUNDERSTORM              0     MIXED PRECIP               0
HEAVY RAIN                0     RAIN                       3
LIGHT RAIN                7     FREEZING RAIN              0
LT FREEZING RAIN          1     HAIL                       0
HEAVY SNOW                4     SNOW                       8
LIGHT SNOW               20     SLEET                      0
FOG                      21     FOG W/VIS <= 1/4 MILE      5
HAZE                     11

-  INDICATES NEGATIVE NUMBERS.
R  INDICATES RECORD WAS SET OR TIED.
MM INDICATES DATA IS MISSING.
T  INDICATES TRACE AMOUNT.

$$
