650
CXUS55 KLKN 052118 CCA
CLMEKO

CLIMATE REPORT...CORRECTION
NATIONAL WEATHER SERVICE ELKO NV
120 PM PST MON FEB 5 2018

...................................

...THE ELKO AIRPORT NV CLIMATE SUMMARY FOR THE MONTH OF JANUARY
2018...

CLIMATE NORMAL PERIOD 1981 TO 2010
CLIMATE RECORD PERIOD 1888 TO 2018

WEATHER         OBSERVED          NORMAL  DEPART  LAST YEAR`S
                 VALUE   DATE(S)  VALUE   FROM    VALUE  DATE(S)
                                          NORMAL
................................................................
TEMPERATURE (F)
RECORD
 HIGH              65   01/26/2015
                        01/31/2003
 LOW              -43   01/21/1937
HIGHEST            59   01/30        52       7       44  01/08
LOWEST             17   01/21        -6      23      -17  01/06
                        01/02
AVG. MAXIMUM     47.3              36.3    11.0     30.7
AVG. MINIMUM     24.3              13.9    10.4     12.2
MEAN             35.8              25.1    10.7     21.5
DAYS MAX >= 90      0               0.0     0.0        0
DAYS MAX <= 32      0               9.5    -9.5       17
DAYS MIN <= 32     28              29.6    -1.6       30
DAYS MIN <= 0       0               4.3    -4.3        6

PRECIPITATION (INCHES)
RECORD
 MAXIMUM         5.71   1916
 MINIMUM            T   1920
                        1919
                        1915
TOTALS           0.47              1.12   -0.65     2.48
DAILY AVG.       0.02              0.04   -0.02     0.08
DAYS >= .01         7               9.1    -2.1       18
DAYS >= .10         2               3.4    -1.4        9
DAYS >= .50         0               0.5    -0.5        0
DAYS >= 1.00        0               0.0     0.0        0
GREATEST
 24 HR. TOTAL    0.14   01/06 TO 01/06              0.36

SNOWFALL (INCHES)
RECORDS
 TOTAL           48.5   1916
TOTALS            1.5              10.5    -9.0     30.6
SINCE 7/1         7.0              26.1   -19.1     48.3
SNOWDEPTH AVG.      0                                  7
DAYS >= TRACE       6               7.6    -1.6       25
DAYS >= 1.0         0               3.4    -3.4       10
GREATEST
 SNOW DEPTH         T   01/23                         11
 24 HR TOTAL      0.9   01/19 TO 01/19               7.5

DEGREE_DAYS
HEATING TOTAL     897              1237    -340     1340
 SINCE 7/1       3659              4185    -526     3939
COOLING TOTAL       0                 0       0        0
 SINCE 1/1          0                 0       0        0
.................................................................

WIND (MPH)
AVERAGE WIND SPEED              4.6
HIGHEST WIND SPEED/DIRECTION    32/170    DATE  01/18
HIGHEST GUST SPEED/DIRECTION    45/170    DATE  01/18

AVERAGE RH (PERCENT)     67

WEATHER CONDITIONS. NUMBER OF DAYS WITH
THUNDERSTORM              0     MIXED PRECIP               0
HEAVY RAIN                0     RAIN                       0
LIGHT RAIN                6     FREEZING RAIN              1
LT FREEZING RAIN          1     HAIL                       0
HEAVY SNOW                0     SNOW                       1
LIGHT SNOW                6     SLEET                      0
FOG                      11     FOG W/VIS <= 1/4 MILE      1
HAZE                      0

-  INDICATES NEGATIVE NUMBERS.
R  INDICATES RECORD WAS SET OR TIED.
MM INDICATES DATA IS MISSING.
T  INDICATES TRACE AMOUNT.

&&

=====================================================================

...4TH WARMEST JANUARY ON RECORD IN ELKO...

$$

BA/DS
