000
CXUS55 KLKN 011653
CLMEKO


CLIMATE REPORT
NATIONAL WEATHER SERVICE ELKO NV
944 AM PDT MON MAY 1 2017

...................................

...THE ELKO AIRPORT NV CLIMATE SUMMARY FOR THE MONTH OF APRIL 2017...

CLIMATE NORMAL PERIOD 1981 TO 2010
CLIMATE RECORD PERIOD 1888 TO 2017

WEATHER         OBSERVED          NORMAL  DEPART  LAST YEAR`S
                 VALUE   DATE(S)  VALUE   FROM    VALUE  DATE(S)
                                          NORMAL
................................................................
TEMPERATURE (F)
RECORD
 HIGH              87   04/22/2012
 LOW                5   04/02/1936
HIGHEST            74   04/12        77      -3       79  04/21
LOWEST             23   04/15        17       6       26  04/17
                        04/09
                        04/04
AVG. MAXIMUM     57.8              59.4    -1.6     63.1
AVG. MINIMUM     32.5              31.0     1.5     35.1
MEAN             45.2              45.2     0.0     49.1
DAYS MAX >= 90      0               0.0     0.0        0
DAYS MAX <= 32      0               0.0     0.0        0
DAYS MIN <= 32     17              16.5     0.5       12
DAYS MIN <= 0       0               0.0     0.0        0

PRECIPITATION (INCHES)
RECORD
 MAXIMUM         3.94   1900
 MINIMUM            T   1924
                        1916
                        1912
TOTALS           1.31              0.97    0.34     1.99
DAILY AVG.       0.04              0.03    0.01     0.07
DAYS >= .01         7               8.8    -1.8       13
DAYS >= .10         6               3.1     2.9        9
DAYS >= .50         0               0.3    -0.3        0
DAYS >= 1.00        0               0.0     0.0        0
GREATEST
 24 HR. TOTAL    0.36   04/18 TO 04/18              0.43

SNOWFALL (INCHES)
RECORDS
 TOTAL           19.0   1925
TOTALS              T               3.2    -3.2      1.0
SINCE 7/1        53.3              40.8    12.5     63.8
SNOWDEPTH AVG.      0                                  0
DAYS >= TRACE       5               3.2     1.8        5
DAYS >= 1.0         0               1.1    -1.1        0
DAYS >= 5.0         0                                  0
GREATEST
 SNOW DEPTH         0   MM                            -1
 24 HR TOTAL        T   04/28 TO 04/28               0.6

DEGREE_DAYS
HEATING TOTAL     588               594      -6      470
 SINCE 7/1       5959              6571    -612     6171
COOLING TOTAL       0                 0       0        0
 SINCE 1/1          0                 0       0        0
.................................................................

WIND (MPH)
AVERAGE WIND SPEED              7.0
HIGHEST WIND SPEED/DIRECTION    36/280    DATE  04/24
HIGHEST GUST SPEED/DIRECTION    47/160    DATE  04/06

AVERAGE RH (PERCENT)     56

WEATHER CONDITIONS. NUMBER OF DAYS WITH
THUNDERSTORM              0     MIXED PRECIP               0
HEAVY RAIN                0     RAIN                       5
LIGHT RAIN               11     FREEZING RAIN              0
LT FREEZING RAIN          0     HAIL                       0
HEAVY SNOW                0     SNOW                       0
LIGHT SNOW                5     SLEET                      0
FOG                       5     FOG W/VIS <= 1/4 MILE      0
HAZE                      1

-  INDICATES NEGATIVE NUMBERS.
R  INDICATES RECORD WAS SET OR TIED.
MM INDICATES DATA IS MISSING.
T  INDICATES TRACE AMOUNT.

&&

=====================================================================

...TIED 10TH LEAST SNOWY APRIL ON RECORD IN ELKO...

$$

DS
