000
CXUS56 KPQR 011625
CLMEUG


CLIMATE REPORT
NATIONAL WEATHER SERVICE PORTLAND OREGON
925 AM PDT WED NOV 1 2017

...................................

...THE EUGENE OR CLIMATE SUMMARY FOR THE MONTH OF OCTOBER 2017...

CLIMATE NORMAL PERIOD 1981 TO 2010
CLIMATE RECORD PERIOD 1892 TO 2017

WEATHER         OBSERVED          NORMAL  DEPART  LAST YEAR`S
                 VALUE   DATE(S)  VALUE   FROM    VALUE  DATE(S)
                                          NORMAL
................................................................
TEMPERATURE (F)
HIGHEST            76                                 77  10/09
LOWEST             27                                 38  10/19
AVG. MAXIMUM     63.4              64.2    -0.8     62.7
AVG. MINIMUM     39.4              41.2    -1.8     48.5
MEAN             51.4              52.7    -1.3     55.6
DAYS MAX >= 90      0               0.0     0.0        0
DAYS MAX <= 32      0               0.0     0.0        0
DAYS MIN <= 32      5               2.1     2.9        0
DAYS MIN <= 0       0               0.0     0.0        0

PRECIPITATION (INCHES)
RECORD
 MAXIMUM        12.66   1950
 MINIMUM            T   1895
TOTALS           4.08              3.25    0.83    10.19
DAYS >= .01        10              11.4    -1.4       26
DAYS >= .10         8               7.0     1.0       20
DAYS >= .50         3               1.9     1.1        8
DAYS >= 1.00        1               0.6     0.4        3
GREATEST
 24 HR. TOTAL    1.23   10/22 TO 10/22

DEGREE_DAYS
HEATING TOTAL     414               382      32      285
 SINCE 7/1        545               570     -25      413
COOLING TOTAL       0                 1      -1        2
 SINCE 1/1        376               239     137      325
.................................................................

WIND (MPH)
AVERAGE WIND SPEED              7.1
RESULTANT WIND SPEED/DIRECTION   1/250
HIGHEST WIND SPEED/DIRECTION    26/300    DATE  10/11
HIGHEST GUST SPEED/DIRECTION    32/190    DATE  10/21

SKY COVER
POSSIBLE SUNSHINE (PERCENT)   MM
AVERAGE SKY COVER           0.50
NUMBER OF DAYS FAIR            5
NUMBER OF DAYS PC             20
NUMBER OF DAYS CLOUDY          6

AVERAGE RH (PERCENT)     78

WEATHER CONDITIONS. NUMBER OF DAYS WITH
THUNDERSTORM              0     MIXED PRECIP               0
HEAVY RAIN                2     RAIN                       3
LIGHT RAIN               10     FREEZING RAIN              0
LT FREEZING RAIN          0     HAIL                       0
HEAVY SNOW                0     SNOW                       0
LIGHT SNOW                0     SLEET                      0
FOG                      25     FOG W/VIS <= 1/4 MILE     10
HAZE                      5

-  INDICATES NEGATIVE NUMBERS.
R  INDICATES RECORD WAS SET OR TIED.
MM INDICATES DATA IS MISSING.
T  INDICATES TRACE AMOUNT.

$$
