000
CXUS52 KEYW 020011
CLMEYW

CLIMATE REPORT
NATIONAL WEATHER SERVICE KEY WEST, FL
759 PM EDT TUE JUL 1 2014

...................................

...THE KEY WEST CLIMATE SUMMARY FOR THE MONTH OF JUNE 2014...

CLIMATE NORMAL PERIOD 1981 TO 2010
CLIMATE RECORD PERIOD 1871 TO 2014

WEATHER         OBSERVED          NORMAL  DEPART  LAST YEAR`S
                 VALUE   DATE(S)  VALUE   FROM    VALUE  DATE(S)
                                          NORMAL
................................................................
TEMPERATURE (F)
RECORD
 HIGH              96   06/06/1881
 LOW               65   06/02/1932
HIGHEST            91   06/29                         91  06/20
                        06/28
                        06/25
LOWEST             74   06/12                         73  06/03
AVG. MAXIMUM     87.8              87.8     0.0     87.3
AVG. MINIMUM     79.0              78.8     0.2     79.3
MEAN             83.4              83.3     0.1     83.3
DAYS MAX >= 90     10               3.1     6.9        4
DAYS MAX <= 32      0               0.0     0.0        0
DAYS MIN <= 32      0               0.0     0.0        0
DAYS MIN <= 0       0               0.0     0.0        0

PRECIPITATION (INCHES)
RECORD
 MAXIMUM        14.43   1972
 MINIMUM         0.14   1927
TOTALS           2.38              4.11   -1.73     8.54
DAILY AVG.       0.08              0.14   -0.06     0.28
DAYS >= .01        13              11.0     2.0       14
DAYS >= .10         7               6.3     0.7       10
DAYS >= .50         1               2.5    -1.5        8
DAYS >= 1.00        0               1.2    -1.2        2

SNOWFALL (INCHES)
RECORDS
 TOTAL
TOTALS            0.0               0.0     0.0      0.0
SINCE 7/1         0.0               0.0     0.0      0.0
SNOWDEPTH AVG.      0               0.0     0.0        0
DAYS >= 1.0         0               0.0     0.0        0
GREATEST
 SNOW DEPTH         0                                  0
 24 HR TOTAL      0.0   06/30 TO 06/30

DEGREE_DAYS
HEATING TOTAL       0                 0       0        0
 SINCE 7/1         22                73     -51       28
COOLING TOTAL     558               549       9      558
 SINCE 1/1       2180              1979     201     2187
.................................................................

WIND (MPH)
AVERAGE WIND SPEED              7.9
HIGHEST WIND SPEED/DIRECTION    29/020    DATE  06/29
HIGHEST GUST SPEED/DIRECTION    44/020    DATE  06/29

SKY COVER
POSSIBLE SUNSHINE (PERCENT)   MM
AVERAGE SKY COVER           0.20
NUMBER OF DAYS FAIR           27
NUMBER OF DAYS PC              2
NUMBER OF DAYS CLOUDY          1

AVERAGE RH (PERCENT)     73

WEATHER CONDITIONS. NUMBER OF DAYS WITH
THUNDERSTORM              0     MIXED PRECIP               0
HEAVY RAIN                8     RAIN                       6
LIGHT RAIN               12     FREEZING RAIN              0
LT FREEZING RAIN          0     HAIL                       0
HEAVY SNOW                0     SNOW                       0
LIGHT SNOW                0     SLEET                      0
FOG                       5     FOG W/VIS <= 1/4 MILE      0
HAZE                      0

-  INDICATES NEGATIVE NUMBERS.
R  INDICATES RECORD WAS SET OR TIED.
MM INDICATES DATA IS MISSING.
T  INDICATES TRACE AMOUNT.

$$
