392
CXUS55 KFGZ 012046
CLMFLG


CLIMATE REPORT
NATIONAL WEATHER SERVICE FLAGSTAFF, AZ
146 PM MST THU DEC 1 2016

...................................

...THE FLAGSTAFF AZ AIRPORT CLIMATE SUMMARY FOR THE MONTH OF NOVEMBER 2016...

CLIMATE NORMAL PERIOD 1981 TO 2010
CLIMATE RECORD PERIOD 1898 TO 2016

WEATHER         OBSERVED          NORMAL  DEPART  LAST YEAR`S
                 VALUE   DATE(S)  VALUE   FROM    VALUE  DATE(S)
                                          NORMAL
................................................................
TEMPERATURE (F)
RECORD
 HIGH              74   11/03/1977
                        11/08/1973
 LOW              -13   11/18/1958
HIGHEST            72   11/15                         67  11/01
LOWEST              2   11/30                          5  11/30
AVG. MAXIMUM     52.9              50.5     2.4     47.6
AVG. MINIMUM     24.3              22.9     1.4     20.6
MEAN             38.6              36.7     1.9     34.1
DAYS MAX >= 90      0               0.0     0.0        0
DAYS MAX <= 32      1               0.5     0.5        0
DAYS MIN <= 32     26              27.5    -1.5       29
DAYS MIN <= 0       0               0.2    -0.2        0

PRECIPITATION (INCHES)
RECORD
 MAXIMUM         7.10   1905
 MINIMUM         0.00   1999
                        1932
                        1916
TOTALS           1.98              1.76    0.22     2.83
DAILY AVG.       0.07              0.06    0.01     0.09
DAYS >= .01         5               4.9     0.1        5
DAYS >= .10         4               3.4     0.6        5
DAYS >= .50         2               1.1     0.9        2
DAYS >= 1.00        0               0.4    -0.4        1
GREATEST
 24 HR. TOTAL    1.37   11/20 TO 11/21              1.51

SNOWFALL (INCHES)
RECORDS
 TOTAL           42.6   1902
TOTALS            5.5              10.7             14.6
SINCE 7/1         5.5              12.2    -6.7     14.6
SNOWDEPTH AVG.      0                MM      MM        1
GREATEST
 SNOW DEPTH         5   11/29                          6  11/05
 24 HR TOTAL      4.7   MM                           9.9

DEGREE_DAYS
HEATING TOTAL     783               849     -66      921
 SINCE 7/1       1560              1732    -172     1590
COOLING TOTAL       0                 0       0        0
 SINCE 1/1        131               117      14      115
.................................................................

WIND (MPH)
AVERAGE WIND SPEED              6.7
HIGHEST WIND SPEED/DIRECTION    38/220    DATE  11/26
HIGHEST GUST SPEED/DIRECTION    46/200    DATE  11/26

SKY COVER
POSSIBLE SUNSHINE (PERCENT)   MM
AVERAGE SKY COVER           0.20
NUMBER OF DAYS FAIR           23
NUMBER OF DAYS PC              5
NUMBER OF DAYS CLOUDY          2

AVERAGE RH (PERCENT)     60

WEATHER CONDITIONS. NUMBER OF DAYS WITH
THUNDERSTORM              0     MIXED PRECIP               0
HEAVY RAIN                0     RAIN                       2
LIGHT RAIN                3     FREEZING RAIN              0
LT FREEZING RAIN          0     HAIL                       0
HEAVY SNOW                2     SNOW                       2
LIGHT SNOW                3     SLEET                      0
FOG                       6     FOG W/VIS <= 1/4 MILE      3
HAZE                      7

-  INDICATES NEGATIVE NUMBERS.
R  INDICATES RECORD WAS SET OR TIED.
MM INDICATES DATA IS MISSING.
T  INDICATES TRACE AMOUNT.

$$
