000
CXUS52 KMFL 011505
CLMFLL

CLIMATE REPORT
NATIONAL WEATHER SERVICE MIAMI, FL
1051 AM EDT FRI AUG 1 2014

...................................

...THE FORT LAUDERDALE CLIMATE SUMMARY FOR THE MONTH OF JULY 2014...

CLIMATE NORMAL PERIOD 1981 TO 2010
CLIMATE RECORD PERIOD 1839 TO 2014

WEATHER         OBSERVED          NORMAL  DEPART  LAST YEAR`S
                 VALUE   DATE(S)  VALUE   FROM    VALUE
                                          NORMAL
.............................................................
TEMPERATURE (F)
RECORD
 HIGH              99   07/13/1980
                        07/22/1966
                        07/22/1924
 LOW               64   07/09/1975
                        07/08/1975
                        07/02/1975
HIGHEST            95   07/18                         93
LOWEST             74   07/17                         71
AVG. MAXIMUM     90.9              90.3     0.6     87.3
AVG. MINIMUM     78.2              78.3    -0.1     76.0
MEAN             84.6              84.3     0.3     81.7
DAYS MAX >= 90     22                                  3
DAYS MAX <= 32      0                                  0
DAYS MIN <= 32      0                                  0
DAYS MIN <= 0       0                                  0

PRECIPITATION (INCHES)
RECORD
 MAXIMUM        15.49   2013
 MINIMUM         0.78   1942
TOTALS           9.18              5.98    3.20    15.49
DAILY AVG.       0.30              0.19    0.11     0.50
DAYS >= .01        23                                 20
DAYS >= .10        18                                 17
DAYS >= .50         6                                  6
DAYS >= 1.00        2                                  5
GREATEST
 24 HR. TOTAL    1.25   07/04 TO 07/05              5.73

DEGREE_DAYS
HEATING TOTAL       0                 0       0        0
 SINCE 7/1          0                 0       0        0
COOLING TOTAL     614               598      16      525
 SINCE 1/1       2665              2559     106     2465
..............................................................

WIND (MPH)
AVERAGE WIND SPEED              5.8
HIGHEST WIND SPEED/DIRECTION    29/210    DATE  07/03
HIGHEST GUST SPEED/DIRECTION    40/210    DATE  07/03

SKY COVER
AVERAGE SKY COVER           0.60

AVERAGE RH (PERCENT)     74

WEATHER CONDITIONS. NUMBER OF DAYS WITH
THUNDERSTORM             24     MIXED PRECIP               0
HEAVY RAIN               10     RAIN                       7
LIGHT RAIN               21     FREEZING RAIN              0
LT FREEZING RAIN          0     HAIL                       0
HEAVY SNOW                0     SNOW                       0
LIGHT SNOW                0     SLEET                      0
FOG                      16     FOG W/VIS <= 1/4 MILE      0
HAZE                     11

-  INDICATES NEGATIVE NUMBERS.
R  INDICATES RECORD WAS SET OR TIED.
MM INDICATES DATA IS MISSING.
T  INDICATES TRACE AMOUNT.

...............DATA FOR HOLLYWOOD...JULY 2014..................
.....NORMALS USED FOR COMPARISON ARE FORT LAUDERDALE (FLL).....

...TEMPERATURE DATA...

AVERAGE FOR THE MONTH .... 82.7 OR 1.6 DEGREES BELOW NORMAL.
AVERAGE MAXIMUM .......... 89.7 OR 0.6 DEGREES BELOW NORMAL.
AVERAGE MINIMUM .......... 75.7 OR 2.6 DEGREES BELOW NORMAL.

HIGHEST TEMPERATURE FOR THE MONTH: 94 DEGREES ON THE 30TH,31ST.
LOWEST  TEMPERATURE FOR THE MONTH: 72 DEGREES ON THE 18TH,19TH.


...PRECIPITATION...

TOTAL FOR THE MONTH 10.93 INCHES OR 4.95 INCHES ABOVE NORMAL.
TOTAL FOR THE YEAR  38.95 INCHES OR 5.32 INCHES ABOVE NORMAL.
GREATEST 24-HOUR PERIOD RAINFALL 1.55 INCHES ON THE 22ND.

NUMBER OF DAYS HAVING 0.01 INCHES OR MORE ... 22.
NUMBER OF DAYS HAVING 0.10 INCHES OR MORE ... 20.
NUMBER OF DAYS HAVING 0.50 INCHES OR MORE ...  9.
NUMBER OF DAYS HAVING 1.00 INCHES OR MORE ...  6.

$$


$$
