420
CXUS52 KMFL 011227
CLMFLL


CLIMATE REPORT
NATIONAL WEATHER SERVICE MIAMI, FL
725 AM EST THU FEB 1 2018

...................................

...THE FORT LAUDERDALE CLIMATE SUMMARY FOR THE MONTH OF JANUARY 2018...

CLIMATE NORMAL PERIOD 1981 TO 2010
CLIMATE RECORD PERIOD 1912 TO 2018

WEATHER         OBSERVED          NORMAL  DEPART  LAST YEAR`S
                 VALUE   DATE(S)  VALUE   FROM    VALUE
                                          NORMAL
.............................................................
TEMPERATURE (F)
RECORD
 HIGH              88   01/14/1979
                        01/26/1965
                        01/20/1947
 LOW               28   01/20/1977
                        01/19/1977
HIGHEST            83   01/29                         85
LOWEST             39   01/04                         48
AVG. MAXIMUM     73.2              76.3    -3.1     78.0
AVG. MINIMUM     59.0              61.6    -2.6     63.5
MEAN             66.1              69.0    -2.9     70.7
DAYS MAX >= 90      0                                  0
DAYS MAX <= 32      0                                  0
DAYS MIN <= 32      0                                  0
DAYS MIN <= 0       0                                  0

PRECIPITATION (INCHES)
RECORD
 MAXIMUM        10.03   1993
 MINIMUM         0.00   1951
                        1949
TOTALS           2.32              3.63   -1.31     1.71
DAILY AVG.       0.07              0.12   -0.05     0.06
DAYS >= .01        10                                 11
DAYS >= .10         6                                  5
DAYS >= .50         1                                  1
DAYS >= 1.00        1                                  0
GREATEST
 24 HR. TOTAL    1.12   01/02 TO 01/02              0.58

DEGREE_DAYS
HEATING TOTAL      84                48      36       27
 SINCE 7/1        126                80      46       29
COOLING TOTAL     125               170     -45      213
 SINCE 1/1        125               172     -47      213
..............................................................

WIND (MPH)
AVERAGE WIND SPEED              11.3
HIGHEST WIND SPEED/DIRECTION    31/100    DATE  01/26
HIGHEST GUST SPEED/DIRECTION    38/290    DATE  01/03

SKY COVER
POSSIBLE SUNSHINE (PERCENT)   MM
AVERAGE SKY COVER           0.60
NUMBER OF DAYS FAIR            3
NUMBER OF DAYS PC             17
NUMBER OF DAYS CLOUDY         11

AVERAGE RH (PERCENT)     78

WEATHER CONDITIONS. NUMBER OF DAYS WITH
THUNDERSTORM              3     MIXED PRECIP               0
HEAVY RAIN                6     RAIN                       5
LIGHT RAIN               10     FREEZING RAIN              0
LT FREEZING RAIN          0     HAIL                       0
HEAVY SNOW                0     SNOW                       0
LIGHT SNOW                0     SLEET                      0
FOG                       8     FOG W/VIS <= 1/4 MILE      0
HAZE                      1

-  INDICATES NEGATIVE NUMBERS.
R  INDICATES RECORD WAS SET OR TIED.
MM INDICATES DATA IS MISSING.
T  INDICATES TRACE AMOUNT.

..................................................................


.................DATA FOR HOLLYWOOD...JANUARY 2018..............
.....NORMALS USED FOR COMPARISON ARE FORT LAUDERDALE AP (FLL).....


....TEMPERATURE DATA...

AVERAGE FOR THE MONTH .... 66.0 OR 3.0 DEGREES BELOW NORMAL.
AVERAGE MAXIMUM .......... 73.9 OR 2.4 DEGREES BELOW NORMAL.
AVERAGE MINIMUM .......... 58.0 OR 3.6 DEGREES BELOW NORMAL.

HIGHEST TEMPERATURE FOR THE MONTH: 82 DEGREES ON THE
12TH,13TH,24TH,30TH.
LOWEST  TEMPERATURE FOR THE MONTH: 39 DEGREES ON THE 4TH, 5TH.


...PRECIPITATION...

TOTAL FOR THE MONTH 3.68  INCHES OR 0.05 INCHES ABOVE NORMAL.
TOTAL FOR THE YEAR  3.68 INCHES  OR 0.05 INCHES ABOVE NORMAL.
GREATEST 24-HOUR PERIOD RAINFALL 1.60 INCHES ON THE 10TH.

NUMBER OF DAYS HAVING 0.01 INCHES OR MORE ...  7.
NUMBER OF DAYS HAVING 0.10 INCHES OR MORE ...  6.
NUMBER OF DAYS HAVING 0.50 INCHES OR MORE ...  2.
NUMBER OF DAYS HAVING 1.00 INCHES OR MORE ...  2.

..................................................................
$$
