000
CXUS52 KILM 191758
CLMFLO

CLIMATE REPORT...CORRECTED
NATIONAL WEATHER SERVICE WILMINGTON NC
158 PM EDT SAT JUL 19 2017

...................................

...THE FLORENCE SC CLIMATE SUMMARY FOR THE MONTH OF JUNE 2017...

CLIMATE NORMAL PERIOD 1981 TO 2010
CLIMATE RECORD PERIOD 1948 TO 2017

WEATHER         OBSERVED          NORMAL  DEPART  LAST YEAR`S
                 VALUE   DATE(S)  VALUE   FROM    VALUE  DATE(S)
                                          NORMAL
................................................................
TEMPERATURE (F)
RECORD
 HIGH             108   06/27/1954
 LOW               47   06/02/1966
HIGHEST            95   06/15                         97  06/23
                                                          06/16
                                                          06/14
LOWEST             56   06/09                         63  06/19
                                                          06/09
AVG. MAXIMUM     87.1              88.4    -1.3     91.1
AVG. MINIMUM     67.9              68.0    -0.1     70.9
MEAN             77.5              78.2    -0.7     81.0
DAYS MAX >= 90      8              12.6    -4.6       23
DAYS MAX <= 32      0               0.0     0.0        0
DAYS MIN <= 32      0               0.0     0.0        0
DAYS MIN <= 0       0               0.0     0.0        0

PRECIPITATION (INCHES)
RECORD
 MAXIMUM         9.29   1961
 MINIMUM         0.17   2008
TOTALS           4.24              4.62   -0.38     3.94
DAILY AVG.       0.14              0.15   -0.01     0.13
DAYS >= .01        13              10.0     3.0       10
DAYS >= .10         7               7.0     0.0        5
DAYS >= .50         4               3.0     1.0        4
DAYS >= 1.00        1               1.2    -0.2        2
GREATEST
 24 HR. TOTAL    1.25   06/20 TO 06/20

SNOWFALL (INCHES)
RECORDS
 TOTAL             MM   MM
TOTALS             MM               0.0
SINCE 7/1          MM               1.5

DEGREE_DAYS
HEATING TOTAL       0                 1      -1        0
COOLING TOTAL     369               397     -28      487
......................................................

WIND (MPH)
AVERAGE WIND SPEED              6.1
RESULTANT WIND SPEED/DIRECTION   2/201
HIGHEST WIND SPEED/DIRECTION    26/110    DATE  06/15
HIGHEST GUST SPEED/DIRECTION    31/110    DATE  06/15

SKY COVER
POSSIBLE SUNSHINE (PERCENT)   MM
AVERAGE SKY COVER           0.30
NUMBER OF DAYS FAIR           16
NUMBER OF DAYS PC             14
NUMBER OF DAYS CLOUDY          0

AVERAGE RH (PERCENT)     72

WEATHER CONDITIONS. NUMBER OF DAYS WITH
THUNDERSTORM              8     MIXED PRECIP              MM
HEAVY RAIN                7     RAIN                       9
LIGHT RAIN               14     FREEZING RAIN              0
LT FREEZING RAIN          0     HAIL                      MM
HEAVY SNOW                0     SNOW                       0
LIGHT SNOW                0     SLEET                     MM
FOG                      14     FOG W/VIS <= 1/4 MILE      1
HAZE                      3

-  INDICATES NEGATIVE NUMBERS.
R  INDICATES RECORD WAS SET OR TIED.
MM INDICATES DATA IS MISSING.
T  INDICATES TRACE AMOUNT.

$$
