182
CXUS52 KTBW 021345
CLMFMY


CLIMATE REPORT
NATIONAL WEATHER SERVICE TAMPA BAY FL
845 AM EST FRI DEC 2 2016

...................................

...THE FORT MYERS CLIMATE SUMMARY FOR THE MONTH OF NOVEMBER 2016...

   ...TIED FOR DRIEST NOVEMBER SINCE RECORDS BEGAN IN 1902...

CLIMATE NORMAL PERIOD 1981 TO 2010
CLIMATE RECORD PERIOD 1902 TO 2016

WEATHER         OBSERVED          NORMAL  DEPART  LAST YEAR`S
                 VALUE   DATE(S)  VALUE   FROM    VALUE  DATE(S)
                                          NORMAL
................................................................
TEMPERATURE (F)
ALL-TIME NOVEMBER RECORD
 HIGH              95   11/23/1986
 LOW               34   11/25/1970
                        11/30/1959
                        11/26/1950

NOVEMBER 2016
HIGHEST            86   11/29        MM      MM       92  11/04
                        11/25
                        11/10
LOWEST             47   11/22        MM      MM       55  11/24
                        11/21
AVG. MAXIMUM     82.1              81.3     0.8     84.8
AVG. MINIMUM     60.0              62.0    -2.0     68.5
MEAN             71.1              71.7    -0.6     76.7
DAYS MAX >= 90      0               0.4    -0.4        2
DAYS MAX <= 32      0               0.0     0.0        0
DAYS MIN <= 32      0               0.0     0.0        0
DAYS MIN <= 0       0               0.0     0.0        0

PRECIPITATION (INCHES)
ALL-TIME NOVEMBER RECORD
 MAXIMUM         8.06   1987
 MINIMUM            T   2000
                        1944

NOVEMBER 2016
TOTALS              TR             1.96   -1.96     1.96
DAILY AVG.          T              0.07   -0.07     0.07
DAYS >= .01         0               4.4    -4.4        5
DAYS >= .10         0               2.9    -2.9        3
DAYS >= .50         0               1.0    -1.0        2
DAYS >= 1.00        0               0.4    -0.4        1
GREATEST
 24 HR. TOTAL       T   11/30 TO 11/30
                        11/14 TO 11/14

DEGREE_DAYS
HEATING TOTAL       5                16     -11        0
 SINCE 7/1          5                18     -13        0
COOLING TOTAL     195               215     -20      359
 SINCE 1/1       4008              3863     145     4326
.................................................................

WIND (MPH)
AVERAGE WIND SPEED              6.6
HIGHEST WIND SPEED/DIRECTION    21/020    DATE  11/20
HIGHEST GUST SPEED/DIRECTION    28/060    DATE  11/01

SKY COVER (DOES NOT INCLUDE ANY CLOUDS ABOVE 12000 FEET)
POSSIBLE SUNSHINE (PERCENT)   MM
AVERAGE SKY COVER           0.20
NUMBER OF DAYS FAIR           23
NUMBER OF DAYS PC              7
NUMBER OF DAYS CLOUDY          0

AVERAGE RH (PERCENT)     67

WEATHER CONDITIONS. NUMBER OF DAYS WITH
THUNDERSTORM              0     MIXED PRECIP               0
HEAVY RAIN                0     RAIN                       0
LIGHT RAIN                4     FREEZING RAIN              0
LT FREEZING RAIN          0     HAIL                       0
HEAVY SNOW                0     SNOW                       0
LIGHT SNOW                0     SLEET                      0
FOG                       8     FOG W/VIS <= 1/4 MILE      0
HAZE                      7
 .................................................................

REMARKS
THE NOVEMBER 2016 MONTHLY AVERAGE TEMPERATURE OF 71.1 DEGREES
RANKS AS 43RD WARMEST NOVEMBER SINCE RECORDS BEGAN IN 1902. THE
WARMEST NOVEMBER HAD AN AVERAGE TEMPERATURE OF 78.3 DEGREES WHICH
OCCURRED IN 1986.

THE NOVEMBER 2016 MONTHLY RAINFALL TOTAL OF A TRACE TIES WITH
2000 AND 1944 AS THE DRIEST NOVEMBER SINCE RECORDS BEGAN IN 1902.


-  INDICATES NEGATIVE NUMBERS.
R  INDICATES RECORD WAS SET OR TIED.
MM INDICATES DATA IS MISSING.
T  INDICATES TRACE AMOUNT.

$$
