000
CXUS54 KTSA 011629
CLMFSM

CLIMATE REPORT
NATIONAL WEATHER SERVICE TULSA OK
1130 AM CDT WED JUL 1 2015

...................................

...THE FORT SMITH ARKANSAS CLIMATE SUMMARY FOR THE MONTH OF JUNE 2015...

CLIMATE NORMAL PERIOD 1981 TO 2010
CLIMATE RECORD PERIOD 1882 TO 2015

WEATHER         OBSERVED          NORMAL  DEPART  LAST YEAR`S
                 VALUE   DATE(S)  VALUE   FROM    VALUE  DATE(S)
                                          NORMAL
................................................................
TEMPERATURE (F)
RECORD
 HIGH             106   06/28/2012
 LOW               56   06/05/2009
HIGHEST            96   06/10       106     -10       95
LOWEST             63   06/01        47      16       61
AVG. MAXIMUM     90.5              88.1     2.4     88.2
AVG. MINIMUM     71.1              67.5     3.6     70.4
MEAN             80.8              77.8     3.0     79.3
DAYS MAX >= 90     21
DAYS MAX <= 32      0
DAYS MIN <= 32      0
DAYS MIN <= 0       0

PRECIPITATION (INCHES)
RECORD
 MAXIMUM        15.02   1945
 MINIMUM         0.38   1914
TOTALS           3.13              4.28   -1.15     4.45
DAILY AVG.       0.10              0.14   -0.04     0.15
DAYS >= .01         8               9.3    -1.3       12
DAYS >= .10         8               6.2     1.8        8
DAYS >= .50         2               3.1    -1.1        3
DAYS >= 1.00        1               1.3    -0.3        1
GREATEST
 24 HR. TOTAL    1.19   06/16 TO 06/16

DEGREE_DAYS
COOLING TOTAL     483               385      98      438
 SINCE 1/1        723               629      94      716
.................................................................

WIND (MPH)
AVERAGE WIND SPEED              6.0
HIGHEST WIND SPEED/DIRECTION    44/280    DATE  06/26
HIGHEST GUST SPEED/DIRECTION    56/280    DATE  06/26

SKY COVER
POSSIBLE SUNSHINE (PERCENT)   MM
AVERAGE SKY COVER           0.20
NUMBER OF DAYS FAIR           21
NUMBER OF DAYS PC              8
NUMBER OF DAYS CLOUDY          1

AVERAGE RH (PERCENT)     68

WEATHER CONDITIONS. NUMBER OF DAYS WITH
THUNDERSTORM              0     MIXED PRECIP               0
HEAVY RAIN                6     RAIN                       4
LIGHT RAIN                8     FREEZING RAIN              0
LT FREEZING RAIN          0     HAIL                       0
HEAVY SNOW                0     SNOW                       0
LIGHT SNOW                0     SLEET                      0
FOG                      12     FOG W/VIS <= 1/4 MILE      1
HAZE                      6

-  INDICATES NEGATIVE NUMBERS.
R  INDICATES RECORD WAS SET OR TIED.
MM INDICATES DATA IS MISSING.
T  INDICATES TRACE AMOUNT.

&&
-------------------------------------------------------------------
 YEARLY PRECIPITATION (INCHES):
 TOTAL.....................36.38
 DEPARTURE FROM NORMAL.....+12.91
$$
