000
CXUS54 KTSA 011123
CLMFSM

CLIMATE REPORT
NATIONAL WEATHER SERVICE TULSA OK
623 AM CDT SAT AUG 1 2015

...................................

...THE FORT SMITH ARKANSAS CLIMATE SUMMARY FOR THE MONTH OF JULY 2015...

CLIMATE NORMAL PERIOD 1981 TO 2010
CLIMATE RECORD PERIOD 1882 TO 2015

WEATHER         OBSERVED          NORMAL  DEPART  LAST YEAR`S
                 VALUE   DATE(S)  VALUE   FROM    VALUE  DATE(S)
                                          NORMAL
................................................................
TEMPERATURE (F)
RECORD
 HIGH             111   07/14/1954
                        07/13/1954
 LOW               50   07/06/1972
HIGHEST           100   07/20       111     -11       98
LOWEST             69   07/03        50      19       59
AVG. MAXIMUM     94.4              93.0     1.4     87.9
AVG. MINIMUM     74.7              71.6     3.1     68.6
MEAN             84.5              82.3     2.2     78.3
DAYS MAX >= 90     26
DAYS MAX <= 32      0
DAYS MIN <= 32      0
DAYS MIN <= 0       0

PRECIPITATION (INCHES)
RECORD
 MAXIMUM        14.99   1895
 MINIMUM         0.07   2001
TOTALS           8.79              3.30    5.49     2.68
DAILY AVG.       0.28              0.11    0.17     0.09
DAYS >= .01         7               6.5     0.5       11
DAYS >= .10         7               4.7     2.3        7
DAYS >= .50         5               2.1     2.9        1
DAYS >= 1.00        2               0.9     1.1        0
GREATEST
 24 HR. TOTAL    4.38   07/21 TO 07/21
                        07/20 TO 07/21
                        07/21 TO 07/21

DEGREE_DAYS
COOLING TOTAL     614               536      78      419
 SINCE 1/1       1337              1165     172     1135
.................................................................

WIND (MPH)
AVERAGE WIND SPEED              5.6
HIGHEST WIND SPEED/DIRECTION    35/050    DATE  07/21
HIGHEST GUST SPEED/DIRECTION    47/260    DATE  07/03

SKY COVER
POSSIBLE SUNSHINE (PERCENT)   MM
AVERAGE SKY COVER           0.20
NUMBER OF DAYS FAIR           26
NUMBER OF DAYS PC              5
NUMBER OF DAYS CLOUDY          0

AVERAGE RH (PERCENT)     67

WEATHER CONDITIONS. NUMBER OF DAYS WITH
THUNDERSTORM              0     MIXED PRECIP               0
HEAVY RAIN                7     RAIN                       7
LIGHT RAIN                7     FREEZING RAIN              0
LT FREEZING RAIN          0     HAIL                       0
HEAVY SNOW                0     SNOW                       0
LIGHT SNOW                0     SLEET                      0
FOG                      12     FOG W/VIS <= 1/4 MILE      1
HAZE                      5

-  INDICATES NEGATIVE NUMBERS.
R  INDICATES RECORD WAS SET OR TIED.
MM INDICATES DATA IS MISSING.
T  INDICATES TRACE AMOUNT.

&&
-------------------------------------------------------------------
 YEARLY PRECIPITATION (INCHES):
 TOTAL.....................45.17
 DEPARTURE FROM NORMAL.....+18.40
$$
