000
CXUS51 KCAR 151219
CLMFVE


CLIMATE REPORT
NATIONAL WEATHER SERVICE CARIBOU, ME
719 AM EST THU FEB 15 2018

...................................

...THE FRENCHVILLE ME CLIMATE SUMMARY FOR THE MONTH OF JANUARY 2018...

CLIMATE NORMAL PERIOD 1981 TO 2010
CLIMATE RECORD PERIOD 9999 TO 9999

WEATHER         OBSERVED          NORMAL  DEPART  LAST YEAR`S
                 VALUE   DATE(S)  VALUE   FROM    VALUE  DATE(S)
                                          NORMAL
................................................................
TEMPERATURE (F)
RECORD
 HIGH              MM   MM
 LOW               MM   MM
HIGHEST            47   01/12        MM      MM       42  01/11
LOWEST            -20   01/15        MM      MM      -14  01/09
AVG. MAXIMUM     17.0              17.2    -0.2     23.5
AVG. MINIMUM      0.5               0.7    -0.2      9.6
MEAN              8.7               9.0    -0.3     16.6
DAYS MAX >= 90      0               0.0     0.0        0
DAYS MAX <= 32     27              27.5    -0.5       28
DAYS MIN <= 32     31              30.9     0.1       31
DAYS MIN <= 0      15              15.4    -0.4        9

PRECIPITATION (INCHES)
RECORD
 MAXIMUM           MM   MM
 MINIMUM           MM   MM
TOTALS           1.63              1.76   -0.13     1.72
DAILY AVG.       0.05              0.06   -0.01     0.06
DAYS >= .01         7                MM      MM       10
DAYS >= .10         5                MM      MM        5
DAYS >= .50         1                MM      MM        1
DAYS >= 1.00        0                MM      MM        0
GREATEST
 24 HR. TOTAL    0.59   01/23 TO 01/23           01/24 TO 01/25
                                                          01/25 TO 01/25EATHER         OBSERVED          NORMAL  DEPART  LAST YEAR`S
                                                          01/25 TO 01/25EATHER         OBSERVED          NORMAL  DEPART  LAST YEAR`S
 STORM TOTAL       MM                                 MM
 (MM/DD(HH))            MM                    01/25(00) TO 01/25(00)
                                                 01/25(00) TO 01/25(00)5EATHER         OBSERVED          NORMAL  DEPART  LAST YEAR`S
                                                 01/25(00) TO 01/25(00)5EATHER         OBSERVED          NORMAL  DEPART  LAST YEAR`S

SNOWFALL (INCHES)
RECORDS
 TOTAL             MM   MM
TOTALS             MM                MM      MM       MM
SINCE 7/1          MM                MM      MM       MM
SNOWDEPTH AVG.     MM                MM      MM       MM
DAYS >= 1.0         0                MM      MM        0
GREATEST
 SNOW DEPTH        MM                                 MM  MM
 24 HR TOTAL       MM                                 MM

DEGREE_DAYS
HEATING TOTAL    1735              1737      -2     1494
 SINCE 7/1       5462              5544     -82     4813
COOLING TOTAL       0                 0       0        0
 SINCE 1/1          0                 0       0        0
.................................................................

WIND (MPH)
AVERAGE WIND SPEED              11.1
HIGHEST WIND SPEED/DIRECTION    45/350    DATE  01/05
HIGHEST GUST SPEED/DIRECTION    72/320    DATE  01/05

SKY COVER
POSSIBLE SUNSHINE (PERCENT)   MM
AVERAGE SKY COVER           0.60
NUMBER OF DAYS FAIR            8
NUMBER OF DAYS PC              9
NUMBER OF DAYS CLOUDY         14

AVERAGE RH (PERCENT)     77

WEATHER CONDITIONS. NUMBER OF DAYS WITH
  0
  1
  0
  0
  6
  0
  6
HAZE                      7

-  INDICATES NEGATIVE NUMBERS.
R  INDICATES RECORD WAS SET OR TIED.
MM INDICATES DATA IS MISSING.
T  INDICATES TRACE AMOUNT.

$$
