000
CXUS53 KIWX 011909
CLMFWA

CLIMATE REPORT
NATIONAL WEATHER SERVICE NORTHERN INDIANA
730 AM EDT TUE SEP 1 2015

...................................

...THE FORT WAYNE CLIMATE SUMMARY FOR THE MONTH OF AUGUST 2015...

CLIMATE NORMAL PERIOD 1981 TO 2010
CLIMATE RECORD PERIOD 1912 TO 2015

WEATHER         OBSERVED          NORMAL  DEPART  LAST YEAR`S
                 VALUE   DATE(S)  VALUE   FROM    VALUE  DATE(S)
                                          NORMAL
................................................................
TEMPERATURE (F)
RECORD
 HIGH             102   08/09/1934
                        08/05/1918
 LOW               38   08/29/1965
HIGHEST            90   08/02        MM      MM       89  08/25
LOWEST             50   08/27        MM      MM       43  08/15
AVG. MAXIMUM     80.8              82.2    -1.4     81.4
AVG. MINIMUM     59.9              60.8    -0.9     61.2
MEAN             70.4              71.5    -1.1
DAYS MAX >= 90      1               3.0    -2.0        0
DAYS MAX <= 32      0               0.0     0.0        0
DAYS MIN <= 32      0               0.0     0.0        0
DAYS MIN <= 0       0               0.0     0.0        0

PRECIPITATION (INCHES)
RECORD
 MAXIMUM        10.09   1926
 MINIMUM         0.42   1969
TOTALS           3.57              3.64   -0.07     6.04
DAILY AVG.       0.12              0.12    0.00     0.19
DAYS >= .01         9               9.4    -0.4       10
DAYS >= .10         7               5.8     1.2        6
DAYS >= .50         2               2.4    -0.4        3
DAYS >= 1.00        1               1.1    -0.1        3
GREATEST
 24 HR. TOTAL    1.25   08/17 TO 08/17

SNOWFALL (INCHES)
RECORDS
 TOTAL            0.0   MM
TOTALS            0.0               0.0     0.0      0.0
SINCE 7/1         0.0               0.0     0.0        T
SNOWDEPTH AVG.      0                MM      MM        0
DAYS >= 1.0         0               0.0     0.0        0
GREATEST
 SNOW DEPTH         0   MM                             0
 24 HR TOTAL      0.0   08/31 TO 08/31

DEGREE_DAYS
HEATING TOTAL       9                 9       0       10
 SINCE 7/1          9                12      -3       24
COOLING TOTAL     183               211     -28      213
 SINCE 1/1        672               717     -45      674
.................................................................

WIND (MPH)
AVERAGE WIND SPEED              6.6
HIGHEST WIND SPEED/DIRECTION    32/280    DATE  08/17
HIGHEST GUST SPEED/DIRECTION    49/220    DATE  08/17

SKY COVER
POSSIBLE SUNSHINE (PERCENT)   MM
AVERAGE SKY COVER           0.50
NUMBER OF DAYS FAIR            4
NUMBER OF DAYS PC             22
NUMBER OF DAYS CLOUDY          5

AVERAGE RH (PERCENT)     72

WEATHER CONDITIONS. NUMBER OF DAYS WITH
THUNDERSTORM              5     MIXED PRECIP               0
HEAVY RAIN                7     RAIN                       3
LIGHT RAIN               11     FREEZING RAIN              0
LT FREEZING RAIN          0     HAIL                       0
HEAVY SNOW                0     SNOW                       0
LIGHT SNOW                0     SLEET                      0
FOG                      18     FOG W/VIS <= 1/4 MILE      0
HAZE                      9

-  INDICATES NEGATIVE NUMBERS.
R  INDICATES RECORD WAS SET OR TIED.
MM INDICATES DATA IS MISSING.
T  INDICATES TRACE AMOUNT.

&&

...SLIGHTLY COOLER THAN NORMAL AUGUST AT FORT WAYNE WITH NEAR NORMAL
PRECIPITATION...

AUGUST STARTED OUT WITH NEAR NORMAL TEMPERATURES AND RELATIVELY DRY
CONDITIONS AT FORT WAYNE. DURING THE FIRST TWO WEEKS OF THE
MONTH...HIGH TEMPERATURES GENERALLY RANGED FROM THE UPPER 70S TO MID
80S...ASIDE FROM A HIGH TEMPERATURE OF 90 DEGREES ON THE 2ND. THERE
WERE ONLY THREE DAYS WITH MEASURABLE RAINFALL IN THE FIRST TWO WEEKS
OF THE MONTH...ONLY TOTALING 0.91 INCHES OF .

A MORE TUMULTUOUS PATTERN DEVELOPED DURING THE LAST HALF OF THE
MONTH...WITH OVERALL COOLER AND WETTER CONDITIONS. AFTER A STRETCH
OF ABOVE NORMAL TEMPERATURES FROM THE 15TH THROUGH THE
19TH...TEMPERATURES WERE WELL BELOW NORMAL FROM THE 20TH THROUGH THE
28TH...RECOVERING TO NEAR OR ABOVE NORMAL BY THE END OF THE MONTH.
FORT WAYNE ALSO HAD 6 DAYS OF MEASURABLE RAINFALL FROM THE 15TH
THROUGH THE END OF THE MONTH.

THE AVERAGE MONTHLY TEMPERATURE WAS 70.4 DEGREES...1.1 DEGREES BELOW
NORMAL. THIS WAS THE 30TH COOLEST AUGUST SINCE 1912. THE HIGHEST
TEMPERATURE WAS 90 ON THE 2ND...AND THE COOLEST TEMPERATURE WAS 50
ON THE 27TH.

AUGUST PRECIPITATION AT FORT WAYNE TOTALED 3.57 INCHES...ONLY 0.07
INCHES BELOW NORMAL. THIS RANKED AS THE 41ST WETTEST AUGUST SINCE
1912. THE GREATEST 24 HOUR PRECIPITATION WAS 1.25 INCHES ON THE
17TH. THERE WERE ONLY 9 DAYS WITH MEASURABLE RAINFALL IN AUGUST.

$$
