000
CXUS54 KTSA 011908
CLMFYV

CLIMATE REPORT
NATIONAL WEATHER SERVICE TULSA OK
447 AM CST FRI DEC 1 2017

...................................

...THE FAYETTEVILLE ARKANSAS CLIMATE SUMMARY FOR THE MONTH OF
NOVEMBER 2017...

CLIMATE NORMAL PERIOD 1981 TO 2010 CLIMATE RECORD PERIOD 1905 TO 2017

WEATHER         OBSERVED          NORMAL  DEPART  LAST YEAR`S
                 VALUE   DATE(S)  VALUE   FROM    VALUE  DATE(S)
                                          NORMAL
................................................................
TEMPERATURE (F)
RECORD
 HIGH              83   11/02/2017
                        11/09/2006
                        09/02/1939
 LOW                4   11/29/1976
HIGHEST            83R  11/02        84      -1       82  11/16
LOWEST             25   11/26         4      21       20  11/20
                        11/23
                        11/20
AVG. MAXIMUM     64.4              58.8     5.6     65.3
AVG. MINIMUM     38.2              36.1     2.1     38.3
MEAN             51.3              47.4     3.9     51.8
DAYS MAX >= 90      0               0.0     0.0        0
DAYS MAX <= 32      0               0.1    -0.1        0
DAYS MIN <= 32     12              12.0     0.0       11
DAYS MIN <= 0       0               0.0     0.0        0

PRECIPITATION (INCHES)
RECORD
 MAXIMUM         9.65   1996
 MINIMUM         0.35   2007
TOTALS           1.11              4.23   -3.12     0.83
DAILY AVG.       0.04              0.14   -0.10     0.03
DAYS >= .01         7               8.5    -1.5        6
DAYS >= .10         2               5.7    -3.7        2
DAYS >= .50         1               2.7    -1.7        1
DAYS >= 1.00        0               1.5    -1.5        0
GREATEST
 24 HR. TOTAL    0.68   11/29 TO 11/29           11/27 TO 11/28
                                                          11/30 TO 11/30
                                                          11/30 TO 11/30

SNOWFALL (INCHES)
RECORDS
 TOTAL            8.0   1976
 24 HR TOTAL      7.0   11/11/1976 TO 11/11/1976
TOTALS            0.0               0.2    -0.2      0.0
SINCE 7/1         0.0               0.2    -0.2      0.0
SNOWDEPTH AVG.      0                MM      MM        0
DAYS >= TRACE       0               0.2    -0.2        0
DAYS >= 1.0         0               0.1    -0.1        0
GREATEST
 SNOW DEPTH         0   MM                             0  MM
 24 HR TOTAL      0.0   11/30 TO 11/30           11/30 TO 11/30
                                                          11/30 TO 11/30
                                                          11/30 TO 11/30

DEGREE_DAYS
HEATING TOTAL     421               529    -108      405
 SINCE 7/1        700               829    -129      527
COOLING TOTAL      14                 2      12       19
 SINCE 1/1       1245              1308     -63     1514
.................................................

WIND (MPH)
AVERAGE WIND SPEED              6.4
HIGHEST WIND SPEED/DIRECTION    32/330    DATE  11/18
HIGHEST GUST SPEED/DIRECTION    43/330    DATE  11/18

SKY COVER
POSSIBLE SUNSHINE (PERCENT)   MM
AVERAGE SKY COVER           0.40
NUMBER OF DAYS FAIR           15
NUMBER OF DAYS PC             10
NUMBER OF DAYS CLOUDY          5

AVERAGE RH (PERCENT)     73

WEATHER CONDITIONS. NUMBER OF DAYS WITH
THUNDERSTORM              1     MIXED PRECIP               0
HEAVY RAIN                2     RAIN                       3
LIGHT RAIN               10     FREEZING RAIN              0
LT FREEZING RAIN          0     HAIL                       0
HEAVY SNOW                0     SNOW                       0
LIGHT SNOW                0     SLEET                      0
FOG                      20     FOG W/VIS <= 1/4 MILE      3
HAZE                     14

-  INDICATES NEGATIVE NUMBERS.
R  INDICATES RECORD WAS SET OR TIED.
MM INDICATES DATA IS MISSING.
T  INDICATES TRACE AMOUNT.

&&
-------------------------------------------------------------------
 YEARLY PRECIPITATION (INCHES):
 TOTAL.....................49.31
 DEPARTURE FROM NORMAL.....+4.04
$$
