000
CXUS53 KDDC 012113 CCA
CLMGCK

CLIMATE REPORT
NATIONAL WEATHER SERVICE DODGE CITY KS
917 AM CST WED MAR 1 2017

...................................

...THE GARDEN CITY REGIONAL ARPT KS CLIMATE SUMMARY FOR THE MONTH OF FEBRUARY 2017...

CLIMATE NORMAL PERIOD 1981 TO 2010
CLIMATE RECORD PERIOD 1948 TO 2017

WEATHER         OBSERVED          NORMAL  DEPART  LAST YEAR`S
                 VALUE   DATE(S)  VALUE   FROM    VALUE  DATE(S)
                                          NORMAL
................................................................
TEMPERATURE (F)
RECORD
 HIGH              89   02/18/2016
 LOW              -17   02/11/1981
HIGHEST            87   02/10        MM      MM       89  02/18
LOWEST              7   02/25        MM      MM        6  02/04
AVG. MAXIMUM     59.7              48.2    11.5     56.9
AVG. MINIMUM     24.4              21.5     2.9     25.3
MEAN             42.1              34.8     7.3     41.1
DAYS MAX >= 90      0               0.0     0.0        0
DAYS MAX <= 32      1               4.0    -3.0        2
DAYS MIN <= 32     22              24.8    -2.8       25
DAYS MIN <= 0       0               1.1    -1.1        0

PRECIPITATION (INCHES)
RECORD
 MAXIMUM         1.84   1993
 MINIMUM            T   1970
                        2006
TOTALS           0.01              0.54   -0.53     0.19
DAYS >= .01         1               4.3    -3.3        2
DAYS >= .10         0               1.6    -1.6        1
DAYS >= .50         0               0.2    -0.2        0
DAYS >= 1.00        0               0.0     0.0        0
GREATEST
 24 HR. TOTAL    0.01   02/13 TO 02/13           02/01 TO 02/01
                        02/12 TO 02/13                    01/31 TO 02/01
                        02/13 TO 02/13                    02/01 TO 02/01

DEGREE_DAYS
HEATING TOTAL     612               844    -232      687
 SINCE 7/1       3474              4024    -550     3413
COOLING TOTAL       0                 0       0        1
 SINCE 1/1          0                 0       0        1
..................................................

WIND (MPH)
AVERAGE WIND SPEED              11.2
HIGHEST WIND SPEED/DIRECTION    41/360    DATE  02/23
HIGHEST GUST SPEED/DIRECTION    50/010    DATE  02/23


WEATHER CONDITIONS. NUMBER OF DAYS WITH
THUNDERSTORM              0     MIXED PRECIP               0
HEAVY RAIN                0     RAIN                       0
LIGHT RAIN                0     FREEZING RAIN              0
LT FREEZING RAIN          0     HAIL                       0
HEAVY SNOW                0     SNOW                       0
LIGHT SNOW                0     SLEET                      0
FOG                       3     FOG W/VIS <= 1/4 MILE      2
HAZE                      4

-  INDICATES NEGATIVE NUMBERS.
R  INDICATES RECORD WAS SET OR TIED.
MM INDICATES DATA IS MISSING.
T  INDICATES TRACE AMOUNT.

$$
