000
CXUS55 KMSO 011411
CLMGPI


CLIMATE REPORT
NATIONAL WEATHER SERVICE MISSOULA, MT
711 AM MST WED FEB 1 2017

...................................

...THE KALISPELL MT CLIMATE SUMMARY FOR THE MONTH OF JANUARY 2017...

CLIMATE NORMAL PERIOD 1981 TO 2010
CLIMATE RECORD PERIOD 1894 TO 2017

WEATHER         OBSERVED          NORMAL  DEPART  LAST YEAR`S
                 VALUE   DATE(S)  VALUE   FROM    VALUE
                                          NORMAL
.............................................................
TEMPERATURE (F)
RECORD
 HIGH              56   01/27/1934
 LOW              -38   01/31/1950
                        01/30/1950
HIGHEST            42   01/30        MM      MM       40
LOWEST            -22   01/05        MM      MM      -12
                        01/04
AVG. MAXIMUM     23.5              31.2    -7.7     32.2
AVG. MINIMUM      3.6              16.4   -12.8     20.8
MEAN             13.5              23.8   -10.3
DAYS MAX >= 90      0               0.0     0.0        0
DAYS MAX <= 32     26              14.0    12.0       13
DAYS MIN <= 32     31              28.9     2.1       30
DAYS MIN <= 0      11               3.8     7.2        2

PRECIPITATION (INCHES)
RECORD
 MAXIMUM         3.40   1943
 MINIMUM         0.20   1985
TOTALS           0.97              1.33   -0.36
DAILY AVG.       0.03              0.04   -0.01     0.05
DAYS >= .01        11              13.7    -2.7       18
DAYS >= .10         4               4.7    -0.7        6
DAYS >= .50         0               0.2    -0.2        0
DAYS >= 1.00        0               0.0     0.0        0
GREATEST
 24 HR. TOTAL    0.45   01/08 TO 01/09              0.27

SNOWFALL (INCHES)
TOTALS           13.8              12.7     1.1     11.6
SINCE 7/1        49.1              39.4     9.7     38.4
DAYS >= TRACE      19              10.5     8.5       22
DAYS >= 1.0         4               4.5    -0.5        5
GREATEST
 SNOW DEPTH        14   01/11
                        01/10
 24 HR TOTAL      5.0   01/08 TO 01/08               3.0

DEGREE_DAYS
HEATING TOTAL    1589              1277     312
 SINCE 7/1       5029              4791     238
COOLING TOTAL       0                 0       0
 SINCE 1/1          0                 0       0
..............................................................

WIND (MPH)
AVERAGE WIND SPEED              3.3
HIGHEST WIND SPEED/DIRECTION    36/040    DATE  01/01
HIGHEST GUST SPEED/DIRECTION    43/040    DATE  01/01

SKY COVER
POSSIBLE SUNSHINE (PERCENT)   MM
AVERAGE SKY COVER           0.70
NUMBER OF DAYS FAIR            5
NUMBER OF DAYS PC             12
NUMBER OF DAYS CLOUDY         14

AVERAGE RH (PERCENT)     80

WEATHER CONDITIONS. NUMBER OF DAYS WITH
THUNDERSTORM              0     MIXED PRECIP               0
HEAVY RAIN                0     RAIN                       0
LIGHT RAIN                2     FREEZING RAIN              0
LT FREEZING RAIN          2     HAIL                       0
HEAVY SNOW                1     SNOW                       2
LIGHT SNOW               19     SLEET                      0
FOG                      26     FOG W/VIS <= 1/4 MILE     10
HAZE                     17

-  INDICATES NEGATIVE NUMBERS.
R  INDICATES RECORD WAS SET OR TIED.
MM INDICATES DATA IS MISSING.
T  INDICATES TRACE AMOUNT.

$$
