000
CXUS53 KGID 211627 AAA
CLMGRI

CLIMATE REPORT...UPDATED
NATIONAL WEATHER SERVICE HASTINGS NE
1027 AM CDT FRI NOV 21 2014

UPDATED TO INCLUDE MONTHLY DETAILS/NARRATIVE AT BOTTOM

...................................

...THE GRAND ISLAND NE CLIMATE SUMMARY FOR THE MONTH OF OCTOBER 2014...

CLIMATE NORMAL PERIOD 1981 TO 2010
CLIMATE RECORD PERIOD 1895 TO 2014

WEATHER         OBSERVED          NORMAL  DEPART  LAST YEAR`S
                 VALUE   DATE(S)  VALUE   FROM    VALUE  DATE(S)
                                          NORMAL
................................................................
TEMPERATURE (F)
RECORD
 HIGH              96   10/05/1947
 LOW                6   10/28/1925
HIGHEST            80   10/24        90     -10       86  10/02
                        10/01
LOWEST             22   10/31        19       3       30  10/21
                                                          10/18
AVG. MAXIMUM     68.7              64.8     3.9     64.0
AVG. MINIMUM     41.1              39.6     1.5     40.4
MEAN             54.9              52.2     2.7     52.2
DAYS MAX >= 90      0               0.4    -0.4        0
DAYS MAX <= 32      0               0.2    -0.2        0
DAYS MIN <= 32      3               6.0    -3.0        4
DAYS MIN <= 0       0               0.0     0.0        0

PRECIPITATION (INCHES)
RECORD
 MAXIMUM         6.10   1897
 MINIMUM         0.00   1958
                        1945
                        1933
TOTALS           1.28              1.86   -0.58     4.05
DAILY AVG.       0.04              0.06   -0.02     0.13
DAYS >= .01         4               6.6    -2.6        6
DAYS >= .10         2               4.0    -2.0        4
DAYS >= .50         1               1.2    -0.2        2
DAYS >= 1.00        0               0.4    -0.4        2
GREATEST
 24 HR. TOTAL    0.76   10/22 TO 10/22

SNOWFALL (INCHES)
RECORDS
 TOTAL            9.8   1991
TOTALS            0.0               1.0    -1.0      0.0
SINCE 7/1         0.0               1.1    -1.1      0.0
SNOWDEPTH AVG.      0                MM      MM        0
DAYS >= 1.0         0               0.2    -0.2        0
GREATEST
 SNOW DEPTH         0   MM                             0  MM

DEGREE_DAYS
HEATING TOTAL     310               408     -98      403
 SINCE 7/1        416               523    -107      427
COOLING TOTAL       4                11      -7       15
 SINCE 1/1       1031              1034      -3     1265
.................................................................

WIND (MPH)
AVERAGE WIND SPEED              9.9
HIGHEST WIND SPEED/DIRECTION    37/350    DATE  10/13
HIGHEST GUST SPEED/DIRECTION    46/350    DATE  10/13

SKY COVER
POSSIBLE SUNSHINE (PERCENT)   MM
NUMBER OF DAYS FAIR           22
NUMBER OF DAYS PC              9
NUMBER OF DAYS CLOUDY          0

AVERAGE RH (PERCENT)     60

WEATHER CONDITIONS. NUMBER OF DAYS WITH
THUNDERSTORM              3     MIXED PRECIP               0
HEAVY RAIN                2     RAIN                       3
LIGHT RAIN                8     FREEZING RAIN              0
LT FREEZING RAIN          0     HAIL                       0
HEAVY SNOW                0     SNOW                       0
LIGHT SNOW                0     SLEET                      0
FOG                       6     FOG W/VIS <= 1/4 MILE      3
HAZE                      2

-  INDICATES NEGATIVE NUMBERS.
R  INDICATES RECORD WAS SET OR TIED.
MM INDICATES DATA IS MISSING.
T  INDICATES TRACE AMOUNT.

&&

...OCTOBER 2014 SUMMARY FOR CENTRAL NEBRASKA REGIONAL AIRPORT...

...TEMPERATURES

NO DAILY TEMPERATURE RECORDS WERE SET DURING OCT. 2014

AVERAGE HIGH TEMPERATURE:     68.7 DEGREES (3.9 ABOVE NORMAL)
AVERAGE LOW TEMPERATURE:      41.1 DEGREES (1.5 ABOVE NORMAL)
AVERAGE MEAN TEMPERATURE:     54.9 DEGREES (2.7 ABOVE NORMAL)

WARMEST HIGH TEMPERATURE:      80 DEGREES ON THE 1ST, 24TH
COOLEST HIGH TEMPERATURE:      44 DEGREES ON THE 31ST

COLDEST LOW TEMPERATURE:       22 DEGREES ON THE 31ST
WARMEST LOW TEMPERATURE:       57 DEGREES ON THE 1ST

WARMEST 2-DAY STRETCH BASED
ON AVERAGE HIGH TEMPERATURE:   78.0 DEGREES FROM THE 24TH-25TH

COOLEST 2-DAY STRETCH BASED
ON AVERAGE HIGH TEMPERATURE:   54.0 DEGREES FROM THE 30TH-31ST

WARMEST WEEK BASED
ON AVERAGE MEAN TEMPERATURE:   60.5 DEGREES FROM THE 20TH-26TH

COOLEST WEEK BASED
ON AVERAGE MEAN TEMPERATURE:   50.3 DEGREES FROM THE 25TH-31ST

WARMEST WEEK BASED
ON AVERAGE HIGH TEMPERATURE:   75.3 DEGREES FROM THE 20TH-26TH

COOLEST WEEK BASED
ON AVERAGE HIGH TEMPERATURE:   64.9 DEGREES FROM THE 8TH-14TH

COOLEST WEEK BASED
ON AVERAGE LOW TEMPERATURE:    35.3 DEGREES FROM THE 25TH-31ST


...PRECIPITATION

NO DAILY PRECIPITATION RECORDS WERE SET DURING OCT. 2014

TOTAL MONTHLY PRECIPITATION: 1.28 INCHES  (0.58 BELOW NORMAL)

NUMBER OF DAYS WITH MEASURABLE PRECIPITATION (0.01 OR MORE): 4

HIGHEST CALENDAR DAY PRECIPITATION:  0.76 INCHES ON THE 22ND


PRECIPITATION TOTALS AND DEPARTURES
FROM NORMAL FOR THE PAST 12 MONTHS:

MONTH          PRECIP.  DEPARTURE

NOV  2013       0.97     -0.20
DEC  2013       0.11     -0.52
JAN  2014       0.32     -0.21
FEB  2014       0.33     -0.35
MAR  2014       0.19     -1.61
APR  2014       2.91     +0.38
MAY  2014       0.74     -3.67
JUN  2014       9.65     +5.35
JUL  2014       2.19     -1.21
AUG  2014       5.87     +2.75
SEP  2014       3.03     +0.80
OCT  2014       1.28     -0.58

12-MONTH TOTAL  27.59    +0.93


...OTHER WEATHER ELEMENTS

HIGHEST WIND GUST: 46 MPH FROM THE NORTH ON THE 13TH
(OCCURRED AT 331 PM CDT IN THE WAKE OF A STRONG LOW PRESSURE SYSTEM)

HIGHEST SURFACE SEA LEVEL PRESSURE: 30.64 ON THE 31ST
LOWEST SURFACE SEA LEVEL PRESSURE:  29.54 ON THE 27TH

&&

...OCTOBER 2014 NARRATIVE FOR CENTRAL NEBRASKA REGIONAL AIRPORT...

OTHER THAN AVERAGING A FEW DEGREES ABOVE NORMAL TEMPERATURE-WISE AND
A LITTLE BELOW NORMAL IN THE RAINFALL DEPARTMENT...THERE WAS REALLY
NOTHING ALL THAT NOTEWORTHY ABOUT THE WEATHER DURING OCT. 2014.

TAKING A CLOSER LOOK AT MONTHLY PRECIPITATION...THE TOTAL OF 1.28
INCHES AT CENTRAL NEBRASKA REGIONAL AIRPORT WAS 0.58 INCHES BELOW
THE 30-YEAR OCTOBER NORMAL OF 1.86 INCHES...AND REPRESENTED 69
PERCENT OF NORMAL OCTOBER PRECIPITATION. ALTHOUGH A BIT ON THE DRY
SIDE...ONE ONLY HAS TO LOOK BACK 2 YEARS TO FIND A DRIER OCTOBER
(0.78 INCHES IN 2012). THE MAJORITY OF MONTHLY RAIN FELL ON THE 22ND
(0.76 INCHES)...AND ONLY FOUR DAYS DURING THE MONTH FEATURED ANY
MEASURABLE RAIN. NO SNOW FELL DURING OCTOBER 2014.

TEMPERATURE-WISE...ALTHOUGH THERE WERE A FEW MINOR BUMPS IN THE ROAD
OF COOLER READINGS...THE MAJORITY OF THE MONTH FEATURED SEASONABLY-
PLEASANT WARMTH. THE AVERAGE MONTHLY TEMPERATURE (RESULTING FROM
AVERAGING BOTH THE HIGHS AND LOWS) WAS 54.9 DEGREES...WHICH WAS 2.7
DEGREES ABOVE NORMAL. EVEN SO...THIS OCTOBER ONLY TIED FOR THE 37TH-
WARMEST ON RECORD OUT OF 120 YEARS. OVER THE COURSE OF THE MONTH 20
DAYS FEATURED AN ABOVE NORMAL AVERAGE TEMPERATURE...EIGHT DAYS WERE
BELOW NORMAL AND THREE DAYS EQUALED THEIR DAILY NORMAL. BREAKING
DOWN THE MONTH INTO WEEK-LONG CHUNKS...THE OVERALL-WARMEST WEEK PER
BOTH THE OVERALL AVERAGE TEMPERATURE AND AVERAGE MAXIMUM TEMPERATURE
OCCURRED FROM THE 20TH-26TH...DURING WHICH SIX OF SEVEN DAYS REACHED
AT LEAST 73 DEGREES. THE OUTRIGHT-WARMEST DAYS OF THE MONTH WERE THE
1ST AND 24TH WITH HIGHS OF 80 DEGREES...AND THE MILDEST MORNING LOW
OF 57 DEGREES OCCURRED ON THE 1ST. IN CONTRAST...THE OVERALL-COOLEST
WEEK OF THE MONTH PER AVERAGE MAXIMUM TEMPERATURE OCCURRED FROM THE
8TH-14TH...DURING WHICH HIGHS NEVER REACHED 70. HOWEVER...THE
OUTRIGHT-CHILLIEST DAY OF THE MONTH CAME AT THE VERY END ON THE
31ST...AS HALLOWEEN FEATURED A DAYTIME HIGH OF ONLY 44 DEGREES
FOLLOWING A MORNING LOW OF 22. THE FIRST HARD FREEZE OF THE SEASON
(28 DEGREES-OR-COLDER) HAPPENED ON THE MORNING OF THE 29TH WITH A
LOW OF 27 DEGREES. THIS WAS TWO WEEKS LATER THAN THE 30-YEAR
AVERAGE. THE MOST EXTREME DAY-TO-DAY CHANGE IN HIGH TEMPERATURES
DURING THE MONTH WAS 20 DEGREES...CONSISTING OF A NOTICEABLE COOL-
DOWN FROM 64 DEGREES ON THE 30TH TO 44 ON THE 31ST.

ALTHOUGH THERE WERE A FEW THUNDERSTORMS DURING THE MONTH...NWS
HASTINGS RECEIVED NO REPORTS OF LARGE HAIL OR DAMAGING WINDS FROM
ANYWHERE WITHIN HALL COUNTY. THE HIGHEST WIND GUST OF THE MONTH AT
THE AIRPORT WAS ONLY 46 MPH FROM THE NORTH...AND OCCURRED ON THE
AFTERNOON OF THE 13TH IN THE WAKE OF A STRONG LOW PRESSURE SYSTEM.

$$

PFANNKUCH
