030
CXUS53 KGID 011520
CLMGRI


CLIMATE REPORT
NATIONAL WEATHER SERVICE HASTINGS NE
917 AM CST MON JAN 1 2018

...................................

...THE GRAND ISLAND NE CLIMATE SUMMARY FOR THE MONTH OF DECEMBER 2017...

CLIMATE NORMAL PERIOD 1981 TO 2010
CLIMATE RECORD PERIOD 1895 TO 2017

WEATHER         OBSERVED          NORMAL  DEPART  LAST YEAR`S
                 VALUE   DATE(S)  VALUE   FROM    VALUE  DATE(S)
                                          NORMAL
................................................................
TEMPERATURE (F)
RECORD
 HIGH              80   12/06/1939
 LOW              -26   12/22/1989
HIGHEST            63   12/10        59       4       53  12/30
                                                          12/25
LOWEST            -17   12/26        -5     -12      -15  12/18
AVG. MAXIMUM     37.3              36.9     0.4     37.3
AVG. MINIMUM     16.0              16.4    -0.4     14.5
MEAN             26.6              26.7    -0.1     25.9
DAYS MAX >= 90      0               0.0     0.0        0
DAYS MAX <= 32     11              10.7     0.3       11
DAYS MIN <= 32     30              30.1    -0.1       31
DAYS MIN <= 0       4               2.5     1.5        2

PRECIPITATION (INCHES)
RECORD
 MAXIMUM         5.00   1913
 MINIMUM         0.04   1929
                        1908
                        1905
TOTALS           0.45              0.63   -0.18     0.81
DAILY AVG.       0.01              0.02   -0.01     0.03
DAYS >= .01         6               5.0     1.0        7
DAYS >= .10         1               1.8    -0.8        2
DAYS >= .50         0               0.3    -0.3        0
DAYS >= 1.00        0               0.0     0.0        0
GREATEST
 24 HR. TOTAL    0.26   12/23 TO 12/23

SNOWFALL (INCHES)
RECORDS
 TOTAL           26.5   2009
TOTALS            7.2               5.1     2.1      1.4
SINCE 7/1         8.3               9.3    -1.0      1.8
SNOWDEPTH AVG.      1                 3      -2        0
DAYS >= 1.0         2               1.5     0.5        0
GREATEST
 SNOW DEPTH         5   12/26                          1  12/18
                        12/24                             12/10

DEGREE_DAYS
HEATING TOTAL    1185              1189      -4     1201
 SINCE 7/1       2334              2519    -185     2121
COOLING TOTAL       0                 0       0        0
 SINCE 1/1       1062              1034      28     1146
.................................................................

WIND (MPH)
AVERAGE WIND SPEED              11.9
HIGHEST WIND SPEED/DIRECTION    44/310    DATE  12/04
HIGHEST GUST SPEED/DIRECTION    54/310    DATE  12/04

SKY COVER
POSSIBLE SUNSHINE (PERCENT)   MM
NUMBER OF DAYS FAIR           19
NUMBER OF DAYS PC              8
NUMBER OF DAYS CLOUDY          4

AVERAGE RH (PERCENT)     70

WEATHER CONDITIONS. NUMBER OF DAYS WITH
THUNDERSTORM              0     MIXED PRECIP               0
HEAVY RAIN                0     RAIN                       0
LIGHT RAIN                2     FREEZING RAIN              0
LT FREEZING RAIN          1     HAIL                       0
HEAVY SNOW                0     SNOW                       1
LIGHT SNOW               10     SLEET                      0
FOG                       5     FOG W/VIS <= 1/4 MILE      0
HAZE                      0

-  INDICATES NEGATIVE NUMBERS.
R  INDICATES RECORD WAS SET OR TIED.
MM INDICATES DATA IS MISSING.
T  INDICATES TRACE AMOUNT.

$$

KELLEY
