000
CXUS52 KGSP 011404
CLMGSP

CLIMATE REPORT
NATIONAL WEATHER SERVICE GREENVILLE-SPARTANBURG SC
950 AM EDT TUE JUL 1 2014

...................................

...THE GREENVILLE-SPARTANBURG CLIMATE SUMMARY FOR THE MONTH OF JUNE 2014...

CLIMATE NORMAL PERIOD 1981 TO 2010
CLIMATE RECORD PERIOD 1884 TO 2014

WEATHER         OBSERVED          NORMAL  DEPART  LAST YEAR`S
                 VALUE   DATE(S)  VALUE   FROM    VALUE  DATE(S)
                                          NORMAL
................................................................
TEMPERATURE (F)
RECORD
 HIGH             105   06/29/2012
                        06/20/1887
 LOW               40   06/01/1972
HIGHEST            95   06/19        MM      MM       94  06/28
                        06/17
LOWEST             61   06/03        MM      MM       60  06/15
                        06/02
AVG. MAXIMUM     88.0              87.5     0.5     85.5
AVG. MINIMUM     67.1              65.8     1.3     67.1
MEAN             77.6              76.7     0.9     76.3
DAYS MAX >= 90     12              11.0     1.0        7
DAYS MAX <= 32      0               0.0     0.0        0
DAYS MIN <= 32      0               0.0     0.0        0
DAYS MIN <= 0       0               0.0     0.0        0

PRECIPITATION (INCHES)
RECORD
 MAXIMUM        10.99   1886
 MINIMUM         0.13   2008
TOTALS           2.82              3.80   -0.98     9.43
DAILY AVG.       0.09              0.13   -0.04     0.31
DAYS >= .01        11              10.4     0.6       14
DAYS >= .10         5               6.6    -1.6       11
DAYS >= .50         2               2.7    -0.7        5
DAYS >= 1.00        1               1.0     0.0        3
GREATEST
 24 HR. TOTAL    1.49   06/28 TO 06/29           06/09 TO 06/10
                                                          06/10 TO 06/10
                                                          06/10 TO 06/10
 STORM TOTAL       MM                                 MM
 (MM/DD(HH))            MM                    06/10(00) TO 06/10(00)
                                                 06/10(00) TO 06/10(00)0
                                                 06/10(00) TO 06/10(00)0

SNOWFALL (INCHES)
RECORDS
 TOTAL             MM   MM
 24 HR TOTAL       MM
 SNOW DEPTH        MM   MM
TOTALS            0.0               0.0     0.0      0.0
 LIQUID EQUIV    0.00              0.00    0.00     0.00
SINCE 7/1         7.2               4.7     2.5      2.0
 LIQUID 7/1      0.72                MM      MM     0.20
SNOWDEPTH AVG.      0                MM      MM        0
DAYS >= TRACE       0               0.0     0.0        0
DAYS >= 1.0         0               0.0     0.0        0
GREATEST
 SNOW DEPTH         0   MM                             0  MM
 24 HR TOTAL      0.0   06/30 TO 06/30           06/10 TO 06/10
                                                          06/10 TO 06/10
                                                          06/10 TO 06/10
 STORM TOTAL       MM                                 MM
 (MM/DD(HH))            MM                    06/10(00) TO 06/10(00)
                                                 06/10(00) TO 06/10(00)0
                                                 06/10(00) TO 06/10(00)0

DEGREE_DAYS
HEATING TOTAL       0                 2      -2        0
 SINCE 7/1       3208              3046     162     2966
COOLING TOTAL     384               351      33      347
 SINCE 1/1        640               552      88      509

FREEZE DATES
RECORD
 EARLIEST     MM
 LATEST       MM
EARLIEST      10/26             MM
LATEST        04/16             MM
.................................................

WIND (MPH)
AVERAGE WIND SPEED              4.7
HIGHEST WIND SPEED/DIRECTION    37/240    DATE  06/10
HIGHEST GUST SPEED/DIRECTION    50/220    DATE  06/10

SKY COVER
POSSIBLE SUNSHINE (PERCENT)   MM
AVERAGE SKY COVER           0.30
NUMBER OF DAYS FAIR           17
NUMBER OF DAYS PC             12
NUMBER OF DAYS CLOUDY          1

AVERAGE RH (PERCENT)     70

WEATHER CONDITIONS. NUMBER OF DAYS WITH
THUNDERSTORM             14     MIXED PRECIP               0
HEAVY RAIN                2     RAIN                       6
LIGHT RAIN               11     FREEZING RAIN              0
LT FREEZING RAIN          0     HAIL                       0
HEAVY SNOW                0     SNOW                       0
LIGHT SNOW                0     SLEET                      0
FOG                       2     FOG W/VIS <= 1/4 MILE      1
HAZE                      0

-  INDICATES NEGATIVE NUMBERS.
R  INDICATES RECORD WAS SET OR TIED.
MM INDICATES DATA IS MISSING.
T  INDICATES TRACE AMOUNT.

$$
