000
CXUS54 KJAN 011828
CLMGWO


CLIMATE REPORT
NATIONAL WEATHER SERVICE JACKSON MS
126 PM CDT SAT APR 1 2017

...................................

...THE GREENWOOD CLIMATE SUMMARY FOR THE MONTH OF MARCH 2017...

CLIMATE NORMAL PERIOD 1981 TO 2010
CLIMATE RECORD PERIOD 1948 TO 2017

WEATHER         OBSERVED          NORMAL  DEPART  LAST YEAR`S
                 VALUE   DATE(S)  VALUE   FROM    VALUE  DATE(S)
                                          NORMAL
................................................................
TEMPERATURE (F)
RECORD
 HIGH              88   03/23/1995
                        03/31/1963
                        03/30/1963
 LOW               15   03/09/1996
                        03/03/1980
HIGHEST            87   03/21        MM      MM       86  03/15
LOWEST             29   03/15        MM      MM       31  03/21
AVG. MAXIMUM     70.4              67.0     3.4     71.1
AVG. MINIMUM     48.0              44.0     4.0     48.7
MEAN             59.2              55.5     3.7     59.9
DAYS MAX >= 90      0               0.0     0.0        0
DAYS MAX <= 32      0               0.0     0.0        0
DAYS MIN <= 32      2               3.7    -1.7        1
DAYS MIN <= 0       0               0.0     0.0        0

PRECIPITATION (INCHES)
RECORD
 MAXIMUM        16.84   1973
 MINIMUM         0.33   2007
TOTALS           3.97              4.31   -0.34    12.50
DAILY AVG.       0.13              0.14   -0.01     0.40
DAYS >= .01        11               9.8     1.2       15
DAYS >= .10         7               6.7     0.3       13
DAYS >= .50         3               2.8     0.2        6
DAYS >= 1.00        2               1.4     0.6        3
GREATEST
 24 HR. TOTAL    1.13   03/07 TO 03/07              5.31

SNOWFALL (INCHES)
TOTALS            0.0

DEGREE_DAYS
HEATING TOTAL     232               316     -84      190
 SINCE 7/1       1715              2547    -832     1851
COOLING TOTAL      61                21      40       39
 SINCE 1/1         95                26      69       47
.................................................................

WIND (MPH)
AVERAGE WIND SPEED              8.4
HIGHEST WIND SPEED/DIRECTION    43/140    DATE  03/30
HIGHEST GUST SPEED/DIRECTION    55/130    DATE  03/30

SKY COVER
POSSIBLE SUNSHINE (PERCENT)   MM
AVERAGE SKY COVER           0.40
NUMBER OF DAYS FAIR           15
NUMBER OF DAYS PC             10
NUMBER OF DAYS CLOUDY          6

AVERAGE RH (PERCENT)     62

WEATHER CONDITIONS. NUMBER OF DAYS WITH
THUNDERSTORM              8     MIXED PRECIP               0
HEAVY RAIN                4     RAIN                       6
LIGHT RAIN               15     FREEZING RAIN              0
LT FREEZING RAIN          0     HAIL                       0
HEAVY SNOW                0     SNOW                       0
LIGHT SNOW                0     SLEET                      0
FOG                      11     FOG W/VIS <= 1/4 MILE      0
HAZE                      2

-  INDICATES NEGATIVE NUMBERS.
R  INDICATES RECORD WAS SET OR TIED.
MM INDICATES DATA IS MISSING.
T  INDICATES TRACE AMOUNT.

$$
