000
CXUX51 KGYX 040142
CLMGYX

PWMCLMGYX 000
TTAA00 KGYX 032100


CLIMATE REPORT
NATIONAL WEATHER SERVICE GRAY ME
941 PM EDT FRI NOV 3 2017

...................................

...THE GRAY ME CLIMATE SUMMARY FOR THE MONTH OF OCTOBER 2017...

CLIMATE NORMAL PERIOD 1981 TO 2010
CLIMATE RECORD PERIOD 1995 TO 2017

WEATHER         OBSERVED          NORMAL  DEPART  LAST YEAR`S
                 VALUE   DATE(S)  VALUE   FROM    VALUE
                                          NORMAL
.............................................................
TEMPERATURE (F)
RECORD
 HIGH              84   10/10/2011
 LOW               24   10/23/1997
HIGHEST            78   10/08        75       3       76
LOWEST             34   10/17        29       5       29
AVG. MAXIMUM     66.5              58.0     8.5     59.4
AVG. MINIMUM     47.4              40.1     7.3     42.4
MEAN             57.0              49.1     7.9     50.9
DAYS MAX >= 90      0               0.0     0.0        0
DAYS MAX <= 32      0               0.0     0.0        0
DAYS MIN <= 32      0               4.1    -4.1        3
DAYS MIN <= 0       0               0.0     0.0        0

PRECIPITATION (INCHES)
RECORD
 MAXIMUM        16.33   2005
 MINIMUM         1.29   1997
TOTALS           5.66              5.14    0.52     7.82
DAILY AVG.       0.18              0.17    0.01     0.25
DAYS >= .01         8              11.2    -3.2       14
DAYS >= .10         6               6.9    -0.9        7
DAYS >= .50         5               3.4     1.6        4
DAYS >= 1.00        3               2.0     1.0        3
GREATEST
 24 HR. TOTAL    1.62   10/26

SNOWFALL (INCHES)
RECORDS
 TOTAL           12.9   2011
TOTALS            0.0               0.1    -0.1        T
SINCE 7/1         0.0               0.1    -0.1        T
SNOWDEPTH AVG.      0
DAYS >= TRACE       0               0.1    -0.1        2
DAYS >= 1.0         0               0.1    -0.1        0
GREATEST
 SNOW DEPTH         0                                  0
 24 HR TOTAL      0.0

DEGREE_DAYS
HEATING TOTAL     254               496    -242      428
 SINCE 7/1        351               700    -349      542
COOLING TOTAL      11                 2       9        0
 SINCE 1/1        531               389     142      607
..............................................................



-  INDICATES NEGATIVE NUMBERS.
R  INDICATES RECORD WAS SET OR TIED.
MM INDICATES DATA IS MISSING.
T  INDICATES TRACE AMOUNT.

&&

OCTOBER BEGAN WITH A FEW DAYS OF COOL, FALL-LIKE WEATHER, BUT IT DID
NOT LAST LONG. A RIDGE OF HIGH PRESSURE BUILT OVER THE WESTERN
ATLANTIC AND A PERSISTENT TROUGH DEVELOPED OVER THE CENTER OF THE
UNITED STATES. THIS BROUGHT A PROLONGED PERIOD OF SOUTH TO
SOUTHWESTERLY FLOW WHICH TRANSPORTED WARM, OFTEN HUMID AIR INTO NEW
ENGLAND FOR MOST OF THE MONTH. ALTHOUGH A FEW COLD FRONTS MANAGED TO
SNEAK IN AND BRING BRIEFLY COOLER WEATHER, THE WARM WEATHER KEPT
RETURNING. BY THE END OF THE MONTH THE PATTERN BEGAN TO SHIFT AGAIN,
WITH TWO LARGE STORM SYSTEMS BRINGING HEAVY RAINFALL DURING THE
FINAL WEEK. THE FIRST STORM BROUGHT MORE THAN 3 INCHES OF RAIN FROM
THE 24TH THRU 26TH. THE SECOND BROUGHT ALMOST 2 MORE INCHES OF RAIN
ON THE 29TH AND 30TH BUT WAS ACCOMPANIED BY HIGH WIND AS WELL. WIND
GUSTS WERE OBSERVED UP TO 59 MPH AT THE NWS OFFICE IN GRAY ON THE
MORNING OF THE 30TH. THESE STRONG WINDS CAUSED WIND DAMAGE IN THE
AREA, LEAVING MANY WITHOUT POWER JUST IN TIME FOR HALLOWEEN.

THE AVERAGE TEMPERATURE FOR THE MONTH WAS 57.0 DEGREES WHICH WAS 7.9
DEGREES ABOVE NORMAL AND THE WARMEST OCTOBER ON RECORD. UNTIL THIS
YEAR, THE WARMEST OCTOBER WAS IN 2007 WHEN THE AVERAGE TEMPERATURE
WAS 53.9 DEGREES. THE COOLEST WAS IN 2009 WHEN IT WAS ONLY 46.2
DEGREES. THE FOLLOWING TABLE LISTS THE WARMEST OCTOBERS AT GRAY.

WARMEST AVERAGE TEMPERATURE IN OCTOBER (SINCE 1995)...
RANK  TEMP  YEAR
1     57.0  2017 <===
2     53.9  2007
3     53.0  1995
4     52.2  2014
5     52.0  2012

A TOTAL OF 5.66 INCHES OF RAIN FELL WHICH WAS 0.52 INCHES ABOVE
NORMAL. MOST OF THIS RAIN FELL IN THE FINAL WEEK OF THE MONTH WHEN
4.92 INCHES WAS MEASURED. THE WETTEST OCTOBER ON RECORD WAS IN 2005
WHEN 16.33 INCHES WAS MEASURED. THE DRIEST WAS IN 1997 WHEN ONLY
1.29 INCHES WAS MEASURED.

NO SNOW FELL WHICH IS ONLY 0.1 INCHES BELOW NORMAL. IN THE SHORT 23-
YEAR HISTORY OF WEATHER OBSERVATIONS AT THE NATIONAL WEATHER SERVICE
OFFICE IN GRAY, THERE HAVE BEEN ONLY 2 YEARS WHICH SAW MEASURABLE
SNOWFALL, MOST RECENTLY IN 2011. THERE HAVE BEEN AN ADDITIONAL 12
YEARS WHICH RECORDED A TRACE OF SNOWFALL, MOST RECENTLY IN 2016.

$$

KIMBLE
