000
CXUX51 KGYX 012105
CLMGYX

PWMCLMGYX 000
TTAA00 KGYX 011523


CLIMATE REPORT
NATIONAL WEATHER SERVICE GRAY ME
505 PM EDT TUE JUL 1 2014

...................................

...THE GRAY ME CLIMATE SUMMARY FOR THE MONTH OF JUNE 2014...

CLIMATE NORMAL PERIOD 1981 TO 2010
CLIMATE RECORD PERIOD 1995 TO 2014

WEATHER         OBSERVED          NORMAL  DEPART  LAST YEAR`S
                 VALUE   DATE(S)  VALUE   FROM    VALUE  DATE(S)
                                          NORMAL
................................................................
TEMPERATURE (F)
RECORD
 HIGH              94   06/02/2013
                        06/07/1999
 LOW               37   06/01/2009
HIGHEST            87   06/28        89      -2       94
LOWEST             46   06/01        44       2       49
AVG. MAXIMUM     74.3              74.0     0.3     74.5
AVG. MINIMUM     54.6              54.1     0.5     56.5
MEAN             64.5              64.1     0.4     65.5
DAYS MAX >= 90      0               0.5    -0.5        2
DAYS MAX <= 32      0               0.0     0.0        0
DAYS MIN <= 32      0               0.0     0.0        0
DAYS MIN <= 0       0               0.0     0.0        0

PRECIPITATION (INCHES)
RECORD
 MAXIMUM        11.07   2012
 MINIMUM         1.08   1999
TOTALS           3.00              4.30   -1.30     6.00
DAILY AVG.       0.10              0.14   -0.04     0.20
DAYS >= .01         8              13.5    -5.5       19
DAYS >= .10         5               8.2    -3.2       10
DAYS >= .50         1               2.9    -1.9        6
DAYS >= 1.00        1               1.3    -0.3        1
GREATEST
 24 HR. TOTAL    1.79   06/13 TO 06/13
 STORM TOTAL     1.84   06/12 TO 06/13

SNOWFALL (INCHES)
RECORDS
 TOTAL            0.0
TOTALS            0.0               0.0     0.0      0.0
SINCE 7/1        83.0              83.8    -0.8     92.9
SNOWDEPTH AVG.      0
DAYS >= TRACE       0               0.0     0.0        0
DAYS >= 1.0         0               0.0     0.0        0
GREATEST
 SNOW DEPTH         0                                  0
 24 HR TOTAL      0.0
 STORM TOTAL      0.0

DEGREE_DAYS
HEATING TOTAL      74                94     -20       71
 SINCE 7/1       7692              7192     500     6901
COOLING TOTAL      65                65       0       95
 SINCE 1/1         66                76     -10      112
.................................................



-  INDICATES NEGATIVE NUMBERS.
R  INDICATES RECORD WAS SET OR TIED.
MM INDICATES DATA IS MISSING.
T  INDICATES TRACE AMOUNT.

&&

JUNE FINISHED SLIGHTLY ABOVE NORMAL AT THE NATIONAL WEATHER SERVICE
OFFICE IN GRAY. THIS WAS THE FIRST ABOVE NORMAL MONTH SINCE OCTOBER
2013... ENDING THE STREAK OF SEVEN CONSECUTIVE MONTHS WITH BELOW
NORMAL TEMPERATURES.

THE MONTH STARTED OUT NEAR OR SLIGHTLY BELOW NORMAL... THEN A PERIOD
OF WARMER WEATHER ARRIVED BY THE 6TH OF THE MONTH... WITH THE NEXT 3
DAYS RISING INTO THE 80S. HEAVY RAIN FELL ON THE 12TH AND 13TH
FOLLOWED BY MOSTLY DRY AND SLIGHTLY COOLER THAN NORMAL CONDITIONS
FOR MOST OF THE REST OF THE MONTH.

THE AVERAGE TEMPERATURE FOR THE MONTH WAS 64.5 DEGREES. THAT WAS 0.4
DEGREES ABOVE NORMAL. THE WARMEST AVERAGE TEMPERATURE FOR THE MONTH
OF JUNE IS 67.6 DEGREES SET IN 2001 AND 1999. THE COLDEST JUNE WAS
1998 WITH AN AVERAGE TEMPERATURE OF 60.6 DEGREES.

THE TEMPERATURE DID NOT REACH 90 IN JUNE. THE TEMPERATURE REACHED 90
DEGREES IN JUNE IN ABOUT 63 PERCENT OF YEARS.

THE TOTAL PRECIPITATION OF 3.00 INCHES WAS 1.30 INCHES BELOW NORMAL
AND ONLY HALF WHAT WAS OBSERVED LAST YEAR (6.00 INCHES). THE MOST
RAIN FELL ON THE 12TH AND 13TH WHEN A TOTAL OF 1.84 INCHES WAS
MEASURED. THERE WERE ONLY 8 DAYS WITH MEASURABLE RAINFALL IN JUNE.
THIS IS THE SECOND FEWEST RAINY DAYS EVER RECORDED FOR THE MONTH OF
JUNE. THE FEWEST RAINY DAYS WAS IN 1997 WHEN THERE WERE ONLY 7 RAINY
DAYS. THE MOST RAINFALL RECORDED IN THE MONTH OF JUNE WAS 2012 WHEN
11.07 INCHES FELL. THE DRIEST JUNE WAS 1999 WITH ONLY 1.08 INCHES.

IT IS IMPORTANT TO NOTE THAT RECORDS AT THE NATIONAL WEATHER SERVICE
IN GRAY ONLY EXTEND BACK 19 YEARS TO OCTOBER 1995.

$$

KIMBLE
