000
CXUS54 KJAN 012315
CLMHBG


CLIMATE REPORT
NATIONAL WEATHER SERVICE JACKSON MS
614 PM CDT FRI SEP 1 2017

...................................

...THE HATTIESBURG CLIMATE SUMMARY FOR THE MONTH OF AUGUST 2017...

CLIMATE NORMAL PERIOD 1981 TO 2010
CLIMATE RECORD PERIOD 1948 TO 2017

WEATHER         OBSERVED          NORMAL  DEPART  LAST YEAR`S
                 VALUE   DATE(S)  VALUE   FROM    VALUE  DATE(S)
                                          NORMAL
................................................................
TEMPERATURE (F)
RECORD
 HIGH             106   08/30/1951
 LOW               55   08/15/2004
                        08/28/1952
HIGHEST            94   08/23        MM      MM       97  08/03
                        08/20
                        08/19
LOWEST             66   08/01        71      -5       71  08/27
                                                          08/14
AVG. MAXIMUM     89.4              92.2    -2.8     92.4
AVG. MINIMUM     72.4              70.8     1.6     74.1
MEAN             80.9              81.5    -0.6     83.2
DAYS MAX >= 90     20              22.5    -2.5       27
DAYS MAX <= 32      0               0.0     0.0        0
DAYS MIN <= 32      0               0.0     0.0        0
DAYS MIN <= 0       0               0.0     0.0        0

PRECIPITATION (INCHES)
RECORD
 MAXIMUM        14.68   2012
 MINIMUM         0.19   1976
TOTALS           9.22              4.73    4.49     5.60
DAILY AVG.       0.30              0.15    0.15     0.18
DAYS >= .01        17                MM      MM       15
DAYS >= .10        12                MM      MM        9
DAYS >= .50         8                MM      MM        3
DAYS >= 1.00        3                MM      MM        2
GREATEST
 24 HR. TOTAL    1.55   08/08 TO 08/08              1.68

SNOWFALL (INCHES)
TOTALS            0.0
SINCE 7/1         0.0
DAYS >= TRACE       0
DAYS >= 1.0         0
GREATEST
 24 HR TOTAL      0.0   08/31 TO 08/31

DEGREE_DAYS
HEATING TOTAL       0                 0       0        0
 SINCE 7/1          0                 0       0        0
COOLING TOTAL     502               511      -9      571
 SINCE 1/1       1945              1871      74     2114
.................................................................

WIND (MPH)
AVERAGE WIND SPEED              3.7
HIGHEST WIND SPEED/DIRECTION    25/200    DATE  08/31
HIGHEST GUST SPEED/DIRECTION    34/200    DATE  08/31

SKY COVER
POSSIBLE SUNSHINE (PERCENT)   MM
AVERAGE SKY COVER           0.30
NUMBER OF DAYS FAIR           18
NUMBER OF DAYS PC             12
NUMBER OF DAYS CLOUDY          1

AVERAGE RH (PERCENT)     82

WEATHER CONDITIONS. NUMBER OF DAYS WITH
THUNDERSTORM             17     MIXED PRECIP               0
HEAVY RAIN               11     RAIN                      12
LIGHT RAIN               22     FREEZING RAIN              0
LT FREEZING RAIN          0     HAIL                       0
HEAVY SNOW                0     SNOW                       0
LIGHT SNOW                0     SLEET                      0
FOG                      19     FOG W/VIS <= 1/4 MILE      2
HAZE                      2

-  INDICATES NEGATIVE NUMBERS.
R  INDICATES RECORD WAS SET OR TIED.
MM INDICATES DATA IS MISSING.
T  INDICATES TRACE AMOUNT.

$$
