000
CXUS56 KPQR 011549
CLMHIO


CLIMATE REPORT
NATIONAL WEATHER SERVICE PORTLAND OREGON
849 AM PDT SAT JUL 1 2017

...................................

...THE HILLSBORO OR CLIMATE SUMMARY FOR THE MONTH OF JUNE 2017...

CLIMATE NORMAL PERIOD 1981 TO 2010
CLIMATE RECORD PERIOD 1929 TO 2017

WEATHER         OBSERVED          NORMAL  DEPART  LAST YEAR`S
                 VALUE   DATE(S)  VALUE   FROM    VALUE  DATE(S)
                                          NORMAL
................................................................
TEMPERATURE (F)
HIGHEST           100                                 99  06/05
LOWEST             40                                 41  06/19
AVG. MAXIMUM     75.3              72.7     2.6     76.4
AVG. MINIMUM     51.3              48.3     3.0     50.4
MEAN             63.3              60.5     2.8     63.4
DAYS MAX >= 90      3               1.0     2.0        5
DAYS MAX <= 32      0               0.0     0.0        0
DAYS MIN <= 32      0               0.0     0.0        0
DAYS MIN <= 0       0               0.0     0.0        0

PRECIPITATION (INCHES)
RECORD
 MAXIMUM         4.38   1984
 MINIMUM            T   1940
TOTALS           1.05              1.40   -0.35     1.33
DAYS >= .01         9                MM      MM       11
DAYS >= .10         4                MM      MM        7
DAYS >= .50         0                MM      MM        0
DAYS >= 1.00        0                MM      MM        0
GREATEST
 24 HR. TOTAL    0.35   06/15 TO 06/15

DEGREE_DAYS
HEATING TOTAL      99               155     -56      111
 SINCE 7/1       4874              5005    -131     4056
COOLING TOTAL      58                20      38       71
 SINCE 1/1         88                26      62       90
.................................................................

WIND (MPH)
AVERAGE WIND SPEED              5.4
RESULTANT WIND SPEED/DIRECTION   2/314
HIGHEST WIND SPEED/DIRECTION    26/220    DATE  06/09
HIGHEST GUST SPEED/DIRECTION    32/210    DATE  06/09

SKY COVER
POSSIBLE SUNSHINE (PERCENT)   MM
AVERAGE SKY COVER           0.50

AVERAGE RH (PERCENT)     67

WEATHER CONDITIONS. NUMBER OF DAYS WITH
THUNDERSTORM              0     MIXED PRECIP               0
HEAVY RAIN                1     RAIN                       1
LIGHT RAIN               11     FREEZING RAIN              0
LT FREEZING RAIN          0     HAIL                       0
HEAVY SNOW                0     SNOW                       0
LIGHT SNOW                0     SLEET                      0
FOG                       9     FOG W/VIS <= 1/4 MILE      0
HAZE                      1

-  INDICATES NEGATIVE NUMBERS.
R  INDICATES RECORD WAS SET OR TIED.
MM INDICATES DATA IS MISSING.
T  INDICATES TRACE AMOUNT.

$$
