000
CXUS53 KGLD 030804 RRA
CLMHLC

CLIMATE REPORT
NATIONAL WEATHER SERVICE GOODLAND
155 AM MDT THU NOV 3 2016

...................................

...THE HILL CITY CLIMATE SUMMARY FOR THE MONTH OF OCTOBER 2016...

CLIMATE NORMAL PERIOD 1981 TO 2010
CLIMATE RECORD PERIOD 1896 TO 2016

WEATHER         OBSERVED          NORMAL  DEPART  LAST YEAR`S
                 VALUE   DATE(S)  VALUE   FROM    VALUE  DATE(S)
                                          NORMAL
................................................................
TEMPERATURE (F)
RECORD
 HIGH             104   10/28/2016
 LOW                3   10/27/1997
HIGHEST            92   10/16        90       2       97  10/11
LOWEST             31   10/13        23       8       28  10/29
                        10/12
                        10/07
AVG. MAXIMUM     76.3              68.1     8.2     73.1
AVG. MINIMUM     42.7              39.9     2.8     45.5
MEAN             59.2              54.0     5.2     59.3
DAYS MAX >= 90      1               1.0     0.0        2
DAYS MAX <= 32      0               0.2    -0.2        0
DAYS MIN <= 32      3               5.8    -2.8        1
DAYS MIN <= 0       0               0.0     0.0        0

PRECIPITATION (INCHES)
RECORD
 MAXIMUM         6.52   2008
 MINIMUM         0.00   1913
TOTALS           0.08              1.52   -1.44     2.09
DAILY AVG.       0.00              0.05   -0.05     0.07
DAYS >= .01         3                MM      MM        8
DAYS >= .10         0                MM      MM        4
DAYS >= .50         0                MM      MM        2
DAYS >= 1.00        0                MM      MM        0
GREATEST
 24 HR. TOTAL    0.04   10/11 TO 10/12              0.99


.................................................................



-  INDICATES NEGATIVE NUMBERS.
R  INDICATES RECORD WAS SET OR TIED.
MM INDICATES DATA IS MISSING.
T  INDICATES TRACE AMOUNT.

$$
