000
CXUS54 KHGX 021849
CLMHOU

CLIMATE REPORT
NATIONAL WEATHER SERVICE HOUSTON/GALVESTON TX
149 PM CDT THU JUL 2 2015

...................................

...THE HOUSTON INTERCONTINENTAL CLIMATE SUMMARY FOR THE MONTH OF JUNE 2015...

CLIMATE NORMAL PERIOD 1981 TO 2010
CLIMATE RECORD PERIOD 1892 TO 2015

WEATHER         OBSERVED          NORMAL  DEPART  LAST YEAR`S
                 VALUE   DATE(S)  VALUE   FROM    VALUE  DATE(S)
                                          NORMAL
................................................................
TEMPERATURE (F)
RECORD
 HIGH             107   06/29/2013
                        06/14/1998
 LOW               52   06/03/1970

HIGHEST            94   06/26        91       3       94  06/12
                        06/25                             06/11
                        06/11
LOWEST             66   06/01        72      -6       68  06/11

AVG. MAXIMUM     90.8              91.4    -0.6     90.7
AVG. MINIMUM     73.6              73.3     0.3     74.2
MEAN             82.2              82.4    -0.2     82.4

DAYS MAX >= 90     24              20.7     3.3       22
DAYS MAX <= 32      0               0.0     0.0        0
DAYS MIN <= 32      0               0.0     0.0        0
DAYS MIN <= 0       0               0.0     0.0        0

PRECIPITATION (INCHES)
RECORD
 MAXIMUM        19.21   2001
 MINIMUM         0.08   2005

TOTALS          11.39              5.93    5.46     2.18
DAILY AVG.       0.38              0.20    0.18     0.07

DAYS >= .01        11              10.6     0.4       13
DAYS >= .10        10               6.9     3.1        6
DAYS >= .50         6               3.6     2.4        3
DAYS >= 1.00        4               1.8     2.2        0

DEGREE_DAYS
HEATING TOTAL       0                 0       0        0
 SINCE 7/1       1462              1367      95     1741
COOLING TOTAL     523               520       3      533
 SINCE 1/1       1215              1172      43     1074
.................................................................

WIND (MPH)
AVERAGE WIND SPEED              5.7
RESULTANT WIND SPEED/DIRECTION   3/155
HIGHEST WIND SPEED/DIRECTION    32/150    DATE  06/17
HIGHEST GUST SPEED/DIRECTION    39/120    DATE  06/30

SKY COVER
AVERAGE SKY COVER           0.60

AVERAGE RH (PERCENT)     74

WEATHER CONDITIONS. NUMBER OF DAYS WITH
THUNDERSTORM             11     MIXED PRECIP               0
HEAVY RAIN                8     RAIN                      10
LIGHT RAIN               11     FREEZING RAIN              0
LT FREEZING RAIN          0     HAIL                       0
HEAVY SNOW                0     SNOW                       0
LIGHT SNOW                0     SLEET                      0
FOG                      11     FOG W/VIS <= 1/4 MILE      1
HAZE                      4

-  INDICATES NEGATIVE NUMBERS.
R  INDICATES RECORD WAS SET OR TIED.
MM INDICATES DATA IS MISSING.
T  INDICATES TRACE AMOUNT.


&&

...................................

...THE HOUSTON/HOBBY AIRPORT CLIMATE SUMMARY FOR THE MONTH OF JUNE 2015...

CLIMATE NORMAL PERIOD 1981 TO 2010
CLIMATE RECORD PERIOD 1930 TO 2015

WEATHER         OBSERVED          NORMAL  DEPART  LAST YEAR`S
                 VALUE   DATE(S)  VALUE   FROM    VALUE  DATE(S)
                                          NORMAL
................................................................
TEMPERATURE (F)
RECORD
 HIGH             105   06/29/2013
 LOW               56   06/01/1984

HIGHEST            93   06/27        MM      MM       93  06/12
                        06/26                             06/11
                        06/25
LOWEST             70   06/04        MM      MM       69  06/11
                        06/02
                        06/01

AVG. MAXIMUM     90.3              90.1     0.2     89.7
AVG. MINIMUM     75.0              73.9     1.1     75.0
MEAN             82.7              82.0     0.7     82.3

DAYS MAX >= 90     23              16.9     6.1       19
DAYS MAX <= 32      0               0.0     0.0        0
DAYS MIN <= 32      0               0.0     0.0        0
DAYS MIN <= 0       0               0.0     0.0        0

PRECIPITATION (INCHES)
RECORD
 MAXIMUM        23.20   2001
 MINIMUM         0.08   1934

TOTALS           4.87              7.10   -2.23     2.98
DAILY AVG.       0.16              0.24   -0.08     0.10

DAYS >= .01         9               9.9    -0.9       13
DAYS >= .10         8               7.2     0.8        6
DAYS >= .50         5               3.7     1.3        1
DAYS >= 1.00        2               2.2    -0.2        1

DEGREE_DAYS
HEATING TOTAL       0                 0       0        0
 SINCE 7/1       1300              1220      80     1548
COOLING TOTAL     539               510      29      529
 SINCE 1/1       1278              1164     114     1080
.................................................................

WIND (MPH)
AVERAGE WIND SPEED              6.0
RESULTANT WIND SPEED/DIRECTION   4/166
HIGHEST WIND SPEED/DIRECTION    26/190    DATE  06/17
HIGHEST GUST SPEED/DIRECTION    37/150    DATE  06/17

SKY COVER
AVERAGE SKY COVER           0.60

AVERAGE RH (PERCENT)     73

WEATHER CONDITIONS. NUMBER OF DAYS WITH
THUNDERSTORM             14     MIXED PRECIP               0
HEAVY RAIN                6     RAIN                       5
LIGHT RAIN               10     FREEZING RAIN              0
LT FREEZING RAIN          0     HAIL                       0
HEAVY SNOW                0     SNOW                       0
LIGHT SNOW                0     SLEET                      0
FOG                       8     FOG W/VIS <= 1/4 MILE      0
HAZE                      0

-  INDICATES NEGATIVE NUMBERS.
R  INDICATES RECORD WAS SET OR TIED.
MM INDICATES DATA IS MISSING.
T  INDICATES TRACE AMOUNT.


$$
