064
CXUS54 KHGX 192157
CLMHOU

CLIMATE REPORT
NATIONAL WEATHER SERVICE HOUSTON/GALVESTON TX
210 PM CDT FRI JUL 1 2016

...................................

...THE HOUSTON INTERCONTINENTAL CLIMATE SUMMARY FOR THE MONTH OF JUNE 2016...

CLIMATE NORMAL PERIOD 1981 TO 2010
CLIMATE RECORD PERIOD 1892 TO 2016

WEATHER         OBSERVED          NORMAL  DEPART  LAST YEAR`S
                 VALUE   DATE(S)  VALUE   FROM    VALUE  DATE(S)
                                          NORMAL
................................................................
TEMPERATURE (F)
RECORD
 HIGH             107   06/29/2013
 LOW               52   06/03/1970
HIGHEST            97   06/28        91       6       94  06/26
                        06/18                             06/25
                        06/16                             06/11
LOWEST             67   06/02        72      -5       66  06/01
AVG. MAXIMUM     90.9              91.4    -0.5     90.8
AVG. MINIMUM     73.4              73.3     0.1     73.6
MEAN             82.1              82.4    -0.3     82.2
DAYS MAX >= 90     21              20.7     0.3       24
DAYS MAX <= 32      0               0.0     0.0        0
DAYS MIN <= 32      0               0.0     0.0        0
DAYS MIN <= 0       0               0.0     0.0        0

PRECIPITATION (INCHES)
RECORD
 MAXIMUM        19.21   2001
 MINIMUM         0.08   2005
TOTALS          13.12              5.93    7.19    11.39
DAILY AVG.       0.44              0.20    0.24     0.38
DAYS >= .01         9              10.6    -1.6       11
DAYS >= .10         7               6.9     0.1       10
DAYS >= .50         5               3.6     1.4        6
DAYS >= 1.00        4               1.8     2.2        4

DEGREE_DAYS
HEATING TOTAL       0                 0       0        0
 SINCE 7/1       1017              1367    -350     1462
COOLING TOTAL     520               520       0      523
 SINCE 1/1       1101              1172     -71     1215
.................................................................

WIND (MPH)
AVERAGE WIND SPEED              5.5
RESULTANT WIND SPEED/DIRECTION   2/135
HIGHEST WIND SPEED/DIRECTION    26/130    DATE  06/02
HIGHEST GUST SPEED/DIRECTION    31/140    DATE  06/02

SKY COVER
AVERAGE SKY COVER           0.60

AVERAGE RH (PERCENT)     77

WEATHER CONDITIONS. NUMBER OF DAYS WITH
THUNDERSTORM              15     MIXED PRECIP               0
HEAVY RAIN                7     RAIN                       5
LIGHT RAIN               15     FREEZING RAIN              0
LT FREEZING RAIN          0     HAIL                       0
HEAVY SNOW                0     SNOW                       0
LIGHT SNOW                0     SLEET                      0
FOG                      12     FOG W/VIS <= 1/4 MILE      2
HAZE                      2

-  INDICATES NEGATIVE NUMBERS.
R  INDICATES RECORD WAS SET OR TIED.
MM INDICATES DATA IS MISSING.
T  INDICATES TRACE AMOUNT.
...................................

&&

...THE HOUSTON/HOBBY AIRPORT CLIMATE SUMMARY FOR THE MONTH OF JUNE 2016...

CLIMATE NORMAL PERIOD 1981 TO 2010
CLIMATE RECORD PERIOD 1930 TO 2016

WEATHER         OBSERVED          NORMAL  DEPART  LAST YEAR`S
                 VALUE   DATE(S)  VALUE   FROM    VALUE  DATE(S)
                                          NORMAL
................................................................
TEMPERATURE (F)
RECORD
 HIGH             105   06/29/2013
 LOW               56   06/01/1984
HIGHEST            97   06/18                         93  06/27
                                                          06/26
                                                          06/25
LOWEST             69   06/02                         70  06/04
                                                          06/02
                                                          06/01
AVG. MAXIMUM     90.9              90.1     0.8     90.3
AVG. MINIMUM     75.2              73.9     1.3     75.0
MEAN             83.1              82.0     1.1     82.7
DAYS MAX >= 90     24              16.9     7.1       23
DAYS MAX <= 32      0               0.0     0.0        0
DAYS MIN <= 32      0               0.0     0.0        0
DAYS MIN <= 0       0               0.0     0.0        0

PRECIPITATION (INCHES)
RECORD
 MAXIMUM        11.03   2006
 MINIMUM         1.36   2013
TOTALS           8.83              7.10    1.73     4.87
DAILY AVG.       0.29              0.24    0.05     0.16
DAYS >= .01        17               9.9     7.1        9
DAYS >= .10        11               7.2     3.8        8
DAYS >= .50         4               3.7     0.3        5
DAYS >= 1.00        3               2.2     0.8        2

DEGREE_DAYS
HEATING TOTAL       0                 0       0        0
 SINCE 7/1        790              1220    -430     1300
COOLING TOTAL     550               510      40      539
 SINCE 1/1       1321              1164     157     1278
.................................................................

WIND (MPH)
AVERAGE WIND SPEED              5.1
RESULTANT WIND SPEED/DIRECTION   2/150
HIGHEST WIND SPEED/DIRECTION    29/280    DATE  06/12
HIGHEST GUST SPEED/DIRECTION    64/330    DATE  06/01

SKY COVER
AVERAGE SKY COVER           0.60

AVERAGE RH (PERCENT)     75

WEATHER CONDITIONS. NUMBER OF DAYS WITH
THUNDERSTORM              13     MIXED PRECIP               0
HEAVY RAIN                7     RAIN                       8
LIGHT RAIN               15     FREEZING RAIN              0
LT FREEZING RAIN          0     HAIL                       0
HEAVY SNOW                0     SNOW                       0
LIGHT SNOW                0     SLEET                      0
FOG                       8     FOG W/VIS <= 1/4 MILE      0
HAZE                      2

-  INDICATES NEGATIVE NUMBERS.
R  INDICATES RECORD WAS SET OR TIED.
MM INDICATES DATA IS MISSING.
T  INDICATES TRACE AMOUNT.

$$
