000
CXUS44 KBRO 011508
CLMHRL


CLIMATE REPORT
NATIONAL WEATHER SERVICE BROWNSVILLE TX
856 AM CST THU FEB 1 2018

...................................

...THE HARLINGEN CLIMATE SUMMARY FOR THE MONTH OF JANUARY 2018...

CLIMATE NORMAL PERIOD 1981 TO 2010
CLIMATE RECORD PERIOD 1912 TO 2018

WEATHER         OBSERVED          NORMAL  DEPART  LAST YEAR`S
                 VALUE   DATE(S)  VALUE   FROM    VALUE  DATE(S)
                                          NORMAL
................................................................
TEMPERATURE (F)
HIGHEST            84   01/11        83       1       92  01/21
LOWEST             29   01/17        33      -4       29  01/07
                        01/16
AVG. MAXIMUM     67.8              70.7    -2.9     77.7
AVG. MINIMUM     44.3              49.5    -5.2     53.5
MEAN             56.0              60.1    -4.1     65.6
DAYS MAX >= 90      0               0.1    -0.1        1
DAYS MAX <= 32      0               0.0     0.0        0
DAYS MIN <= 32      5               0.8     4.2        2
DAYS MIN <= 0       0               0.0     0.0        0

PRECIPITATION (INCHES)
TOTALS           2.44              1.06    1.38     0.90
DAILY AVG.       0.08              0.03    0.05     0.03
DAYS >= .01         9                MM      MM        6
DAYS >= .10         2                MM      MM
DAYS >= .50         1                MM      MM
DAYS >= 1.00        1                MM      MM
GREATEST
 24 HR. TOTAL    2.06   01/27 TO 01/27           01/18 TO 01/19
                                                          01/31 TO 01/31
                                                          01/31 TO 01/31

SNOWFALL (INCHES)
RECORDS
 24 HR TOTAL       MM
TOTALS              T                MM      MM      0.0
 LIQUID EQUIV      MM                MM      MM     0.00
SINCE 7/1         1.0                MM      MM      0.0
 LIQUID 7/1      0.10
DAYS >= TRACE       1                MM      MM        0
DAYS >= 1.0         0                MM      MM        0
GREATEST
 SNOW DEPTH         0   MM                             0  MM
 24 HR TOTAL        T   01/16 TO 01/16               0.0

DEGREE_DAYS
HEATING TOTAL     295               200      95      104
 SINCE 7/1        565               448     117      221
COOLING TOTAL      23                49     -26      131
 SINCE 1/1         23                58     -35      131

.................................................................

WIND (MPH)
AVERAGE WIND SPEED              10.9
HIGHEST WIND SPEED/DIRECTION    40/350    DATE  01/11
HIGHEST GUST SPEED/DIRECTION    53/340    DATE  01/11

SKY COVER
POSSIBLE SUNSHINE (PERCENT)   MM
AVERAGE SKY COVER           0.50
NUMBER OF DAYS FAIR            9
NUMBER OF DAYS PC             11
NUMBER OF DAYS CLOUDY         11

AVERAGE RH (PERCENT)     72

-  INDICATES NEGATIVE NUMBERS.
R  INDICATES RECORD WAS SET OR TIED.
MM INDICATES DATA IS MISSING.
T  INDICATES TRACE AMOUNT.

$$
