000
CXUS54 KLZK 031019
CLMHRO


CLIMATE REPORT
NATIONAL WEATHER SERVICE LITTLE ROCK AR
510 AM CDT WED AUG 3 2016

...................................

...THE HARRISON CLIMATE SUMMARY FOR THE MONTH OF JULY 2016...

CLIMATE NORMAL PERIOD 1981 TO 2010
CLIMATE RECORD PERIOD 1891 TO 2016

WEATHER         OBSERVED          NORMAL  DEPART  LAST YEAR`S
                 VALUE   DATE(S)  VALUE   FROM    VALUE  DATE(S)
                                          NORMAL
................................................................
TEMPERATURE (F)
RECORD
 HIGH             112   07/18/1936
 LOW               42   07/04/1924
HIGHEST            97   07/24        89       8       94  07/27
                                                          07/15
                                                          07/13
LOWEST             64   07/16        69      -5       62  07/31
AVG. MAXIMUM     89.3              89.0     0.3     88.7
AVG. MINIMUM     70.1              67.7     2.4     70.8
MEAN             79.7              78.4     1.3     79.8
DAYS MAX >= 90     13              14.4    -1.4       16
DAYS MAX <= 32      0               0.0     0.0        0
DAYS MIN <= 32      0               0.0     0.0        0
DAYS MIN <= 0       0               0.0     0.0        0

PRECIPITATION (INCHES)
RECORD
 MAXIMUM        13.75   1905
 MINIMUM         0.33   1923
TOTALS           5.24              3.14    2.10     6.62
DAILY AVG.       0.17              0.10    0.07     0.21
DAYS >= .01        15              10.4     4.6       12
DAYS >= .10         8                                  9
DAYS >= .50         4                                  3
DAYS >= 1.00        2               0.8     1.2        2
GREATEST
 24 HR. TOTAL    1.62   07/03 TO 07/04

SNOWFALL (INCHES)
TOTALS            0.0               0.0     0.0      0.0
 LIQUID EQUIV    0.00              0.00    0.00     0.00
SINCE 7/1         0.0               0.0     0.0      0.0
 LIQUID 7/1      0.00              0.00    0.00     0.00
SNOWDEPTH AVG.      0
DAYS >= TRACE       0               0.0     0.0        0
DAYS >= 1.0         0                                  0
GREATEST
 SNOW DEPTH         0   MM
 24 HR TOTAL      0.0

DEGREE_DAYS
HEATING TOTAL       0                 0       0        0
 SINCE 7/1          0                 0       0        0
COOLING TOTAL     462               414      48      465
 SINCE 1/1        925               818     107      918

FREEZE DATES
RECORD
 EARLIEST     09/13/1902
 LATEST       05/17/1912
EARLIEST                        10/29
LATEST                          04/04
..................................................

WIND (MPH)
AVERAGE WIND SPEED              5.2
HIGHEST WIND SPEED/DIRECTION    25/160    DATE  07/12
HIGHEST GUST SPEED/DIRECTION    32/190    DATE  07/07

SKY COVER
POSSIBLE SUNSHINE (PERCENT)   MM
AVERAGE SKY COVER           0.20
NUMBER OF DAYS FAIR           23
NUMBER OF DAYS PC              8
NUMBER OF DAYS CLOUDY          0

AVERAGE RH (PERCENT)     77

WEATHER CONDITIONS. NUMBER OF DAYS WITH
THUNDERSTORM              0     MIXED PRECIP               0
HEAVY RAIN                7     RAIN                       5
LIGHT RAIN               19     FREEZING RAIN              0
LT FREEZING RAIN          0     HAIL                       0
HEAVY SNOW                0     SNOW                       0
LIGHT SNOW                0     SLEET                      0
FOG                      20     FOG W/VIS <= 1/4 MILE      6
HAZE                      1

-  INDICATES NEGATIVE NUMBERS.
R  INDICATES RECORD WAS SET OR TIED.
MM INDICATES DATA IS MISSING.
T  INDICATES TRACE AMOUNT.

&&

...DATA FOR HARRISON FOR JULY 2016...

.SUMMARY...
JULY TEMPERATURES WERE A LITTLE OVER A DEGREE ABOVE THE 30-YEAR
AVERAGE. THE WARMEST PERIOD WAS DURING THE 3RD WEEK. HOWEVER...
THE MERCURY FAILED TO CRACK 100 DEGREES DURING THE MONTH.

RAINFALL WAS ABOVE AVERAGE FOR THE MONTH...AND WAS FAIRLY WELL
DISTRIBUTED THROUGHOUT THE MONTH.

.MONTHLY TEMPERATURES...
THE AVERAGE HIGH TEMPERATURE WAS THE WARMEST SINCE 2012. THE AVERAGE
LOW AND MONTHLY TEMPERATURES WERE THE COOLEST SINCE 2014.

.DAILY TEMPERATURES...
ABOVE AVERAGE ON 22 DAYS...BELOW AVERAGE ON SIX DAYS...AND AVERAGE
ON THREE DAYS.

.TEMPERATURE RECORDS TIED OR BROKEN DURING THE MONTH...
NONE.

.MONTHLY RAINFALL...
EVEN THOUGH RAINFALL WAS ABOVE AVERAGE...IT WAS STILL THE DRIEST
JULY SINCE 2012.

FROM JULY 1ST-10TH...THERE WERE TEN CONSECUTIVE DAYS WITH
RAINFALL... MEASURABLE OR NOT. THIS IS THE MOST CONSECUTIVE DAYS
WITH ANY RAINFALL IN THE MONTH OF JULY SINCE 1949...AND THE MOST
ON RECORD FOR THE MONTH. THE PREVIOUS RECORD WAS NINE DAYS FROM
JULY 4TH-12TH OF 1949.

.DAILY RAINFALL RECORDS TIED OR BROKEN...
NONE.

$$
