000
CXUS53 KIND 011511
CLMHUF


CLIMATE REPORT
NATIONAL WEATHER SERVICE INDIANAPOLIS IN
1111 AM EDT MON AUG 1 2016

...................................

...THE TERRE HAUTE IN CLIMATE SUMMARY FOR THE MONTH OF JULY 2016...

CLIMATE NORMAL PERIOD 1981 TO 2010
CLIMATE RECORD PERIOD 9999 TO 9999

WEATHER         OBSERVED          NORMAL  DEPART  LAST YEAR`S
                 VALUE   DATE(S)  VALUE   FROM    VALUE  DATE(S)
                                          NORMAL
................................................................
TEMPERATURE (F)
HIGHEST            92   07/24                         93  07/28
LOWEST             51   07/02                         56  07/22
AVG. MAXIMUM     85.2              85.7    -0.5     84.4
AVG. MINIMUM     66.9              64.3     2.6     65.2
MEAN             76.0              75.0     1.0     74.8
DAYS MAX >= 90      5               6.8    -1.8        6
DAYS MAX <= 32      0               0.0     0.0        0
DAYS MIN <= 32      0               0.0     0.0        0
DAYS MIN <= 0       0               0.0     0.0        0

PRECIPITATION (INCHES)
TOTALS           7.32              4.79    2.53     2.46
DAILY AVG.       0.24              0.15    0.09     0.08
DAYS >= .01        15                MM      MM       11
DAYS >= .10        11                MM      MM        5
DAYS >= .50         7                MM      MM        2
DAYS >= 1.00        2                MM      MM        1
GREATEST
 24 HR. TOTAL    1.68   07/03 TO 07/03

DEGREE_DAYS
HEATING TOTAL       4                 1       3        0
 SINCE 7/1          4                 1       3        0
COOLING TOTAL     354               311      43      312
 SINCE 1/1        760               632     128      712
.................................................................

WIND (MPH)
AVERAGE WIND SPEED              4.8
HIGHEST WIND SPEED/DIRECTION    28/360    DATE  07/06
HIGHEST GUST SPEED/DIRECTION    37/360    DATE  07/06

SKY COVER
POSSIBLE SUNSHINE (PERCENT)   MM
AVERAGE SKY COVER           0.30
NUMBER OF DAYS FAIR           21
NUMBER OF DAYS PC              8
NUMBER OF DAYS CLOUDY          2

AVERAGE RH (PERCENT)     76

WEATHER CONDITIONS. NUMBER OF DAYS WITH
THUNDERSTORM             12     MIXED PRECIP               0
HEAVY RAIN               10     RAIN                       7
LIGHT RAIN               16     FREEZING RAIN              0
LT FREEZING RAIN          0     HAIL                       0
HEAVY SNOW                0     SNOW                       0
LIGHT SNOW                0     SLEET                      0
FOG                      21     FOG W/VIS <= 1/4 MILE      4
HAZE                      4

-  INDICATES NEGATIVE NUMBERS.
R  INDICATES RECORD WAS SET OR TIED.
MM INDICATES DATA IS MISSING.
T  INDICATES TRACE AMOUNT.

$$
