000
CXUS53 KUNR 011604
CLMICR


CLIMATE REPORT
NATIONAL WEATHER SERVICE RAPID CITY SD
1003 AM MDT WED OCT 1 2014

...................................

...THE WINNER REGIONAL AIRPORT SD CLIMATE SUMMARY FOR THE MONTH OF SEPTEMBER 2014...

CLIMATE NORMAL PERIOD 1981 TO 2010
CLIMATE RECORD PERIOD 9999 TO 9999

WEATHER         OBSERVED          NORMAL  DEPART  LAST YEAR`S
                 VALUE   DATE(S)  VALUE   FROM    VALUE  DATE(S)
                                          NORMAL
................................................................
TEMPERATURE (F)
HIGHEST            96   09/03                         99  09/06
LOWEST             37   09/12                         43  09/28
                                                          09/20
AVG. MAXIMUM     77.9              77.1     0.8     83.6
AVG. MINIMUM     52.8              51.0     1.8     57.4
MEAN             65.3              64.0     1.3     70.5
DAYS MAX >= 90      5                                  9
DAYS MAX <= 32      0                                  0
DAYS MIN <= 32      0                                  0
DAYS MIN <= 0       0                                  0

PRECIPITATION (INCHES)
TOTALS           1.04              1.99   -0.95     0.74
DAILY AVG.       0.03              0.07   -0.04     0.02
DAYS >= .01         9                                  8
DAYS >= .10         3                                  2
DAYS >= .50         0                                  0
DAYS >= 1.00        0                                  0
GREATEST
 24 HR. TOTAL    0.52   09/09 TO 09/10              0.36

DEGREE_DAYS
HEATING TOTAL     107               128     -21       48
 SINCE 7/1        120               142     -22       55
COOLING TOTAL     124               100      24      221
 SINCE 1/1        854               906     -52     1012
.................................................................

WIND (MPH)
AVERAGE WIND SPEED              11.6
HIGHEST WIND SPEED/DIRECTION    37/220    DATE  09/30
HIGHEST GUST SPEED/DIRECTION    48/230    DATE  09/30

AVERAGE RH (PERCENT)     61

WEATHER CONDITIONS. NUMBER OF DAYS WITH
THUNDERSTORM              0     MIXED PRECIP               0
HEAVY RAIN                1     RAIN                       3
LIGHT RAIN               14     FREEZING RAIN              0
LT FREEZING RAIN          0     HAIL                       0
HEAVY SNOW                0     SNOW                       0
LIGHT SNOW                0     SLEET                      0
FOG                       5     FOG W/VIS <= 1/4 MILE      1
HAZE                      3

-  INDICATES NEGATIVE NUMBERS.
R  INDICATES RECORD WAS SET OR TIED.
MM INDICATES DATA IS MISSING.
T  INDICATES TRACE AMOUNT.

$$
