000
CXUS53 KUNR 011612
CLMICR


CLIMATE REPORT
NATIONAL WEATHER SERVICE RAPID CITY SD
1010 AM MDT SAT OCT 1 2016

...................................

...THE WINNER REGIONAL AIRPORT SD CLIMATE SUMMARY FOR THE MONTH OF SEPTEMBER 2016...

CLIMATE NORMAL PERIOD 1981 TO 2010
CLIMATE RECORD PERIOD 9999 TO 9999

WEATHER         OBSERVED          NORMAL  DEPART  LAST YEAR`S
                 VALUE   DATE(S)  VALUE   FROM    VALUE  DATE(S)
                                          NORMAL
................................................................
TEMPERATURE (F)
HIGHEST            95   09/23                        101  09/02
LOWEST             38   09/14                         42  09/19
AVG. MAXIMUM     79.4              77.1     2.3     84.0
AVG. MINIMUM     53.5              51.0     2.5     57.5
MEAN             66.5              64.0     2.5     70.8
DAYS MAX >= 90      5                                  9
DAYS MAX <= 32      0                                  0
DAYS MIN <= 32      0                                  0
DAYS MIN <= 0       0                                  0

PRECIPITATION (INCHES)
TOTALS           2.03              1.99    0.04     1.50
DAILY AVG.       0.07              0.07    0.00     0.05
DAYS >= .01         5                                  7
DAYS >= .10         3                                  4
DAYS >= .50         2                                  1
DAYS >= 1.00        1                                  0
GREATEST
 24 HR. TOTAL    1.07   09/04 TO 09/04              0.52

DEGREE_DAYS
HEATING TOTAL      65               128     -63       32
 SINCE 7/1         73               142     -69       46
COOLING TOTAL     116               100      16      188
 SINCE 1/1       1160               906     254     1128
.................................................................

WIND (MPH)
AVERAGE WIND SPEED              11.7
HIGHEST WIND SPEED/DIRECTION    37/310    DATE  09/25
HIGHEST GUST SPEED/DIRECTION    45/310    DATE  09/25

AVERAGE RH (PERCENT)     63

WEATHER CONDITIONS. NUMBER OF DAYS WITH
THUNDERSTORM              0     MIXED PRECIP               0
HEAVY RAIN                3     RAIN                       4
LIGHT RAIN               10     FREEZING RAIN              0
LT FREEZING RAIN          0     HAIL                       0
HEAVY SNOW                0     SNOW                       0
LIGHT SNOW                0     SLEET                      0
FOG                       9     FOG W/VIS <= 1/4 MILE      3
HAZE                      5

-  INDICATES NEGATIVE NUMBERS.
R  INDICATES RECORD WAS SET OR TIED.
MM INDICATES DATA IS MISSING.
T  INDICATES TRACE AMOUNT.

$$
