685
CXUS55 KVEF 011201
CLMIGM


CLIMATE REPORT
NATIONAL WEATHER SERVICE LAS VEGAS, NV
501 AM PDT FRI MAY 1 2015

...................................

...THE KINGMAN AZ CLIMATE SUMMARY FOR THE MONTH OF APRIL 2015...

CLIMATE NORMAL PERIOD 1981 TO 2010
CLIMATE RECORD PERIOD 1901 TO 2015

WEATHER         OBSERVED          NORMAL  DEPART  LAST YEAR`S
                 VALUE   DATE(S)  VALUE   FROM    VALUE  DATE(S)
                                          NORMAL
................................................................
TEMPERATURE (F)
RECORD
 HIGH              97   04/19/1938
 LOW               21   04/09/1953
HIGHEST            90   04/30        MM      MM       88  04/21
LOWEST             28   04/16        MM      MM       27  04/03
AVG. MAXIMUM     75.2              73.6     1.6     75.9
AVG. MINIMUM     41.1              43.9    -2.8     44.9
MEAN             58.2              58.7    -0.5     60.4
DAYS MAX >= 90      1               0.6     0.4        0
DAYS MAX <= 32      0               0.0     0.0        0
DAYS MIN <= 32      2               1.7     0.3        1
DAYS MIN <= 0       0               0.0     0.0        0

PRECIPITATION (INCHES)
RECORD
 MAXIMUM         4.04   1965
 MINIMUM         0.00   2008
                        1992
                        1991
TOTALS           0.11              0.41   -0.30     0.24
DAILY AVG.       0.00              0.01   -0.01     0.01
DAYS >= .01         2                MM      MM        4
DAYS >= .10         0                MM      MM        1
DAYS >= .50         0                MM      MM        0
DAYS >= 1.00        0                MM      MM        0
GREATEST
 24 HR. TOTAL    0.06   04/25 TO 04/25
                        04/24 TO 04/25
                        04/25 TO 04/25

SNOWFALL (INCHES)
RECORDS
 TOTAL          999.0   2013
 24 HR TOTAL      3.0
TOTALS            0.0                MM      MM       MM
SINCE 7/1           T
SNOWDEPTH AVG.      0
DAYS >= TRACE       0
DAYS >= 1.0         0
GREATEST
 SNOW DEPTH         0
 24 HR TOTAL      0.0   04/30 TO 04/30
 STORM TOTAL       MM
 (MM/DD(HH))

DEGREE_DAYS
HEATING TOTAL     214               215      -1      164
 SINCE 7/1       2442              3046    -604     2792
COOLING TOTAL      16                28     -12       33
 SINCE 1/1         18                31     -13       33

FREEZE DATES
RECORD
 EARLIEST     10/22/1996
 LATEST       05/21/1975
EARLIEST                        11/14
LATEST                          04/04
.................................................................

WIND (MPH)
AVERAGE WIND SPEED              10.4
HIGHEST WIND SPEED/DIRECTION    39/340    DATE  04/14
HIGHEST GUST SPEED/DIRECTION    50/230    DATE  04/14

SKY COVER
POSSIBLE SUNSHINE (PERCENT)   MM
AVERAGE SKY COVER           0.10
NUMBER OF DAYS FAIR           29
NUMBER OF DAYS PC              1
NUMBER OF DAYS CLOUDY          0

AVERAGE RH (PERCENT)     29

WEATHER CONDITIONS. NUMBER OF DAYS WITH
THUNDERSTORM              0     MIXED PRECIP               0
HEAVY RAIN                0     RAIN                       0
LIGHT RAIN                2     FREEZING RAIN              0
LT FREEZING RAIN          0     HAIL                       0
HEAVY SNOW                0     SNOW                       0
LIGHT SNOW                0     SLEET                      0
FOG                       0     FOG W/VIS <= 1/4 MILE      0
HAZE                      0

-  INDICATES NEGATIVE NUMBERS.
R  INDICATES RECORD WAS SET OR TIED.
MM INDICATES DATA IS MISSING.
T  INDICATES TRACE AMOUNT.

$$
