000
CXUS51 KPHI 011250
CLMILG


CLIMATE REPORT
NATIONAL WEATHER SERVICE MOUNT HOLLY NJ
850 AM EDT MON SEP 1 2014

...................................

...THE WILMINGTON CLIMATE SUMMARY FOR THE MONTH OF AUGUST 2014...

CLIMATE NORMAL PERIOD 1981 TO 2010
CLIMATE RECORD PERIOD 1894 TO 2014

WEATHER         OBSERVED          NORMAL  DEPART  LAST YEAR`S
                 VALUE   DATE(S)  VALUE   FROM    VALUE  DATE(S)
                                          NORMAL
................................................................
TEMPERATURE (F)
RECORD
 HIGH             107   08/07/1918
 LOW               43   08/29/1982
HIGHEST            92                93      -1       90
LOWEST             55                54       1       53
AVG. MAXIMUM     82.1              84.2    -2.1     81.7
AVG. MINIMUM     63.3              66.1    -2.8     65.3
MEAN             72.7              75.2    -2.5     73.5
DAYS MAX >= 90      1               4.4    -3.4        1
DAYS MAX <= 32      0               0.0     0.0        0
DAYS MIN <= 32      0               0.0     0.0        0
DAYS MIN <= 0       0               0.0     0.0        0

PRECIPITATION (INCHES)
RECORD
 MAXIMUM        14.91   1911
 MINIMUM         0.25   1972
TOTALS           4.77              3.25    1.52     5.22
DAILY AVG.       0.15              0.10    0.05     0.17
DAYS >= .01         7               8.1    -1.1       10
DAYS >= .10         5               5.0     0.0        6
DAYS >= .50         2               2.1    -0.1        2
DAYS >= 1.00        2               0.9     1.1        2
GREATEST
 24 HR. TOTAL    2.51   08/12 TO 08/12              3.10

SNOWFALL (INCHES)
RECORDS
 TOTAL             MM   5
 24 HR TOTAL       MM
TOTALS            0.0               0.0     0.0      0.0
SINCE 7/1         0.0               0.0     0.0      0.0
SNOWDEPTH AVG.      0                MM      MM        0
DAYS >= 1.0         0               0.0     0.0        0
GREATEST
 SNOW DEPTH         0   MM                             0  MM
 24 HR TOTAL      0.0   08/31 TO 08/31               0.0

DEGREE_DAYS
HEATING TOTAL       0                 2      -2        0
 SINCE 7/1          0                 2      -2        0
COOLING TOTAL     247               316     -69      270
 SINCE 1/1        906               993     -87     1085
.................................................................

WIND (MPH)
AVERAGE WIND SPEED              6.8
HIGHEST WIND SPEED/DIRECTION    25/140    DATE  08/12
HIGHEST GUST SPEED/DIRECTION    34/140    DATE  08/12

SKY COVER
POSSIBLE SUNSHINE (PERCENT)   MM
AVERAGE SKY COVER           0.30
NUMBER OF DAYS FAIR           18
NUMBER OF DAYS PC             10
NUMBER OF DAYS CLOUDY          3

AVERAGE RH (PERCENT)     71

WEATHER CONDITIONS. NUMBER OF DAYS WITH
THUNDERSTORM              0     MIXED PRECIP               0
HEAVY RAIN                3     RAIN                       5
LIGHT RAIN               10     FREEZING RAIN              0
LT FREEZING RAIN          0     HEAVY SNOW                 0
SNOW                      0     LIGHT SNOW                 0
SLEET                     0     FOG                        7
FOG W/VIS <= 1/4 MILE     1     HAZE                       0

-  INDICATES NEGATIVE NUMBERS.
R  INDICATES RECORD WAS SET OR TIED.
MM INDICATES DATA IS MISSING.
T  INDICATES TRACE AMOUNT.

$$
