000
CXUS53 KLBF 010959
CLMIML


CLIMATE REPORT
NATIONAL WEATHER SERVICE NORTH PLATTE
458 AM CDT SUN OCT 1 2017

...................................

...THE IMPERIAL NE CLIMATE SUMMARY FOR THE MONTH OF SEPTEMBER 2017...

CLIMATE NORMAL PERIOD 1981 TO 2010
CLIMATE RECORD PERIOD 1893 TO 2017

WEATHER         OBSERVED          NORMAL  DEPART  LAST YEAR`S
                 VALUE   DATE(S)  VALUE   FROM    VALUE  DATE(S)
                                          NORMAL
................................................................
TEMPERATURE (F)
RECORD
 HIGH             110   09/05/1931
 LOW               19   09/25/1942
                        09/25/1926
HIGHEST           103   09/03        96       7       92  09/20
                                                          09/11
LOWEST             36   09/06        34       2       37  09/26
AVG. MAXIMUM     81.8              79.2     2.6     80.3
AVG. MINIMUM     51.4              49.7     1.7     51.2
MEAN             66.6              64.4     2.2     65.7
DAYS MAX >= 90     12               4.5     7.5        5
DAYS MAX <= 32      0               0.0     0.0        0
DAYS MIN <= 32      0               0.2    -0.2        0
DAYS MIN <= 0       0               0.0     0.0        0

PRECIPITATION (INCHES)
RECORD
 MAXIMUM         6.84   1932
 MINIMUM         0.00   1893
TOTALS           2.31              1.43    0.88     1.12
DAILY AVG.       0.08              0.05    0.03     0.04
DAYS >= .01         8                MM      MM        5
DAYS >= .10         5                MM      MM        3
DAYS >= .50         2                MM      MM        1
DAYS >= 1.00        0                MM      MM        0
GREATEST
 24 HR. TOTAL    0.72   09/24 TO 09/24           09/02 TO 09/03
                        09/23 TO 09/23                    09/02 TO 09/03
                                                          09/03 TO 09/03

SNOWFALL (INCHES)
TOTALS             MM

DEGREE_DAYS
HEATING TOTAL      97               107     -10       60
 SINCE 7/1         97               116     -19       67
COOLING TOTAL     152                91      61       91
 SINCE 1/1       1041               957      84     1003
....................................................

WIND (MPH)
HIGHEST WIND SPEED/DIRECTION    35/340    DATE  09/19
HIGHEST GUST SPEED/DIRECTION    47/340    DATE  09/19

AVERAGE RH (PERCENT)     57

WEATHER CONDITIONS. NUMBER OF DAYS WITH
THUNDERSTORM              0     MIXED PRECIP               0
HEAVY RAIN                4     RAIN                       3
LIGHT RAIN               10     FREEZING RAIN              0
LT FREEZING RAIN          0     HAIL                       0
HEAVY SNOW                0     SNOW                       0
LIGHT SNOW                0     SLEET                      0
FOG                       4     FOG W/VIS <= 1/4 MILE      0
HAZE                      1

-  INDICATES NEGATIVE NUMBERS.
R  INDICATES RECORD WAS SET OR TIED.
MM INDICATES DATA IS MISSING.
T  INDICATES TRACE AMOUNT.

$$
