000
CXUS53 KDVN 011434
CLMIOW


CLIMATE REPORT
NATIONAL WEATHER SERVICE QUAD CITIES IA IL
925 AM CDT FRI JUL 1 2016

...................................

...THE IOWA CITY IA CLIMATE SUMMARY FOR THE MONTH OF JUNE 2016...

CLIMATE NORMAL PERIOD 1981 TO 2010
CLIMATE RECORD PERIOD 9999 TO 9999

WEATHER         OBSERVED          NORMAL  DEPART
                 VALUE   DATE(S)  VALUE   FROM
                                          NORMAL
................................................
TEMPERATURE (F)
HIGHEST            94   06/15        84      10
                        06/10
LOWEST             49   06/08        57      -8
AVG. MAXIMUM     85.5              81.6     3.9
AVG. MINIMUM     63.0              61.3     1.7
MEAN             74.2              71.5     2.7
DAYS MAX >= 90      9
DAYS MAX <= 32      0
DAYS MIN <= 32      0
DAYS MIN <= 0       0

PRECIPITATION (INCHES)
TOTALS           6.66              4.61    2.05
DAILY AVG.       0.22              0.15    0.07
DAYS >= .01         8
DAYS >= .10         7
DAYS >= .50         4
DAYS >= 1.00        2
GREATEST
 24 HR. TOTAL    3.26   06/21 TO 06/22

DEGREE_DAYS
HEATING TOTAL       2                17     -15
 SINCE 7/1       5468              6378    -910
COOLING TOTAL     288               211      77
 SINCE 1/1        360               272      88
.................................................

WIND (MPH)
AVERAGE WIND SPEED              7.3
HIGHEST WIND SPEED/DIRECTION    37/330    DATE  06/11
HIGHEST GUST SPEED/DIRECTION    49/330    DATE  06/11

SKY COVER
POSSIBLE SUNSHINE (PERCENT)   MM
AVERAGE SKY COVER           0.20
NUMBER OF DAYS FAIR           27
NUMBER OF DAYS PC              3
NUMBER OF DAYS CLOUDY          0

AVERAGE RH (PERCENT)     66

WEATHER CONDITIONS. NUMBER OF DAYS WITH
THUNDERSTORM              0     HAIL                       0
SLEET                     0     FOG                        9
FOG W/VIS <= 1/4 MILE     1     HAZE                       2

-  INDICATES NEGATIVE NUMBERS.
R  INDICATES RECORD WAS SET OR TIED.
MM INDICATES DATA IS MISSING.
T  INDICATES TRACE AMOUNT.

$$
