491
CXUS53 KEAX 011301
CLMIRK

CLIMATE REPORT
NATIONAL WEATHER SERVICE KANSAS CITY/PLEASANT HILL MO
756 AM CDT FRI SEP 1 2017

...................................

...THE KIRKSVILLE CLIMATE SUMMARY FOR THE MONTH OF AUGUST 2017...

CLIMATE NORMAL PERIOD 1981 TO 2010
CLIMATE RECORD PERIOD 9999 TO 9999

WEATHER         OBSERVED          NORMAL  DEPART  LAST YEAR`S
                 VALUE   DATE(S)  VALUE   FROM    VALUE  DATE(S)
                                          NORMAL
................................................................
TEMPERATURE (F)
HIGHEST            92   08/19        95      -3       96  08/04
                        08/15
LOWEST             50   08/09        52      -2       54  08/22
                                                          08/21
AVG. MAXIMUM     83.3              84.4    -1.1     84.9
AVG. MINIMUM     57.7              63.1    -5.4     65.5
MEAN             70.5              73.7    -3.2     75.2
DAYS MAX >= 90      4               7.2    -3.2        5
DAYS MAX <= 32      0               0.0     0.0        0
DAYS MIN <= 32      0               0.0     0.0        0
DAYS MIN <= 0       0               0.0     0.0        0

PRECIPITATION (INCHES)
TOTALS           4.93              3.82    1.11     7.14
DAILY AVG.       0.16              0.12    0.04     0.23
DAYS >= .01         8              11.5    -3.5       15
DAYS >= .10         7               7.2    -0.2       10
DAYS >= .50         2               3.2    -1.2        8
DAYS >= 1.00        1               1.3    -0.3        2
GREATEST
 24 HR. TOTAL    3.20   08/21 TO 08/21

DEGREE_DAYS
HEATING TOTAL       1                 6      -5        0
 SINCE 7/1          1                 7      -6        6
COOLING TOTAL     180               277     -97      324
 SINCE 1/1        925               844      81     1078
.................................................................

WIND (MPH)
AVERAGE WIND SPEED              6.0
HIGHEST WIND SPEED/DIRECTION    25/310    DATE  08/20
HIGHEST GUST SPEED/DIRECTION    43/330    DATE  08/13

SKY COVER
POSSIBLE SUNSHINE (PERCENT)   MM
AVERAGE SKY COVER           0.20
NUMBER OF DAYS FAIR           24
NUMBER OF DAYS PC              6
NUMBER OF DAYS CLOUDY          1

AVERAGE RH (PERCENT)     72

WEATHER CONDITIONS. NUMBER OF DAYS WITH
THUNDERSTORM              8     MIXED PRECIP               0
HEAVY RAIN                5     RAIN                       6
LIGHT RAIN                8     FREEZING RAIN              0
LT FREEZING RAIN          0     HAIL                       0
HEAVY SNOW                0     SNOW                       0
LIGHT SNOW                0     SLEET                      0
FOG                      19     FOG W/VIS <= 1/4 MILE      6
HAZE                      5

-  INDICATES NEGATIVE NUMBERS.
R  INDICATES RECORD WAS SET OR TIED.
MM INDICATES DATA IS MISSING.
T  INDICATES TRACE AMOUNT.

$$
