000
CXUS53 KEAX 020651
CLMIRK

STLCLMWK2 000
TTAA00 KEAX 020642


CLIMATE REPORT
NATIONAL WEATHER SERVICE KANSAS CITY/PLEASANT HILL MO
1241 AM CST MON MAR 2 2015

...................................

...THE KIRKSVILLE CLIMATE SUMMARY FOR THE MONTH OF FEBRUARY 2015...

CLIMATE NORMAL PERIOD 1981 TO 2010
CLIMATE RECORD PERIOD 9999 TO 9999

WEATHER         OBSERVED          NORMAL  DEPART  LAST YEAR`S
                 VALUE   DATE(S)  VALUE   FROM    VALUE  DATE(S)
                                          NORMAL
................................................................
TEMPERATURE (F)
HIGHEST            54   02/07        63      -9       56  02/18
LOWEST            -16   02/05               -15      -17  02/07
AVG. MAXIMUM     30.5              39.0    -8.5     29.6
AVG. MINIMUM      9.7              20.6   -10.9      8.4
MEAN             20.1              29.8    -9.7     19.0
DAYS MAX >= 90      0               0.0     0.0        0
DAYS MAX <= 32     14               9.1     4.9       18
DAYS MIN <= 32     26              23.6     2.4       26
DAYS MIN <= 0       8               2.2     5.8       10

PRECIPITATION (INCHES)
TOTALS           0.45              1.53   -1.08     2.69
DAILY AVG.       0.02              0.05   -0.03     0.10
DAYS >= .01         9               6.2     2.8        6
DAYS >= .10         1               3.3    -2.3        6
DAYS >= .50         0               1.3    -1.3        1
DAYS >= 1.00        0               0.3    -0.3        1
GREATEST
 24 HR. TOTAL    0.10   02/15 TO 02/15

DEGREE_DAYS
HEATING TOTAL    1251               986     265     1284
 SINCE 7/1       4679              4533     146     4970
COOLING TOTAL       0                 0       0        0
 SINCE 1/1          0                 0       0        0
.................................................................

WIND (MPH)
AVERAGE WIND SPEED              9.4
HIGHEST WIND SPEED/DIRECTION    30/350    DATE  02/14
HIGHEST GUST SPEED/DIRECTION    40/360    DATE  02/14

SKY COVER
POSSIBLE SUNSHINE (PERCENT)   MM
AVERAGE SKY COVER           0.40
NUMBER OF DAYS FAIR           14
NUMBER OF DAYS PC             10
NUMBER OF DAYS CLOUDY          4

AVERAGE RH (PERCENT)     73

WEATHER CONDITIONS. NUMBER OF DAYS WITH
THUNDERSTORM              0     MIXED PRECIP               0
HEAVY RAIN                0     RAIN                       0
LIGHT RAIN                0     FREEZING RAIN              0
LT FREEZING RAIN          1     HAIL                       0
HEAVY SNOW                0     SNOW                       3
LIGHT SNOW               13     SLEET                      0
FOG                      18     FOG W/VIS <= 1/4 MILE      3
HAZE                      7

-  INDICATES NEGATIVE NUMBERS.
R  INDICATES RECORD WAS SET OR TIED.
MM INDICATES DATA IS MISSING.
T  INDICATES TRACE AMOUNT.

$$
