468
CXCA52 TJSJ 012049
CLMISX


CLIMATE REPORT
NATIONAL WEATHER SERVICE SAN JUAN, PR
448 PM AST MON FEB 1 2016

...................................

...THE HENRY E. ROHLSEN AP/ST CROIX CLIMATE SUMMARY FOR THE MONTH OF JANUARY 2016...

CLIMATE NORMAL PERIOD 1981 TO 2010
CLIMATE RECORD PERIOD 1951 TO 2016

WEATHER         OBSERVED          NORMAL  DEPART  LAST YEAR`S
                 VALUE   DATE(S)  VALUE   FROM    VALUE  DATE(S)
                                          NORMAL
................................................................
TEMPERATURE (F)
RECORD
 HIGH              92   01/30/1973
 LOW               61   01/21/2000
                        01/20/2000
                        01/11/1979
HIGHEST            88   01/26        87       1       87  01/03
                                                          01/02
LOWEST             68   01/15        75      -7       69  01/31
                        01/14                             01/30
                        01/13                             01/23
AVG. MAXIMUM     85.4              84.0     1.4     84.8
AVG. MINIMUM     72.2              72.4    -0.2     71.7
MEAN             78.8              78.2     0.6     78.3
DAYS MAX >= 90      0               0.0     0.0        0
DAYS MAX <= 32      0               0.0     0.0        0
DAYS MIN <= 32      0               0.0     0.0        0
DAYS MIN <= 0       0               0.0     0.0        0

PRECIPITATION (INCHES)
RECORD
 MAXIMUM         7.35   1963
 MINIMUM         0.49   2011
TOTALS           0.50              2.14   -1.64     1.28
DAILY AVG.       0.02              0.07   -0.05     0.04
DAYS >= .01         7              15.8    -8.8       17
DAYS >= .10         2               6.5    -4.5        5
DAYS >= .50         0               0.7    -0.7        0
DAYS >= 1.00        0               0.2    -0.2        0
GREATEST
 24 HR. TOTAL    0.18   01/03 TO 01/03
                        01/03 TO 01/04

SNOWFALL (INCHES)
TOTALS            0.0               0.0     0.0      0.0

DEGREE_DAYS
HEATING TOTAL       0                 0       0        0
COOLING TOTAL     432               409      23      406
.................................................................

WIND (MPH)
AVERAGE WIND SPEED              9.2
HIGHEST WIND SPEED/DIRECTION    25/100    DATE  01/03
HIGHEST GUST SPEED/DIRECTION    31/110    DATE  01/03

SKY COVER
AVERAGE SKY COVER           0.40

AVERAGE RH (PERCENT)     75

WEATHER CONDITIONS. NUMBER OF DAYS WITH
THUNDERSTORM              0     MIXED PRECIP               0
HEAVY RAIN                0     RAIN                       1
LIGHT RAIN               14     FREEZING RAIN              0
LT FREEZING RAIN          0     HAIL                       0
HEAVY SNOW                0     SNOW                       0
LIGHT SNOW                0     SLEET                      0
FOG                       6     FOG W/VIS <= 1/4 MILE      0
HAZE                      0

-  INDICATES NEGATIVE NUMBERS.
R  INDICATES RECORD WAS SET OR TIED.
MM INDICATES DATA IS MISSING.
T  INDICATES TRACE AMOUNT.

$$
