000
CXUS51 KCTP 010738
CLMJST

CLIMATE REPORT
NATIONAL WEATHER SERVICE STATE COLLEGE PA
238 AM EST MON FEB 1 2016

...................................

...THE JOHNSTOWN CLIMATE SUMMARY FOR THE MONTH OF JANUARY 2016...

CLIMATE NORMAL PERIOD 1981 TO 2010
CLIMATE RECORD PERIOD 2000 TO 2016

WEATHER         OBSERVED          NORMAL  DEPART  LAST YEAR`S
                 VALUE   DATE(S)  VALUE   FROM    VALUE  DATE(S)
                                          NORMAL
................................................................
TEMPERATURE (F)
RECORD
 HIGH              80   01/26/1950
 LOW              -20   01/30/1977
HIGHEST            57   01/31                         58  01/04
LOWEST             -1   01/05                         -3  01/10
                                                          01/08
AVG. MAXIMUM     31.7              32.1    -0.4     29.3
AVG. MINIMUM     16.5              18.4    -1.9     15.5
MEAN             24.1              25.2    -1.1     22.4
DAYS MAX >= 90      0                MM      MM        0
DAYS MAX <= 32     17                MM      MM       20
DAYS MIN <= 32     28                MM      MM       31
DAYS MIN <= 0       1                MM      MM        3

PRECIPITATION (INCHES)
RECORD
 MAXIMUM         9.69   1937
 MINIMUM         0.66   1896
TOTALS           0.87              2.88   -2.01     1.92
DAILY AVG.       0.03              0.09   -0.06     0.06
DAYS >= .01         6                MM      MM       16
DAYS >= .10         5                MM      MM        8
DAYS >= .50         0                MM      MM        0
DAYS >= 1.00        0                MM      MM        0
GREATEST
 24 HR. TOTAL    0.33   01/10 TO 01/10

DEGREE_DAYS
HEATING TOTAL    1260              1232      28     1313
 SINCE 7/1       3052              3817    -765     3830
COOLING TOTAL       0                 0       0        0
 SINCE 1/1          0                 0       0        0
.....................................................

WIND (MPH)
AVERAGE WIND SPEED              11.4
HIGHEST WIND SPEED/DIRECTION    36/280    DATE  01/10
HIGHEST GUST SPEED/DIRECTION    50/270    DATE  01/10

SKY COVER
POSSIBLE SUNSHINE (PERCENT)   MM
AVERAGE SKY COVER           0.60
NUMBER OF DAYS FAIR            8
NUMBER OF DAYS PC             10
NUMBER OF DAYS CLOUDY         13

AVERAGE RH (PERCENT)     65

WEATHER CONDITIONS. NUMBER OF DAYS WITH
THUNDERSTORM              0     MIXED PRECIP               0
HEAVY RAIN                0     RAIN                       2
LIGHT RAIN                5     FREEZING RAIN              1
LT FREEZING RAIN          3     HAIL                       0
HEAVY SNOW                4     SNOW                       7
LIGHT SNOW               20     SLEET                      0
FOG                      16     FOG W/VIS <= 1/4 MILE      5
HAZE                     14

-  INDICATES NEGATIVE NUMBERS.
R  INDICATES RECORD WAS SET OR TIED.
MM INDICATES DATA IS MISSING.
T  INDICATES TRACE AMOUNT.

$$
MS
