000
CXUS55 KVEF 011635
CLMLAS


CLIMATE REPORT
NATIONAL WEATHER SERVICE LAS VEGAS, NV
822 AM PST WED FEB 1 2017

...................................

...THE LAS VEGAS NV CLIMATE SUMMARY FOR THE MONTH OF JANUARY 2017...

CLIMATE NORMAL PERIOD 1981 TO 2010
CLIMATE RECORD PERIOD 1937 TO 2017

WEATHER         OBSERVED          NORMAL  DEPART  LAST YEAR`S
                 VALUE   DATE(S)  VALUE   FROM    VALUE  DATE(S)
                                          NORMAL
................................................................
TEMPERATURE (F)
RECORD
 HIGH              77   01/26/1975
 LOW                8   01/13/1963
                        01/25/1937
HIGHEST            67   01/09        68      -1       74  01/30
LOWEST             33   01/28        28       5       27  01/01
AVG. MAXIMUM     56.6              58.0    -1.4     57.0
AVG. MINIMUM     41.9              39.4     2.5     40.3
MEAN             49.3              48.7     0.6     48.6
DAYS MAX >= 90      0               0.0     0.0        0
DAYS MAX <= 32      0               0.0     0.0        0
DAYS MIN <= 32      0               3.0    -3.0        1
DAYS MIN <= 0       0               0.0     0.0        0

PRECIPITATION (INCHES)
RECORD
 MAXIMUM         3.00   1995
 MINIMUM         0.00   1976
                        1972
                        1942
TOTALS           0.90              0.54    0.36     0.46
DAILY AVG.       0.03              0.02    0.01     0.01
DAYS >= .01         6               3.1     2.9        4
DAYS >= .10         2               1.5     0.5        2
DAYS >= .50         0               0.3    -0.3        0
DAYS >= 1.00        0               0.0     0.0        0
GREATEST
 24 HR. TOTAL    0.52   01/22 TO 01/23

SNOWFALL (INCHES)
RECORDS
 TOTAL           16.7   1949
 24 HR TOTAL      9.0
TOTALS            0.0               0.0     0.0      0.0
SINCE 7/1         0.0
SNOWDEPTH AVG.      0
DAYS >= TRACE       0
DAYS >= 1.0         0
GREATEST
 SNOW DEPTH         0
 24 HR TOTAL      0.0   01/31 TO 01/31
 STORM TOTAL       MM
 (MM/DD(HH))

DEGREE_DAYS
HEATING TOTAL     480               505     -25      501
 SINCE 7/1       1159              1352    -193     1368
COOLING TOTAL       0                 0       0        0
 SINCE 1/1          0                 0       0        0

FREEZE DATES
RECORD
 EARLIEST     10/21/1949
 LATEST       04/12/1967
EARLIEST                        11/25
LATEST                          02/28
.................................................................

WIND (MPH)
AVERAGE WIND SPEED              7.5
HIGHEST WIND SPEED/DIRECTION    32/220    DATE  01/11
HIGHEST GUST SPEED/DIRECTION    46/220    DATE  01/11

SKY COVER
POSSIBLE SUNSHINE (PERCENT)   MM
AVERAGE SKY COVER           0.50
NUMBER OF DAYS FAIR            6
NUMBER OF DAYS PC             19
NUMBER OF DAYS CLOUDY          6

AVERAGE RH (PERCENT)     49

WEATHER CONDITIONS. NUMBER OF DAYS WITH
THUNDERSTORM              0     MIXED PRECIP               0
HEAVY RAIN                0     RAIN                       0
LIGHT RAIN                9     FREEZING RAIN              0
LT FREEZING RAIN          0     HAIL                       0
HEAVY SNOW                0     SNOW                       0
LIGHT SNOW                0     SLEET                      0
FOG                       2     FOG W/VIS <= 1/4 MILE      0
HAZE                      0

-  INDICATES NEGATIVE NUMBERS.
R  INDICATES RECORD WAS SET OR TIED.
MM INDICATES DATA IS MISSING.
T  INDICATES TRACE AMOUNT.

$$
