000
CXUS53 KLBF 011249
CLMLBF


CLIMATE REPORT
NATIONAL WEATHER SERVICE NORTH PLATTE
749 AM CDT WED OCT 1 2014

...................................

...THE NORTH PLATTE NE CLIMATE SUMMARY FOR THE MONTH OF SEPTEMBER 2014...

CLIMATE NORMAL PERIOD 1981 TO 2010
CLIMATE RECORD PERIOD 1874 TO 2014

WEATHER         OBSERVED          NORMAL  DEPART  LAST YEAR`S
                 VALUE   DATE(S)  VALUE   FROM    VALUE  DATE(S)
                                          NORMAL
................................................................
TEMPERATURE (F)
RECORD
 HIGH             105   09/05/1931
 LOW               17   09/29/1984
HIGHEST            93   09/19        95      -2      103  09/06
LOWEST             33   09/11        29       4       38  09/20
AVG. MAXIMUM     77.2              77.8    -0.6     81.7
AVG. MINIMUM     49.0              46.8     2.2     53.9
MEAN             63.1              62.3     0.8     67.8
DAYS MAX >= 90      2               4.0    -2.0        8
DAYS MAX <= 32      0               0.0     0.0        0
DAYS MIN <= 32      0               1.4    -1.4        0
DAYS MIN <= 0       0               0.0     0.0        0

PRECIPITATION (INCHES)
RECORD
 MAXIMUM         7.54   1942
 MINIMUM            T   1953
TOTALS           1.39              1.41   -0.02     5.08
DAILY AVG.       0.05              0.05    0.00     0.17
DAYS >= .01         9               7.0     2.0        9
DAYS >= .10         4               3.3     0.7        6
DAYS >= .50         0               0.8    -0.8        4
DAYS >= 1.00        0               0.2    -0.2        1
GREATEST
 24 HR. TOTAL    0.37   09/11 TO 09/12           09/15 TO 09/15
                                                          09/14 TO 09/15
                                                          09/15 TO 09/15

SNOWFALL (INCHES)
RECORDS
 TOTAL            3.1   1985
TOTALS              T               0.2    -0.2      0.0
SINCE 7/1           T               0.2    -0.2      0.0
SNOWDEPTH AVG.      0                MM      MM        0
DAYS >= 1.0         0               0.1    -0.1        0
GREATEST
 SNOW DEPTH         0   MM                             0  MM
 24 HR TOTAL        T   09/11 TO 09/12

DEGREE_DAYS
HEATING TOTAL     123               151     -28       70
 SINCE 7/1        140               171     -31       83
COOLING TOTAL      75                70       5      161
 SINCE 1/1        744               765     -21      998
......................................................

WIND (MPH)
AVERAGE WIND SPEED              8.2
HIGHEST WIND SPEED/DIRECTION    36/210    DATE  09/29
HIGHEST GUST SPEED/DIRECTION    44/200    DATE  09/29

SKY COVER
POSSIBLE SUNSHINE (PERCENT)   MM
AVERAGE SKY COVER           0.30
NUMBER OF DAYS FAIR           21
NUMBER OF DAYS PC              7
NUMBER OF DAYS CLOUDY          2

AVERAGE RH (PERCENT)     69

WEATHER CONDITIONS. NUMBER OF DAYS WITH
THUNDERSTORM              0     MIXED PRECIP               0
HEAVY RAIN                2     RAIN                       6
LIGHT RAIN                9     FREEZING RAIN              0
LT FREEZING RAIN          0     HAIL                       0
HEAVY SNOW                0     SNOW                       0
LIGHT SNOW                1     SLEET                      0
FOG                      17     FOG W/VIS <= 1/4 MILE      6
HAZE                      3

-  INDICATES NEGATIVE NUMBERS.
R  INDICATES RECORD WAS SET OR TIED.
MM INDICATES DATA IS MISSING.
T  INDICATES TRACE AMOUNT.

$$
