000
CXUS46 KLOX 250507
CLMLGB


CLIMATE REPORT
NATIONAL WEATHER SERVICE LOS ANGELES/OXNARD CA
907 PM PST TUE FEB 24 2015

...................................

...THE LONG BEACH AIRPORT CA CLIMATE SUMMARY FOR THE MONTH OF DECEMBER 2014...

CLIMATE NORMAL PERIOD 1981 TO 2010
CLIMATE RECORD PERIOD 1958 TO 2015

WEATHER         OBSERVED          NORMAL  DEPART  LAST YEAR`S
                 VALUE   DATE(S)  VALUE   FROM    VALUE
                                          NORMAL
.............................................................
TEMPERATURE (F)
HIGHEST            83   12/23
LOWEST             40   12/27
AVG. MAXIMUM     67.3              66.8     0.5
AVG. MINIMUM     50.7              45.8     4.9
MEAN             59.0              56.3     2.7
DAYS MAX >= 90      0
DAYS MAX <= 32      0
DAYS MIN <= 32      0
DAYS MIN <= 0       0

PRECIPITATION (INCHES)
TOTALS           4.41              1.95    2.46
DAILY AVG.       0.14
DAYS >= .01         8
DAYS >= .10         6
DAYS >= .50         4
DAYS >= 1.00        2
GREATEST
 24 HR. TOTAL    1.55   12/12 TO 12/13
 STORM TOTAL       MM
 (MM/DD(HH))

DEGREE_DAYS
HEATING TOTAL     182               271     -89      218
 SINCE 7/1        218               420    -202      313
COOLING TOTAL       5                 1       4       12
 SINCE 1/1       1707              1126     581     1239
..............................................................

WIND (MPH)
AVERAGE WIND SPEED              3.6
HIGHEST WIND SPEED/DIRECTION    28/270    DATE  12/17
HIGHEST GUST SPEED/DIRECTION    36/210    DATE  12/12

SKY COVER
POSSIBLE SUNSHINE (PERCENT)   MM
AVERAGE SKY COVER           0.30
NUMBER OF DAYS FAIR           21
NUMBER OF DAYS PC              4
NUMBER OF DAYS CLOUDY          6

AVERAGE RH (PERCENT)     70

WEATHER CONDITIONS. NUMBER OF DAYS WITH
THUNDERSTORM              0     MIXED PRECIP               0
HEAVY RAIN                5     RAIN                       6
LIGHT RAIN                7     FREEZING RAIN              0
LT FREEZING RAIN          0     HAIL                       0
HEAVY SNOW                0     SNOW                       0
LIGHT SNOW                0     SLEET                      0
FOG                      20     FOG W/VIS <= 1/4 MILE      2
HAZE                     12

-  INDICATES NEGATIVE NUMBERS.
R  INDICATES RECORD WAS SET OR TIED.
MM INDICATES DATA IS MISSING.
T  INDICATES TRACE AMOUNT.

$$
